{"id":1095,"date":"2024-01-25T19:11:12","date_gmt":"2024-01-25T19:11:12","guid":{"rendered":"https:\/\/livegood.network\/shop\/?post_type=product&#038;p=1095"},"modified":"2024-02-02T13:13:42","modified_gmt":"2024-02-02T13:13:42","slug":"international-wellness-pack-fr-fr","status":"publish","type":"product","link":"https:\/\/livegood.network\/shop\/fr-fr\/product\/international-wellness-pack-fr-fr\/","title":{"rendered":"Pack Bien-\u00eatre International"},"content":{"rendered":"<p><strong>Pack Bien-\u00eatre International<\/strong><\/p>\n<p>Recevez un lot de 6 des produits LiveGood les plus populaires dans un pack complet, le tout \u00e0 un prix abordable avec livraison gratuite.<\/p>\n<p>Ce pack comprend une unit\u00e9 de chacun des produits suivants\u00a0:<\/p>\n<p>\u2713 Multivitamines compl\u00e8tes bioactives \u2013 adapt\u00e9es aux hommes et aux femmes<\/p>\n<p>\u2713 Vitamine D3-K2 2000<\/p>\n<p>\u2713 Complexe Ultra Magn\u00e9sium<\/p>\n<p>\u2713 Super l\u00e9gumes verts biologiques<\/p>\n<p>\u2713 Super Rouges Bio<\/p>\n<p>\u2713 Facteur 4 anti-inflammatoire<\/p>\n<p><strong>\u2713 LIVRAISON GRATUITE<\/strong><\/p>\n<p>Attention : vous avez la possibilit\u00e9 de commander le Pack Bien-\u00eatre International s\u00e9par\u00e9ment ou avec d&#8217;autres produits.\u00a0Si vous le commandez seul, la livraison du pack bien-\u00eatre international est gratuite.\u00a0En cas de combinaison avec d&#8217;autres produits, des frais d&#8217;exp\u00e9dition standard s&#8217;appliqueront aux articles suppl\u00e9mentaires.\u00a0Pour les clients situ\u00e9s en dehors des \u00c9tats-Unis, le Pack Bien-\u00eatre International sera exp\u00e9di\u00e9 depuis notre entrep\u00f4t international en Allemagne, tandis que tous les autres produits seront exp\u00e9di\u00e9s depuis notre si\u00e8ge social en Floride, aux \u00c9tats-Unis.<\/p>\n<hr \/>\n<p><strong>COMMENT UTILISER:<\/strong><\/p>\n<p><strong>Multivitamine compl\u00e8te bio-active pour HOMMES et FEMMES<\/strong><\/p>\n<p>Prendre 2 g\u00e9lules par voie orale une fois par jour avec de la nourriture.<\/p>\n<p>Il est pr\u00e9f\u00e9rable de le prendre AVEC DE LA NOURRITURE pour une absorption optimale, notamment parce qu&#8217;il contient des vitamines liposolubles A, E, du lycop\u00e8ne et de la z\u00e9axanthine.\u00a0Les autres vitamines liposolubles essentielles, D et K, se trouvent dans notre LiveGood D3\/K2.<\/p>\n<p>Il est pr\u00e9f\u00e9rable de le prendre le matin en raison de la pr\u00e9sence de m\u00e9thylcobalamine (B-12 actif), qui peut fournir un regain d&#8217;\u00e9nergie, \u00e9vitant ainsi les impacts n\u00e9gatifs potentiels sur le sommeil.<\/p>\n<p>Il est pr\u00e9f\u00e9rable de le prendre TOUS LES JOURS, car il faut du temps pour \u00e9tablir un \u00e9quilibre de ces vitamines et min\u00e9raux importants dans le corps.<\/p>\n<p><strong>D3-K2 2000<\/strong><\/p>\n<p>Prendre 1 \u00e0 2 g\u00e9lules par jour par voie orale avec de la nourriture.<\/p>\n<p>Mieux pris AVEC DE LA NOURRITURE le MATIN.\u00a0Les vitamines D et K sont liposolubles et sont mieux absorb\u00e9es avec les aliments.\u00a0La consommation matinale est recommand\u00e9e car elle a un impact positif sur le cycle veille-sommeil et la production de m\u00e9latonine, s&#8217;alignant ainsi sur nos habitudes de r\u00e9veil ancestrales.<\/p>\n<p>Il est pr\u00e9f\u00e9rable de le prendre quotidiennement pour maintenir des taux sanguins constants.<\/p>\n<p>Conseil de pro\u00a0: pensez \u00e0 demander \u00e0 votre m\u00e9decin d&#8217;ajouter un test de taux de vitamine D \u00e0 votre prochaine analyse de sang.<\/p>\n<p><strong>Complexe Ultra-Magn\u00e9sium<\/strong><\/p>\n<p>Prendre 2 g\u00e9lules par jour par voie orale avec ou sans nourriture.<\/p>\n<p>Il est pr\u00e9f\u00e9rable de le prendre \u00e0 l&#8217;\u00e9cart des autres m\u00e9dicaments et vitamines d&#8217;au moins 2 heures.\u00a0Fractionner la dose est une routine privil\u00e9gi\u00e9e, avec 1 capsule l&#8217;apr\u00e8s-midi pour lutter contre le stress de fin de journ\u00e9e et l&#8217;autre avant le coucher pour soutenir le cycle de sommeil.\u00a0Alternativement, les deux g\u00e9lules peuvent \u00eatre prises 30 minutes avant le coucher.\u00a0En cas de maux d&#8217;estomac, prendre avec de la nourriture au d\u00e9jeuner ou au d\u00eener.<\/p>\n<p>Mieux vaut prendre TOUS LES JOURS.<\/p>\n<p><strong>Super l\u00e9gumes verts biologiques<\/strong><\/p>\n<p>M\u00e9langez 1 mesure dans de l&#8217;eau ou un smoothie AU MOINS une fois par jour.<\/p>\n<p>Obtenir vos l\u00e9gumes verts quotidiens est crucial\u00a0;\u00a0m\u00e9langez Organic Super Greens \u00e0 votre smoothie prot\u00e9in\u00e9 ou d\u00e9gustez-le avec de l&#8217;eau sur de la glace.\u00a0Pensez \u00e0 le remplacer par des boissons moins saines comme des sodas ou des jus.<\/p>\n<p>Conseil de pro\u00a0: remuez le contenu pendant la consommation, car il pourrait se d\u00e9poser s&#8217;il est laiss\u00e9.<\/p>\n<p><strong>Super Rouges Bio<\/strong><\/p>\n<p>M\u00e9langez 1 mesure dans de l&#8217;eau ou un smoothie AU MOINS une fois par jour.<\/p>\n<p>Profitez jusqu&#8217;\u00e0 2 portions de poudre rouge par jour pour ses nombreux bienfaits.\u00a0Les Super Reds biologiques, qui stimulent l&#8217;oxyde nitrique pour augmenter la circulation sanguine, constituent un excellent remontant avant l&#8217;entra\u00eenement ou l&#8217;apr\u00e8s-midi.\u00a0M\u00e9langez-le avec l&#8217;ar\u00f4me LiveGood Essential Aminos Fruit Punch pour une pompe ultime ou d\u00e9gustez-le avec de l&#8217;eau sur de la glace comme alternative plus saine au jus ou au soda.<\/p>\n<p><strong>Facteur 4 anti-inflammatoire<\/strong><\/p>\n<p>Prendre 1 g\u00e9lule par voie orale deux fois par jour avec de la nourriture, en augmentant selon la tol\u00e9rance.\u00a0La dose recommand\u00e9e de 2 g\u00e9lules par jour offre des avantages dans la gestion de l&#8217;inflammation.\u00a0Une dose plus \u00e9lev\u00e9e de 3 \u00e0 4 grammes d&#8217;EPA\/DHA, \u00e9quivalente \u00e0 6 \u00e0 8 g\u00e9lules par jour, offre des avantages suppl\u00e9mentaires en r\u00e9duisant les triglyc\u00e9rides.<\/p>\n<p>Les g\u00e9lules contiennent un m\u00e9lange d&#8217;huiles, donc avalez-les enti\u00e8res et ne les coupez pas et ne les m\u00e2chez pas.\u00a0Mieux vaut prendre TOUS LES JOURS.<\/p>\n<p>Conseil de pro\u00a0: r\u00e9frig\u00e9rez les g\u00e9lules si vous ressentez un arri\u00e8re-go\u00fbt de poisson ou des \u00e9ructations.<\/p>\n","protected":false},"excerpt":{"rendered":"<p><img decoding=\"async\" class=\"emoji\" role=\"img\" draggable=\"false\" src=\"https:\/\/s.w.org\/images\/core\/emoji\/14.0.0\/svg\/1f49a.svg\" alt=\"LiveGooD Heart\" \/> Multi-Vitamine Compl\u00e8te Bio-Active Pour Homme ou Femme<br \/>\n<img decoding=\"async\" class=\"emoji\" role=\"img\" draggable=\"false\" src=\"https:\/\/s.w.org\/images\/core\/emoji\/14.0.0\/svg\/1f49a.svg\" alt=\"LiveGooD Heart\" \/> D3-K2<br \/>\n<img decoding=\"async\" class=\"emoji\" role=\"img\" draggable=\"false\" src=\"https:\/\/s.w.org\/images\/core\/emoji\/14.0.0\/svg\/1f49a.svg\" alt=\"LiveGooD Heart\" \/> Complexe Ultra Magn\u00e9sium<br \/>\n<img decoding=\"async\" class=\"emoji\" role=\"img\" draggable=\"false\" src=\"https:\/\/s.w.org\/images\/core\/emoji\/14.0.0\/svg\/1f49a.svg\" alt=\"LiveGooD Heart\" \/> Super l\u00e9gumes verts biologiques<br \/>\n<img decoding=\"async\" class=\"emoji\" role=\"img\" draggable=\"false\" src=\"https:\/\/s.w.org\/images\/core\/emoji\/14.0.0\/svg\/1f49a.svg\" alt=\"LiveGooD Heart\" \/> Super Rouges Bio<br \/>\n<img decoding=\"async\" class=\"emoji\" role=\"img\" draggable=\"false\" src=\"https:\/\/s.w.org\/images\/core\/emoji\/14.0.0\/svg\/1f49a.svg\" alt=\"LiveGooD Heart\" \/> Facteur 4 Anti-Inflammatoire<br \/>\n<span style=\"color: #339966;\"><strong><img decoding=\"async\" class=\"emoji\" role=\"img\" draggable=\"false\" src=\"https:\/\/s.w.org\/images\/core\/emoji\/14.0.0\/svg\/1f49a.svg\" alt=\"LiveGooD Heart\" \/> Livraison gratuite<\/strong><\/span><\/p>\n","protected":false},"featured_media":295,"comment_status":"open","ping_status":"closed","template":"","meta":[],"product_brand":[],"product_cat":[207,215,238],"product_tag":[],"class_list":{"0":"post-1095","1":"product","2":"type-product","3":"status-publish","4":"has-post-thumbnail","6":"product_cat-product-packages-fr-fr","7":"product_cat-supplements-fr-fr","8":"product_cat-vitamin-fr-fr","10":"first","11":"instock","12":"sale","13":"shipping-taxable","14":"product-type-external"},"yoast_head":"<!-- This site is optimized with the Yoast SEO Premium plugin v20.6 (Yoast SEO v21.8.1) - https:\/\/yoast.com\/wordpress\/plugins\/seo\/ -->\n<title>Pack Bien-\u00eatre International - LiveGooD Shop<\/title>\n<meta name=\"robots\" content=\"index, follow, max-snippet:-1, max-image-preview:large, max-video-preview:-1\" \/>\n<link rel=\"canonical\" href=\"https:\/\/livegood.network\/shop\/fr-fr\/product\/international-wellness-pack-fr-fr\/\" \/>\n<meta property=\"og:locale\" content=\"en_US\" \/>\n<meta property=\"og:type\" content=\"article\" \/>\n<meta property=\"og:title\" content=\"Pack Bien-\u00eatre International\" \/>\n<meta property=\"og:description\" content=\"Multi-Vitamine Compl\u00e8te Bio-Active Pour Homme ou Femme  D3-K2  Complexe Ultra Magn\u00e9sium  Super l\u00e9gumes verts biologiques  Super Rouges Bio  Facteur 4 Anti-Inflammatoire  Livraison gratuite\" \/>\n<meta property=\"og:url\" content=\"https:\/\/livegood.network\/shop\/fr-fr\/product\/international-wellness-pack-fr-fr\/\" \/>\n<meta property=\"article:publisher\" content=\"https:\/\/www.facebook.com\/livegoodhello\" \/>\n<meta property=\"article:modified_time\" content=\"2024-02-02T13:13:42+00:00\" \/>\n<meta property=\"og:image\" content=\"https:\/\/livegood.network\/shop\/wp-content\/uploads\/2024\/01\/international-wellness-pack-tile-livegood.png\" \/>\n\t<meta property=\"og:image:width\" content=\"1000\" \/>\n\t<meta property=\"og:image:height\" content=\"600\" \/>\n\t<meta property=\"og:image:type\" content=\"image\/png\" \/>\n<meta name=\"twitter:card\" content=\"summary_large_image\" \/>\n<meta name=\"twitter:label1\" content=\"Est. reading time\" \/>\n\t<meta name=\"twitter:data1\" content=\"4 minutes\" \/>\n<script type=\"application\/ld+json\" class=\"yoast-schema-graph\">{\"@context\":\"https:\/\/schema.org\",\"@graph\":[{\"@type\":\"WebPage\",\"@id\":\"https:\/\/livegood.network\/shop\/fr-fr\/product\/international-wellness-pack-fr-fr\/\",\"url\":\"https:\/\/livegood.network\/shop\/fr-fr\/product\/international-wellness-pack-fr-fr\/\",\"name\":\"Pack Bien-\u00eatre International - LiveGooD Shop\",\"isPartOf\":{\"@id\":\"https:\/\/livegood.network\/shop\/#website\"},\"datePublished\":\"2024-01-25T19:11:12+00:00\",\"dateModified\":\"2024-02-02T13:13:42+00:00\",\"breadcrumb\":{\"@id\":\"https:\/\/livegood.network\/shop\/fr-fr\/product\/international-wellness-pack-fr-fr\/#breadcrumb\"},\"inLanguage\":\"en-US\",\"potentialAction\":[{\"@type\":\"ReadAction\",\"target\":[\"https:\/\/livegood.network\/shop\/fr-fr\/product\/international-wellness-pack-fr-fr\/\"]}]},{\"@type\":\"BreadcrumbList\",\"@id\":\"https:\/\/livegood.network\/shop\/fr-fr\/product\/international-wellness-pack-fr-fr\/#breadcrumb\",\"itemListElement\":[{\"@type\":\"ListItem\",\"position\":1,\"name\":\"Home\",\"item\":\"https:\/\/livegood.network\/shop\/pt-br\/\"},{\"@type\":\"ListItem\",\"position\":2,\"name\":\"Shop\",\"item\":\"https:\/\/livegood.network\/shop\/shop\/\"},{\"@type\":\"ListItem\",\"position\":3,\"name\":\"Pack Bien-\u00eatre International\"}]},{\"@type\":\"WebSite\",\"@id\":\"https:\/\/livegood.network\/shop\/#website\",\"url\":\"https:\/\/livegood.network\/shop\/\",\"name\":\"LiveGooD Shop\",\"description\":\"\",\"publisher\":{\"@id\":\"https:\/\/livegood.network\/shop\/#organization\"},\"potentialAction\":[{\"@type\":\"SearchAction\",\"target\":{\"@type\":\"EntryPoint\",\"urlTemplate\":\"https:\/\/livegood.network\/shop\/?s={search_term_string}\"},\"query-input\":\"required name=search_term_string\"}],\"inLanguage\":\"en-US\"},{\"@type\":\"Organization\",\"@id\":\"https:\/\/livegood.network\/shop\/#organization\",\"name\":\"LiveGooD\",\"url\":\"https:\/\/livegood.network\/shop\/\",\"logo\":{\"@type\":\"ImageObject\",\"inLanguage\":\"en-US\",\"@id\":\"https:\/\/livegood.network\/shop\/#\/schema\/logo\/image\/\",\"url\":\"https:\/\/livegood.network\/shop\/wp-content\/uploads\/2024\/01\/logo-livegood-shop-main.png\",\"contentUrl\":\"https:\/\/livegood.network\/shop\/wp-content\/uploads\/2024\/01\/logo-livegood-shop-main.png\",\"width\":373,\"height\":115,\"caption\":\"LiveGooD\"},\"image\":{\"@id\":\"https:\/\/livegood.network\/shop\/#\/schema\/logo\/image\/\"},\"sameAs\":[\"https:\/\/www.facebook.com\/livegoodhello\"]}]}<\/script>\n<!-- \/ Yoast SEO Premium plugin. -->","yoast_head_json":{"title":"Pack Bien-\u00eatre International - LiveGooD Shop","robots":{"index":"index","follow":"follow","max-snippet":"max-snippet:-1","max-image-preview":"max-image-preview:large","max-video-preview":"max-video-preview:-1"},"canonical":"https:\/\/livegood.network\/shop\/fr-fr\/product\/international-wellness-pack-fr-fr\/","og_locale":"en_US","og_type":"article","og_title":"Pack Bien-\u00eatre International","og_description":"Multi-Vitamine Compl\u00e8te Bio-Active Pour Homme ou Femme  D3-K2  Complexe Ultra Magn\u00e9sium  Super l\u00e9gumes verts biologiques  Super Rouges Bio  Facteur 4 Anti-Inflammatoire  Livraison gratuite","og_url":"https:\/\/livegood.network\/shop\/fr-fr\/product\/international-wellness-pack-fr-fr\/","article_publisher":"https:\/\/www.facebook.com\/livegoodhello","article_modified_time":"2024-02-02T13:13:42+00:00","og_image":[{"width":1000,"height":600,"url":"https:\/\/livegood.network\/shop\/wp-content\/uploads\/2024\/01\/international-wellness-pack-tile-livegood.png","type":"image\/png"}],"twitter_card":"summary_large_image","twitter_misc":{"Est. reading time":"4 minutes"},"schema":{"@context":"https:\/\/schema.org","@graph":[{"@type":"WebPage","@id":"https:\/\/livegood.network\/shop\/fr-fr\/product\/international-wellness-pack-fr-fr\/","url":"https:\/\/livegood.network\/shop\/fr-fr\/product\/international-wellness-pack-fr-fr\/","name":"Pack Bien-\u00eatre International - LiveGooD Shop","isPartOf":{"@id":"https:\/\/livegood.network\/shop\/#website"},"datePublished":"2024-01-25T19:11:12+00:00","dateModified":"2024-02-02T13:13:42+00:00","breadcrumb":{"@id":"https:\/\/livegood.network\/shop\/fr-fr\/product\/international-wellness-pack-fr-fr\/#breadcrumb"},"inLanguage":"en-US","potentialAction":[{"@type":"ReadAction","target":["https:\/\/livegood.network\/shop\/fr-fr\/product\/international-wellness-pack-fr-fr\/"]}]},{"@type":"BreadcrumbList","@id":"https:\/\/livegood.network\/shop\/fr-fr\/product\/international-wellness-pack-fr-fr\/#breadcrumb","itemListElement":[{"@type":"ListItem","position":1,"name":"Home","item":"https:\/\/livegood.network\/shop\/pt-br\/"},{"@type":"ListItem","position":2,"name":"Shop","item":"https:\/\/livegood.network\/shop\/shop\/"},{"@type":"ListItem","position":3,"name":"Pack Bien-\u00eatre International"}]},{"@type":"WebSite","@id":"https:\/\/livegood.network\/shop\/#website","url":"https:\/\/livegood.network\/shop\/","name":"LiveGooD Shop","description":"","publisher":{"@id":"https:\/\/livegood.network\/shop\/#organization"},"potentialAction":[{"@type":"SearchAction","target":{"@type":"EntryPoint","urlTemplate":"https:\/\/livegood.network\/shop\/?s={search_term_string}"},"query-input":"required name=search_term_string"}],"inLanguage":"en-US"},{"@type":"Organization","@id":"https:\/\/livegood.network\/shop\/#organization","name":"LiveGooD","url":"https:\/\/livegood.network\/shop\/","logo":{"@type":"ImageObject","inLanguage":"en-US","@id":"https:\/\/livegood.network\/shop\/#\/schema\/logo\/image\/","url":"https:\/\/livegood.network\/shop\/wp-content\/uploads\/2024\/01\/logo-livegood-shop-main.png","contentUrl":"https:\/\/livegood.network\/shop\/wp-content\/uploads\/2024\/01\/logo-livegood-shop-main.png","width":373,"height":115,"caption":"LiveGooD"},"image":{"@id":"https:\/\/livegood.network\/shop\/#\/schema\/logo\/image\/"},"sameAs":["https:\/\/www.facebook.com\/livegoodhello"]}]}},"lang":"fr-fr","translations":{"fr-fr":1095,"pt-br":1107,"pt-pt":1097,"en-us":294,"es-es":1096,"vi":1098,"ru-ru":1099,"ko":1100},"pll_sync_post":[],"_links":{"self":[{"href":"https:\/\/livegood.network\/shop\/wp-json\/wp\/v2\/product\/1095","targetHints":{"allow":["GET"]}}],"collection":[{"href":"https:\/\/livegood.network\/shop\/wp-json\/wp\/v2\/product"}],"about":[{"href":"https:\/\/livegood.network\/shop\/wp-json\/wp\/v2\/types\/product"}],"replies":[{"embeddable":true,"href":"https:\/\/livegood.network\/shop\/wp-json\/wp\/v2\/comments?post=1095"}],"version-history":[{"count":1,"href":"https:\/\/livegood.network\/shop\/wp-json\/wp\/v2\/product\/1095\/revisions"}],"predecessor-version":[{"id":1520,"href":"https:\/\/livegood.network\/shop\/wp-json\/wp\/v2\/product\/1095\/revisions\/1520"}],"wp:featuredmedia":[{"embeddable":true,"href":"https:\/\/livegood.network\/shop\/wp-json\/wp\/v2\/media\/295"}],"wp:attachment":[{"href":"https:\/\/livegood.network\/shop\/wp-json\/wp\/v2\/media?parent=1095"}],"wp:term":[{"taxonomy":"product_brand","embeddable":true,"href":"https:\/\/livegood.network\/shop\/wp-json\/wp\/v2\/product_brand?post=1095"},{"taxonomy":"product_cat","embeddable":true,"href":"https:\/\/livegood.network\/shop\/wp-json\/wp\/v2\/product_cat?post=1095"},{"taxonomy":"product_tag","embeddable":true,"href":"https:\/\/livegood.network\/shop\/wp-json\/wp\/v2\/product_tag?post=1095"}],"curies":[{"name":"wp","href":"https:\/\/api.w.org\/{rel}","templated":true}]}}