{"id":1109,"date":"2024-01-25T19:54:18","date_gmt":"2024-01-25T19:54:18","guid":{"rendered":"https:\/\/livegood.network\/shop\/?post_type=product&#038;p=1109"},"modified":"2024-02-02T12:51:15","modified_gmt":"2024-02-02T12:51:15","slug":"livegood-hats-fr-fr","status":"publish","type":"product","link":"https:\/\/livegood.network\/shop\/fr-fr\/product\/livegood-hats-fr-fr\/","title":{"rendered":"LiveGood Casquette"},"content":{"rendered":"<p><strong>Casquettes institutionnelles LiveGood \u2013 Montrez votre d\u00e9vouement avec style\u00a0!<\/strong><\/p>\n<p>Bonjour client !<\/p>\n<p><em>Nous sommes ravis de vous pr\u00e9senter le dernier ajout \u00e0 la gamme de produits LiveGood\u00a0: les Institutional Caps\u00a0!\u00a0Con\u00e7ues pour les vrais passionn\u00e9s de la marque, ces casquettes sont plus qu&#8217;un simple accessoire.\u00a0Ils sont une d\u00e9claration de votre d\u00e9vouement et de votre admiration pour la philosophie LiveGood.<\/em><\/p>\n<p><strong>Pourquoi choisir le Cap Institutionnel LiveGood ?<\/strong><\/p>\n<ol>\n<li><strong>D\u00e9votion cors\u00e9e :<\/strong>\u00a0\u00a0Chaque point, chaque d\u00e9tail des casquettes est cr\u00e9\u00e9 dans le but de refl\u00e9ter le d\u00e9vouement \u00e0 la qualit\u00e9 de vie et au bien-\u00eatre, piliers essentiels de la marque.<\/li>\n<li><strong>Style in\u00e9gal\u00e9 :<\/strong>\u00a0\u00a0avec un design moderne et un logo LiveGood brod\u00e9 de haute qualit\u00e9, la casquette est une expression \u00e9l\u00e9gante de votre engagement envers un mode de vie sain.<\/li>\n<li><strong>Confort in\u00e9gal\u00e9 :<\/strong>\u00a0\u00a0fabriqu\u00e9e avec des mat\u00e9riaux de qualit\u00e9 sup\u00e9rieure, la casquette offre un ajustement confortable et respirant, parfait pour vos loisirs, votre sport ou m\u00eame pendant votre routine quotidienne.<\/li>\n<\/ol>\n<p><strong>Que dit votre casquette sur vous ?<\/strong><\/p>\n<p>En choisissant la LiveGood Institutional Cap, vous n\u2019achetez pas seulement un accessoire.\u00a0Vous faites une d\u00e9claration audacieuse \u2013 une d\u00e9claration selon laquelle votre qu\u00eate d\u2019une vie pleine et saine est quelque chose que vous appr\u00e9ciez profond\u00e9ment.<\/p>\n<blockquote>\n<h5>En portant la LiveGood Institutional Cap, vous ne portez pas seulement un accessoire, vous faites partie d&#8217;une communaut\u00e9 d\u00e9di\u00e9e \u00e0 la recherche constante du bien-\u00eatre.\u00a0Faites partie de ce voyage avec nous\u00a0!<\/h5>\n<\/blockquote>\n<p><em><strong>Rejoignez-nous, vivez bien, vivez LiveGood\u00a0!<\/strong><\/em><\/p>\n","protected":false},"excerpt":{"rendered":"<p><img decoding=\"async\" class=\"emoji\" role=\"img\" draggable=\"false\" src=\"https:\/\/s.w.org\/images\/core\/emoji\/14.0.0\/svg\/1f49a.svg\" alt=\"????\" \/> Diff\u00e9rents mod\u00e8les<br \/>\n<img decoding=\"async\" class=\"emoji\" role=\"img\" draggable=\"false\" src=\"https:\/\/s.w.org\/images\/core\/emoji\/14.0.0\/svg\/1f49a.svg\" alt=\"????\" \/> Montrez votre amour \u00e0 LiveGooD !<\/p>\n","protected":false},"featured_media":304,"comment_status":"open","ping_status":"closed","template":"","meta":[],"product_brand":[],"product_cat":[144],"product_tag":[],"class_list":{"0":"post-1109","1":"product","2":"type-product","3":"status-publish","4":"has-post-thumbnail","6":"product_cat-accessories-fr-fr","8":"first","9":"instock","10":"shipping-taxable","11":"product-type-external"},"yoast_head":"<!-- This site is optimized with the Yoast SEO Premium plugin v20.6 (Yoast SEO v21.8.1) - https:\/\/yoast.com\/wordpress\/plugins\/seo\/ -->\n<title>LiveGood Casquette - LiveGooD Shop<\/title>\n<meta name=\"robots\" content=\"index, follow, max-snippet:-1, max-image-preview:large, max-video-preview:-1\" \/>\n<link rel=\"canonical\" href=\"https:\/\/livegood.network\/shop\/fr-fr\/product\/livegood-hats-fr-fr\/\" \/>\n<meta property=\"og:locale\" content=\"en_US\" \/>\n<meta property=\"og:type\" content=\"article\" \/>\n<meta property=\"og:title\" content=\"LiveGood Casquette\" \/>\n<meta property=\"og:description\" content=\"Diff\u00e9rents mod\u00e8les  Montrez votre amour \u00e0 LiveGooD !\" \/>\n<meta property=\"og:url\" content=\"https:\/\/livegood.network\/shop\/fr-fr\/product\/livegood-hats-fr-fr\/\" \/>\n<meta property=\"article:publisher\" content=\"https:\/\/www.facebook.com\/livegoodhello\" \/>\n<meta property=\"article:modified_time\" content=\"2024-02-02T12:51:15+00:00\" \/>\n<meta property=\"og:image\" content=\"https:\/\/livegood.network\/shop\/wp-content\/uploads\/2024\/01\/hats-caps-livegood.png\" \/>\n\t<meta property=\"og:image:width\" content=\"850\" \/>\n\t<meta property=\"og:image:height\" content=\"850\" \/>\n\t<meta property=\"og:image:type\" content=\"image\/png\" \/>\n<meta name=\"twitter:card\" content=\"summary_large_image\" \/>\n<meta name=\"twitter:label1\" content=\"Est. reading time\" \/>\n\t<meta name=\"twitter:data1\" content=\"2 minutes\" \/>\n<script type=\"application\/ld+json\" class=\"yoast-schema-graph\">{\"@context\":\"https:\/\/schema.org\",\"@graph\":[{\"@type\":\"WebPage\",\"@id\":\"https:\/\/livegood.network\/shop\/fr-fr\/product\/livegood-hats-fr-fr\/\",\"url\":\"https:\/\/livegood.network\/shop\/fr-fr\/product\/livegood-hats-fr-fr\/\",\"name\":\"LiveGood Casquette - LiveGooD Shop\",\"isPartOf\":{\"@id\":\"https:\/\/livegood.network\/shop\/#website\"},\"datePublished\":\"2024-01-25T19:54:18+00:00\",\"dateModified\":\"2024-02-02T12:51:15+00:00\",\"breadcrumb\":{\"@id\":\"https:\/\/livegood.network\/shop\/fr-fr\/product\/livegood-hats-fr-fr\/#breadcrumb\"},\"inLanguage\":\"en-US\",\"potentialAction\":[{\"@type\":\"ReadAction\",\"target\":[\"https:\/\/livegood.network\/shop\/fr-fr\/product\/livegood-hats-fr-fr\/\"]}]},{\"@type\":\"BreadcrumbList\",\"@id\":\"https:\/\/livegood.network\/shop\/fr-fr\/product\/livegood-hats-fr-fr\/#breadcrumb\",\"itemListElement\":[{\"@type\":\"ListItem\",\"position\":1,\"name\":\"Home\",\"item\":\"https:\/\/livegood.network\/shop\/pt-br\/\"},{\"@type\":\"ListItem\",\"position\":2,\"name\":\"Shop\",\"item\":\"https:\/\/livegood.network\/shop\/shop\/\"},{\"@type\":\"ListItem\",\"position\":3,\"name\":\"LiveGood Casquette\"}]},{\"@type\":\"WebSite\",\"@id\":\"https:\/\/livegood.network\/shop\/#website\",\"url\":\"https:\/\/livegood.network\/shop\/\",\"name\":\"LiveGooD Shop\",\"description\":\"\",\"publisher\":{\"@id\":\"https:\/\/livegood.network\/shop\/#organization\"},\"potentialAction\":[{\"@type\":\"SearchAction\",\"target\":{\"@type\":\"EntryPoint\",\"urlTemplate\":\"https:\/\/livegood.network\/shop\/?s={search_term_string}\"},\"query-input\":\"required name=search_term_string\"}],\"inLanguage\":\"en-US\"},{\"@type\":\"Organization\",\"@id\":\"https:\/\/livegood.network\/shop\/#organization\",\"name\":\"LiveGooD\",\"url\":\"https:\/\/livegood.network\/shop\/\",\"logo\":{\"@type\":\"ImageObject\",\"inLanguage\":\"en-US\",\"@id\":\"https:\/\/livegood.network\/shop\/#\/schema\/logo\/image\/\",\"url\":\"https:\/\/livegood.network\/shop\/wp-content\/uploads\/2024\/01\/logo-livegood-shop-main.png\",\"contentUrl\":\"https:\/\/livegood.network\/shop\/wp-content\/uploads\/2024\/01\/logo-livegood-shop-main.png\",\"width\":373,\"height\":115,\"caption\":\"LiveGooD\"},\"image\":{\"@id\":\"https:\/\/livegood.network\/shop\/#\/schema\/logo\/image\/\"},\"sameAs\":[\"https:\/\/www.facebook.com\/livegoodhello\"]}]}<\/script>\n<!-- \/ Yoast SEO Premium plugin. -->","yoast_head_json":{"title":"LiveGood Casquette - LiveGooD Shop","robots":{"index":"index","follow":"follow","max-snippet":"max-snippet:-1","max-image-preview":"max-image-preview:large","max-video-preview":"max-video-preview:-1"},"canonical":"https:\/\/livegood.network\/shop\/fr-fr\/product\/livegood-hats-fr-fr\/","og_locale":"en_US","og_type":"article","og_title":"LiveGood Casquette","og_description":"Diff\u00e9rents mod\u00e8les  Montrez votre amour \u00e0 LiveGooD !","og_url":"https:\/\/livegood.network\/shop\/fr-fr\/product\/livegood-hats-fr-fr\/","article_publisher":"https:\/\/www.facebook.com\/livegoodhello","article_modified_time":"2024-02-02T12:51:15+00:00","og_image":[{"width":850,"height":850,"url":"https:\/\/livegood.network\/shop\/wp-content\/uploads\/2024\/01\/hats-caps-livegood.png","type":"image\/png"}],"twitter_card":"summary_large_image","twitter_misc":{"Est. reading time":"2 minutes"},"schema":{"@context":"https:\/\/schema.org","@graph":[{"@type":"WebPage","@id":"https:\/\/livegood.network\/shop\/fr-fr\/product\/livegood-hats-fr-fr\/","url":"https:\/\/livegood.network\/shop\/fr-fr\/product\/livegood-hats-fr-fr\/","name":"LiveGood Casquette - LiveGooD Shop","isPartOf":{"@id":"https:\/\/livegood.network\/shop\/#website"},"datePublished":"2024-01-25T19:54:18+00:00","dateModified":"2024-02-02T12:51:15+00:00","breadcrumb":{"@id":"https:\/\/livegood.network\/shop\/fr-fr\/product\/livegood-hats-fr-fr\/#breadcrumb"},"inLanguage":"en-US","potentialAction":[{"@type":"ReadAction","target":["https:\/\/livegood.network\/shop\/fr-fr\/product\/livegood-hats-fr-fr\/"]}]},{"@type":"BreadcrumbList","@id":"https:\/\/livegood.network\/shop\/fr-fr\/product\/livegood-hats-fr-fr\/#breadcrumb","itemListElement":[{"@type":"ListItem","position":1,"name":"Home","item":"https:\/\/livegood.network\/shop\/pt-br\/"},{"@type":"ListItem","position":2,"name":"Shop","item":"https:\/\/livegood.network\/shop\/shop\/"},{"@type":"ListItem","position":3,"name":"LiveGood Casquette"}]},{"@type":"WebSite","@id":"https:\/\/livegood.network\/shop\/#website","url":"https:\/\/livegood.network\/shop\/","name":"LiveGooD Shop","description":"","publisher":{"@id":"https:\/\/livegood.network\/shop\/#organization"},"potentialAction":[{"@type":"SearchAction","target":{"@type":"EntryPoint","urlTemplate":"https:\/\/livegood.network\/shop\/?s={search_term_string}"},"query-input":"required name=search_term_string"}],"inLanguage":"en-US"},{"@type":"Organization","@id":"https:\/\/livegood.network\/shop\/#organization","name":"LiveGooD","url":"https:\/\/livegood.network\/shop\/","logo":{"@type":"ImageObject","inLanguage":"en-US","@id":"https:\/\/livegood.network\/shop\/#\/schema\/logo\/image\/","url":"https:\/\/livegood.network\/shop\/wp-content\/uploads\/2024\/01\/logo-livegood-shop-main.png","contentUrl":"https:\/\/livegood.network\/shop\/wp-content\/uploads\/2024\/01\/logo-livegood-shop-main.png","width":373,"height":115,"caption":"LiveGooD"},"image":{"@id":"https:\/\/livegood.network\/shop\/#\/schema\/logo\/image\/"},"sameAs":["https:\/\/www.facebook.com\/livegoodhello"]}]}},"lang":"fr-fr","translations":{"fr-fr":1109,"pt-br":1121,"pt-pt":1111,"en-us":303,"es-es":1110,"vi":1112,"ru-ru":1113,"ko":1114},"pll_sync_post":[],"_links":{"self":[{"href":"https:\/\/livegood.network\/shop\/wp-json\/wp\/v2\/product\/1109","targetHints":{"allow":["GET"]}}],"collection":[{"href":"https:\/\/livegood.network\/shop\/wp-json\/wp\/v2\/product"}],"about":[{"href":"https:\/\/livegood.network\/shop\/wp-json\/wp\/v2\/types\/product"}],"replies":[{"embeddable":true,"href":"https:\/\/livegood.network\/shop\/wp-json\/wp\/v2\/comments?post=1109"}],"version-history":[{"count":1,"href":"https:\/\/livegood.network\/shop\/wp-json\/wp\/v2\/product\/1109\/revisions"}],"predecessor-version":[{"id":1487,"href":"https:\/\/livegood.network\/shop\/wp-json\/wp\/v2\/product\/1109\/revisions\/1487"}],"wp:featuredmedia":[{"embeddable":true,"href":"https:\/\/livegood.network\/shop\/wp-json\/wp\/v2\/media\/304"}],"wp:attachment":[{"href":"https:\/\/livegood.network\/shop\/wp-json\/wp\/v2\/media?parent=1109"}],"wp:term":[{"taxonomy":"product_brand","embeddable":true,"href":"https:\/\/livegood.network\/shop\/wp-json\/wp\/v2\/product_brand?post=1109"},{"taxonomy":"product_cat","embeddable":true,"href":"https:\/\/livegood.network\/shop\/wp-json\/wp\/v2\/product_cat?post=1109"},{"taxonomy":"product_tag","embeddable":true,"href":"https:\/\/livegood.network\/shop\/wp-json\/wp\/v2\/product_tag?post=1109"}],"curies":[{"name":"wp","href":"https:\/\/api.w.org\/{rel}","templated":true}]}}