{"id":1110,"date":"2024-01-25T19:52:33","date_gmt":"2024-01-25T19:52:33","guid":{"rendered":"https:\/\/livegood.network\/shop\/?post_type=product&#038;p=1110"},"modified":"2024-02-02T12:51:12","modified_gmt":"2024-02-02T12:51:12","slug":"livegood-hats-es-es","status":"publish","type":"product","link":"https:\/\/livegood.network\/shop\/es-es\/product\/livegood-hats-es-es\/","title":{"rendered":"LiveGood Gorras"},"content":{"rendered":"<p><strong>Gorras institucionales LiveGood: \u00a1muestre su devoci\u00f3n con estilo!<\/strong><\/p>\n<p>\u00a1Hola cliente!<\/p>\n<p><em>Nos complace presentar la \u00faltima incorporaci\u00f3n a la l\u00ednea de productos LiveGood: \u00a1las gorras institucionales!\u00a0Dise\u00f1adas para verdaderos devotos de la marca, estas gorras son m\u00e1s que un simple accesorio.\u00a0Son una declaraci\u00f3n de tu devoci\u00f3n y admiraci\u00f3n por la filosof\u00eda LiveGood.<\/em><\/p>\n<p><strong>\u00bfPor qu\u00e9 elegir la gorra institucional LiveGood?<\/strong><\/p>\n<ol>\n<li><strong>Devoci\u00f3n con cuerpo:<\/strong>\u00a0\u00a0Cada puntada, cada detalle de las gorras est\u00e1 creado con el objetivo de reflejar la devoci\u00f3n por la calidad de vida y el bienestar, pilares esenciales de la marca.<\/li>\n<li><strong>Estilo inigualable:<\/strong>\u00a0\u00a0con un dise\u00f1o moderno y el logotipo LiveGood bordado de alta calidad, la gorra es una expresi\u00f3n elegante de su compromiso con un estilo de vida saludable.<\/li>\n<li><strong>Comodidad incomparable:<\/strong>\u00a0\u00a0Fabricada con materiales de primera calidad, la gorra proporciona un ajuste c\u00f3modo y transpirable, perfecto para tu tiempo libre, deportes o incluso durante tu rutina diaria.<\/li>\n<\/ol>\n<p><strong>\u00bfQu\u00e9 dice tu gorra sobre ti?<\/strong><\/p>\n<p>Al elegir la gorra institucional LiveGood, no est\u00e1s comprando solo un accesorio.\u00a0Est\u00e1 haciendo una declaraci\u00f3n audaz: una declaraci\u00f3n de que su b\u00fasqueda de una vida plena y saludable es algo que valora profundamente.<\/p>\n<blockquote>\n<h5>Al usar la Gorra Institucional LiveGood no est\u00e1s usando solo un accesorio, eres parte de una comunidad dedicada a la b\u00fasqueda constante del bienestar.\u00a0\u00a1S\u00e9 parte de este viaje con nosotros!<\/h5>\n<\/blockquote>\n<p><em><strong>\u00a1\u00danase a nosotros, viva bien, viva LiveGood!<\/strong><\/em><\/p>\n","protected":false},"excerpt":{"rendered":"<p><img decoding=\"async\" class=\"emoji\" role=\"img\" draggable=\"false\" src=\"https:\/\/s.w.org\/images\/core\/emoji\/14.0.0\/svg\/1f49a.svg\" alt=\"????\" \/> Varios modelos<br \/>\n<img decoding=\"async\" class=\"emoji\" role=\"img\" draggable=\"false\" src=\"https:\/\/s.w.org\/images\/core\/emoji\/14.0.0\/svg\/1f49a.svg\" alt=\"????\" \/> \u00a1Muestre amor por LiveGooD!<\/p>\n","protected":false},"featured_media":304,"comment_status":"open","ping_status":"closed","template":"","meta":[],"product_brand":[],"product_cat":[146],"product_tag":[],"class_list":{"0":"post-1110","1":"product","2":"type-product","3":"status-publish","4":"has-post-thumbnail","6":"product_cat-accessories-es-es","8":"first","9":"instock","10":"shipping-taxable","11":"product-type-external"},"yoast_head":"<!-- This site is optimized with the Yoast SEO Premium plugin v20.6 (Yoast SEO v21.8.1) - https:\/\/yoast.com\/wordpress\/plugins\/seo\/ -->\n<title>LiveGood Gorras - LiveGooD Shop<\/title>\n<meta name=\"robots\" content=\"index, follow, max-snippet:-1, max-image-preview:large, max-video-preview:-1\" \/>\n<link rel=\"canonical\" href=\"https:\/\/livegood.network\/shop\/es-es\/product\/livegood-hats-es-es\/\" \/>\n<meta property=\"og:locale\" content=\"en_US\" \/>\n<meta property=\"og:type\" content=\"article\" \/>\n<meta property=\"og:title\" content=\"LiveGood Gorras\" \/>\n<meta property=\"og:description\" content=\"Varios modelos  \u00a1Muestre amor por LiveGooD!\" \/>\n<meta property=\"og:url\" content=\"https:\/\/livegood.network\/shop\/es-es\/product\/livegood-hats-es-es\/\" \/>\n<meta property=\"article:publisher\" content=\"https:\/\/www.facebook.com\/livegoodhello\" \/>\n<meta property=\"article:modified_time\" content=\"2024-02-02T12:51:12+00:00\" \/>\n<meta property=\"og:image\" content=\"https:\/\/livegood.network\/shop\/wp-content\/uploads\/2024\/01\/hats-caps-livegood.png\" \/>\n\t<meta property=\"og:image:width\" content=\"850\" \/>\n\t<meta property=\"og:image:height\" content=\"850\" \/>\n\t<meta property=\"og:image:type\" content=\"image\/png\" \/>\n<meta name=\"twitter:card\" content=\"summary_large_image\" \/>\n<meta name=\"twitter:label1\" content=\"Est. reading time\" \/>\n\t<meta name=\"twitter:data1\" content=\"2 minutes\" \/>\n<script type=\"application\/ld+json\" class=\"yoast-schema-graph\">{\"@context\":\"https:\/\/schema.org\",\"@graph\":[{\"@type\":\"WebPage\",\"@id\":\"https:\/\/livegood.network\/shop\/es-es\/product\/livegood-hats-es-es\/\",\"url\":\"https:\/\/livegood.network\/shop\/es-es\/product\/livegood-hats-es-es\/\",\"name\":\"LiveGood Gorras - LiveGooD Shop\",\"isPartOf\":{\"@id\":\"https:\/\/livegood.network\/shop\/#website\"},\"datePublished\":\"2024-01-25T19:52:33+00:00\",\"dateModified\":\"2024-02-02T12:51:12+00:00\",\"breadcrumb\":{\"@id\":\"https:\/\/livegood.network\/shop\/es-es\/product\/livegood-hats-es-es\/#breadcrumb\"},\"inLanguage\":\"en-US\",\"potentialAction\":[{\"@type\":\"ReadAction\",\"target\":[\"https:\/\/livegood.network\/shop\/es-es\/product\/livegood-hats-es-es\/\"]}]},{\"@type\":\"BreadcrumbList\",\"@id\":\"https:\/\/livegood.network\/shop\/es-es\/product\/livegood-hats-es-es\/#breadcrumb\",\"itemListElement\":[{\"@type\":\"ListItem\",\"position\":1,\"name\":\"Home\",\"item\":\"https:\/\/livegood.network\/shop\/pt-br\/\"},{\"@type\":\"ListItem\",\"position\":2,\"name\":\"Shop\",\"item\":\"https:\/\/livegood.network\/shop\/shop\/\"},{\"@type\":\"ListItem\",\"position\":3,\"name\":\"LiveGood Gorras\"}]},{\"@type\":\"WebSite\",\"@id\":\"https:\/\/livegood.network\/shop\/#website\",\"url\":\"https:\/\/livegood.network\/shop\/\",\"name\":\"LiveGooD Shop\",\"description\":\"\",\"publisher\":{\"@id\":\"https:\/\/livegood.network\/shop\/#organization\"},\"potentialAction\":[{\"@type\":\"SearchAction\",\"target\":{\"@type\":\"EntryPoint\",\"urlTemplate\":\"https:\/\/livegood.network\/shop\/?s={search_term_string}\"},\"query-input\":\"required name=search_term_string\"}],\"inLanguage\":\"en-US\"},{\"@type\":\"Organization\",\"@id\":\"https:\/\/livegood.network\/shop\/#organization\",\"name\":\"LiveGooD\",\"url\":\"https:\/\/livegood.network\/shop\/\",\"logo\":{\"@type\":\"ImageObject\",\"inLanguage\":\"en-US\",\"@id\":\"https:\/\/livegood.network\/shop\/#\/schema\/logo\/image\/\",\"url\":\"https:\/\/livegood.network\/shop\/wp-content\/uploads\/2024\/01\/logo-livegood-shop-main.png\",\"contentUrl\":\"https:\/\/livegood.network\/shop\/wp-content\/uploads\/2024\/01\/logo-livegood-shop-main.png\",\"width\":373,\"height\":115,\"caption\":\"LiveGooD\"},\"image\":{\"@id\":\"https:\/\/livegood.network\/shop\/#\/schema\/logo\/image\/\"},\"sameAs\":[\"https:\/\/www.facebook.com\/livegoodhello\"]}]}<\/script>\n<!-- \/ Yoast SEO Premium plugin. -->","yoast_head_json":{"title":"LiveGood Gorras - LiveGooD Shop","robots":{"index":"index","follow":"follow","max-snippet":"max-snippet:-1","max-image-preview":"max-image-preview:large","max-video-preview":"max-video-preview:-1"},"canonical":"https:\/\/livegood.network\/shop\/es-es\/product\/livegood-hats-es-es\/","og_locale":"en_US","og_type":"article","og_title":"LiveGood Gorras","og_description":"Varios modelos  \u00a1Muestre amor por LiveGooD!","og_url":"https:\/\/livegood.network\/shop\/es-es\/product\/livegood-hats-es-es\/","article_publisher":"https:\/\/www.facebook.com\/livegoodhello","article_modified_time":"2024-02-02T12:51:12+00:00","og_image":[{"width":850,"height":850,"url":"https:\/\/livegood.network\/shop\/wp-content\/uploads\/2024\/01\/hats-caps-livegood.png","type":"image\/png"}],"twitter_card":"summary_large_image","twitter_misc":{"Est. reading time":"2 minutes"},"schema":{"@context":"https:\/\/schema.org","@graph":[{"@type":"WebPage","@id":"https:\/\/livegood.network\/shop\/es-es\/product\/livegood-hats-es-es\/","url":"https:\/\/livegood.network\/shop\/es-es\/product\/livegood-hats-es-es\/","name":"LiveGood Gorras - LiveGooD Shop","isPartOf":{"@id":"https:\/\/livegood.network\/shop\/#website"},"datePublished":"2024-01-25T19:52:33+00:00","dateModified":"2024-02-02T12:51:12+00:00","breadcrumb":{"@id":"https:\/\/livegood.network\/shop\/es-es\/product\/livegood-hats-es-es\/#breadcrumb"},"inLanguage":"en-US","potentialAction":[{"@type":"ReadAction","target":["https:\/\/livegood.network\/shop\/es-es\/product\/livegood-hats-es-es\/"]}]},{"@type":"BreadcrumbList","@id":"https:\/\/livegood.network\/shop\/es-es\/product\/livegood-hats-es-es\/#breadcrumb","itemListElement":[{"@type":"ListItem","position":1,"name":"Home","item":"https:\/\/livegood.network\/shop\/pt-br\/"},{"@type":"ListItem","position":2,"name":"Shop","item":"https:\/\/livegood.network\/shop\/shop\/"},{"@type":"ListItem","position":3,"name":"LiveGood Gorras"}]},{"@type":"WebSite","@id":"https:\/\/livegood.network\/shop\/#website","url":"https:\/\/livegood.network\/shop\/","name":"LiveGooD Shop","description":"","publisher":{"@id":"https:\/\/livegood.network\/shop\/#organization"},"potentialAction":[{"@type":"SearchAction","target":{"@type":"EntryPoint","urlTemplate":"https:\/\/livegood.network\/shop\/?s={search_term_string}"},"query-input":"required name=search_term_string"}],"inLanguage":"en-US"},{"@type":"Organization","@id":"https:\/\/livegood.network\/shop\/#organization","name":"LiveGooD","url":"https:\/\/livegood.network\/shop\/","logo":{"@type":"ImageObject","inLanguage":"en-US","@id":"https:\/\/livegood.network\/shop\/#\/schema\/logo\/image\/","url":"https:\/\/livegood.network\/shop\/wp-content\/uploads\/2024\/01\/logo-livegood-shop-main.png","contentUrl":"https:\/\/livegood.network\/shop\/wp-content\/uploads\/2024\/01\/logo-livegood-shop-main.png","width":373,"height":115,"caption":"LiveGooD"},"image":{"@id":"https:\/\/livegood.network\/shop\/#\/schema\/logo\/image\/"},"sameAs":["https:\/\/www.facebook.com\/livegoodhello"]}]}},"lang":"es-es","translations":{"es-es":1110,"pt-br":1121,"pt-pt":1111,"en-us":303,"fr-fr":1109,"vi":1112,"ru-ru":1113,"ko":1114},"pll_sync_post":[],"_links":{"self":[{"href":"https:\/\/livegood.network\/shop\/wp-json\/wp\/v2\/product\/1110","targetHints":{"allow":["GET"]}}],"collection":[{"href":"https:\/\/livegood.network\/shop\/wp-json\/wp\/v2\/product"}],"about":[{"href":"https:\/\/livegood.network\/shop\/wp-json\/wp\/v2\/types\/product"}],"replies":[{"embeddable":true,"href":"https:\/\/livegood.network\/shop\/wp-json\/wp\/v2\/comments?post=1110"}],"version-history":[{"count":1,"href":"https:\/\/livegood.network\/shop\/wp-json\/wp\/v2\/product\/1110\/revisions"}],"predecessor-version":[{"id":1486,"href":"https:\/\/livegood.network\/shop\/wp-json\/wp\/v2\/product\/1110\/revisions\/1486"}],"wp:featuredmedia":[{"embeddable":true,"href":"https:\/\/livegood.network\/shop\/wp-json\/wp\/v2\/media\/304"}],"wp:attachment":[{"href":"https:\/\/livegood.network\/shop\/wp-json\/wp\/v2\/media?parent=1110"}],"wp:term":[{"taxonomy":"product_brand","embeddable":true,"href":"https:\/\/livegood.network\/shop\/wp-json\/wp\/v2\/product_brand?post=1110"},{"taxonomy":"product_cat","embeddable":true,"href":"https:\/\/livegood.network\/shop\/wp-json\/wp\/v2\/product_cat?post=1110"},{"taxonomy":"product_tag","embeddable":true,"href":"https:\/\/livegood.network\/shop\/wp-json\/wp\/v2\/product_tag?post=1110"}],"curies":[{"name":"wp","href":"https:\/\/api.w.org\/{rel}","templated":true}]}}