{"id":1175,"date":"2024-01-27T13:33:34","date_gmt":"2024-01-27T13:33:34","guid":{"rendered":"https:\/\/livegood.network\/shop\/?post_type=product&#038;p=1175"},"modified":"2024-02-02T16:35:25","modified_gmt":"2024-02-02T16:35:25","slug":"ultimate-wellness-pack-fr-fr","status":"publish","type":"product","link":"https:\/\/livegood.network\/shop\/fr-fr\/product\/ultimate-wellness-pack-fr-fr\/","title":{"rendered":"Ultimate Pack Bien-\u00eatre"},"content":{"rendered":"<p><span style=\"color: #ff0000;\">Vous pouvez\u00a0<strong>ajouter du caf\u00e9<\/strong>\u00a0pour seulement\u00a0<strong>15 $<\/strong><\/span><\/p>\n<hr \/>\n<p>La nutrition et la suppl\u00e9mentation jouent un r\u00f4le central dans la sant\u00e9 et le bien-\u00eatre g\u00e9n\u00e9ral.\u00a0En l\u2019absence de suppl\u00e9mentation ad\u00e9quate, il devient plus difficile d\u2019am\u00e9liorer les performances cognitives, de lutter contre le vieillissement cellulaire, de promouvoir une peau saine, d\u2019assurer un meilleur sommeil et une meilleure vision et de g\u00e9rer une inflammation excessive.\u00a0Bien que le vieillissement soit un processus in\u00e9vitable, il est possible d\u2019am\u00e9liorer la long\u00e9vit\u00e9 en bonne sant\u00e9 gr\u00e2ce \u00e0 un mode de vie \u00e9quilibr\u00e9 et \u00e0 une gamme d\u2019ingr\u00e9dients ciblant le stress oxydatif, l\u2019inflammation, la fonction cognitive et les probl\u00e8mes musculaires\/squelettiques, entre autres, qui peuvent contribuer aux maladies chroniques.<\/p>\n<p>Le LiveGood Ultimate Wellness Pack comprend une s\u00e9lection compl\u00e8te d&#8217;ingr\u00e9dients con\u00e7us pour vous aider \u00e0 atteindre tous vos objectifs de bien-\u00eatre.<\/p>\n<p>Comment optimiser les produits LiveGood\u00a0:<\/p>\n<ol>\n<li><strong>LiveGood Factor 4 Anti-Inflammatory :<\/strong>\u00a0Prendre 2 g\u00e9lules par jour \u00e9quivaut \u00e0 environ 1,2 grammes d&#8217;EPA\/DHA, offrant des avantages dans la gestion de l&#8217;inflammation.\u00a0Pour des bienfaits suppl\u00e9mentaires, une dose de 3 \u00e0 4 grammes d&#8217;EPA\/DHA (6 \u00e0 8 g\u00e9lules par jour) peut aider \u00e0 r\u00e9duire les triglyc\u00e9rides.<\/li>\n<li><strong>LiveGood Essential Aminos :<\/strong>\u00a0M\u00e9langez 1 cuill\u00e8re de poudre dans de l&#8217;eau jusqu&#8217;\u00e0 deux fois par jour, de pr\u00e9f\u00e9rence 30 minutes avant une s\u00e9ance d&#8217;entra\u00eenement et \u00e0 nouveau pendant la journ\u00e9e comme option rafra\u00eechissante.\u00a0Conseil de pro\u00a0: pensez \u00e0 remplacer un soda ou une boisson sucr\u00e9e par cette boisson.<\/li>\n<li><strong>LiveGood BioActive Complete Multi-vitamin :<\/strong>\u00a0Prendre 2 g\u00e9lules avec de la nourriture, de pr\u00e9f\u00e9rence au petit-d\u00e9jeuner ou au d\u00e9jeuner, car elles contiennent des vitamines B qui peuvent am\u00e9liorer l&#8217;\u00e9nergie.<\/li>\n<li><strong>LiveGood Vitamine D3\/K2\u00a0:<\/strong>\u00a0Prendre 1 \u00e0 2 g\u00e9lules avec le premier repas de la journ\u00e9e pour une efficacit\u00e9 maximale.<\/li>\n<li><strong>Complexe LiveGood Ultra Magnesium :<\/strong>\u00a0Prendre 2 g\u00e9lules l&#8217;apr\u00e8s-midi ou avant le coucher.\u00a0Conseil de pro\u00a0: divisez la dose en prenant 1 capsule l&#8217;apr\u00e8s-midi pour aider \u00e0 g\u00e9rer le stress quotidien et l&#8217;autre capsule avant le coucher pour faciliter le sommeil.<\/li>\n<li><strong>LiveGood Super Greens\u00a0:<\/strong>\u00a0Consommez 1 mesure de poudre avec de l&#8217;eau ou votre smoothie pr\u00e9f\u00e9r\u00e9 au moins une fois par jour.\u00a0Envisagez une portion suppl\u00e9mentaire pour remplacer une boisson moins d\u00e9sirable.<\/li>\n<li><strong>LiveGood Super Reds\u00a0:<\/strong>\u00a0Incorporez cette poudre rouge qui am\u00e9liore les performances dans votre routine pr\u00e9-entra\u00eenement et comme regain d&#8217;\u00e9nergie en milieu d&#8217;apr\u00e8s-midi.\u00a0M\u00e9langez 1 mesure avec de l&#8217;eau ou essayez de la combiner avec nos Essential Aminos aromatis\u00e9s au punch aux fruits.<\/li>\n<li><strong>Caf\u00e9 biologique LiveGood\u00a0:<\/strong>\u00a0M\u00e9langez 1 mesure de poudre dans de l&#8217;eau chaude ou froide au r\u00e9veil pour un regain d&#8217;\u00e9nergie, de concentration et de motivation rapide.<\/li>\n<\/ol>\n<hr \/>\n<p><strong>Que contient le Pack Bien-\u00eatre Ultime ?<\/strong><\/p>\n<hr \/>\n<p><a href=\"https:\/\/livegood.network\/shop\/fr-fr\/product\/organic-super-greens-fr-fr\/\"><img decoding=\"async\" class=\"alignnone wp-image-185\" src=\"https:\/\/livegood.network\/shop\/wp-content\/uploads\/2024\/01\/super-greens-dietary-supplement-livegood.png\" alt=\"Super Verts Livegood\" width=\"83\" height=\"83\" \/><\/a><\/p>\n<p><strong><a href=\"https:\/\/livegood.network\/shop\/fr-fr\/product\/organic-super-greens-fr-fr\/\">Super verts<\/a><\/strong><\/p>\n<p>Consommer des fruits et l\u00e9gumes biologiques, fra\u00eechement r\u00e9colt\u00e9s et propres maintient une tension art\u00e9rielle normale, assure le bon fonctionnement de notre intestin et fournit \u00e0 notre cerveau les nutriments essentiels pour les t\u00e2ches cruciales.<\/p>\n<hr \/>\n<p><a href=\"https:\/\/livegood.network\/shop\/fr-fr\/product\/organic-super-reds-fr-fr\/\"><img decoding=\"async\" class=\"alignnone wp-image-185\" src=\"https:\/\/livegood.network\/shop\/wp-content\/uploads\/2024\/01\/super-reds-dietary-supplement-livegood.png\" alt=\"Super Rouges Livegood\" width=\"83\" height=\"83\" \/><\/a><\/p>\n<p><a href=\"https:\/\/livegood.network\/shop\/fr-fr\/product\/organic-super-reds-fr-fr\/\"><strong>Super rouges<\/strong><\/a><\/p>\n<p>Dans le domaine du vieillissement en sant\u00e9, rien ne surpasse l\u2019importance d\u2019un c\u0153ur en bonne sant\u00e9 !\u00a0Le moyen le plus efficace de maintenir la sant\u00e9 cardiaque consiste \u00e0 adopter une alimentation riche en fruits et l\u00e9gumes rouges.<\/p>\n<hr \/>\n<p><a href=\"https:\/\/livegood.network\/shop\/fr-fr\/product\/factor4-advanced-inflammation-management-fr-fr\/\"><img decoding=\"async\" class=\" wp-image-185\" src=\"https:\/\/livegood.network\/shop\/wp-content\/uploads\/2024\/01\/factor-4-livegood.png\" alt=\"Livegood anti-inflammatoire Facteur 4\" width=\"83\" height=\"83\" \/><\/a><\/p>\n<p><a href=\"https:\/\/livegood.network\/shop\/fr-fr\/product\/factor4-advanced-inflammation-management-fr-fr\/\"><strong>Facteur 4 anti-inflammatoire<\/strong><\/a><\/p>\n<p>Fabriqu\u00e9 avec fiert\u00e9 par l&#8217;une des plus grandes immunologistes au monde, le Dr Heather Volpp, le Factor 4 de LiveGood appara\u00eet comme le premier suppl\u00e9ment de gestion de l&#8217;inflammation con\u00e7u avec quatre des ingr\u00e9dients anti-inflammatoires les plus puissants au monde.<\/p>\n<hr \/>\n<p><a href=\"https:\/\/livegood.network\/shop\/fr-fr\/product\/essential-aminos-fr-fr\/\"><img loading=\"lazy\" decoding=\"async\" class=\" wp-image-185\" src=\"https:\/\/livegood.network\/shop\/wp-content\/uploads\/2024\/01\/aminos-fruitpunch-livegood.png\" alt=\"Livegood complet d'aminos essentiels\" width=\"83\" height=\"83\" \/><\/a><\/p>\n<p><a href=\"https:\/\/livegood.network\/shop\/fr-fr\/product\/essential-aminos-fr-fr\/\"><strong>Amin\u00e9s essentiels<\/strong><\/a><\/p>\n<p>La formule exclusive vous offre un rapport finement ajust\u00e9 de TOUS les acides amin\u00e9s essentiels, les acides amin\u00e9s \u00e0 cha\u00eene ramifi\u00e9e et les \u00e9lectrolytes pour renforcer la force et la fonction musculaires, pr\u00e9server la masse musculaire maigre, am\u00e9liorer l&#8217;endurance et la r\u00e9cup\u00e9ration, et favoriser un \u00e9tat d&#8217;\u00e9nergie et de concentration sains\u00a0!<\/p>\n<hr \/>\n<p><a href=\"https:\/\/livegood.network\/shop\/fr-fr\/product\/bio-active-complete-multi-vitamin-for-men-fr-fr\/\"><img loading=\"lazy\" decoding=\"async\" class=\" wp-image-185\" src=\"https:\/\/livegood.network\/shop\/wp-content\/uploads\/2024\/01\/multi-vitamin-men-shop-livegood.png\" sizes=\"(max-width: 83px) 100vw, 83px\" srcset=\"https:\/\/livegood.network\/shop\/wp-content\/uploads\/2024\/01\/multi-vitamin-men-shop-livegood.png 720w, https:\/\/livegood.network\/shop\/wp-content\/uploads\/2024\/01\/multi-vitamin-men-shop-livegood-300x300.png 300w, https:\/\/livegood.network\/shop\/wp-content\/uploads\/2024\/01\/multi-vitamin-men-shop-livegood-150x150.png 150w, https:\/\/livegood.network\/shop\/wp-content\/uploads\/2024\/01\/multi-vitamin-men-shop-livegood-350x350.png 350w, https:\/\/livegood.network\/shop\/wp-content\/uploads\/2024\/01\/multi-vitamin-men-shop-livegood-600x600.png 600w, https:\/\/livegood.network\/shop\/wp-content\/uploads\/2024\/01\/multi-vitamin-men-shop-livegood-100x100.png 100w\" alt=\"boutique multi vitamines pour hommes livegood\" width=\"83\" height=\"83\" \/><\/a><\/p>\n<p><a href=\"https:\/\/livegood.network\/shop\/fr-fr\/product\/bio-active-complete-multi-vitamin-for-men-fr-fr\/\"><strong>Multivitamine bio-active compl\u00e8te pour homme ou femme<\/strong><\/a><\/p>\n<p>La majorit\u00e9 des hommes ne parviennent pas \u00e0 obtenir suffisamment de vitamines et de min\u00e9raux dans leur alimentation quotidienne.\u00a0De telles carences en vitamines peuvent entra\u00eener divers probl\u00e8mes de sant\u00e9, tels qu&#8217;un syst\u00e8me immunitaire affaibli, une perte de cheveux, des probl\u00e8mes de peau, une vision diminu\u00e9e, une diminution de la densit\u00e9 osseuse et m\u00eame une prise de poids, ainsi que des probl\u00e8mes de sant\u00e9 plus graves.<\/p>\n<hr \/>\n<p><a href=\"https:\/\/livegood.network\/shop\/fr-fr\/product\/d3-k2-2000-vitamin-fr-fr\/\"><img loading=\"lazy\" decoding=\"async\" class=\" wp-image-185\" src=\"https:\/\/livegood.network\/shop\/wp-content\/uploads\/2024\/01\/d3-k2-vitamin-d-and-k-livegood.png\" alt=\"D3-K2\" width=\"83\" height=\"83\" \/><\/a><\/p>\n<p><a href=\"https:\/\/livegood.network\/shop\/fr-fr\/product\/d3-k2-2000-vitamin-fr-fr\/\"><strong>Vitamine D3 et K2<\/strong><\/a><\/p>\n<p>Saviez-vous que la vitamine D joue un r\u00f4le crucial dans le soutien d\u2019un syst\u00e8me immunitaire sain ?<br \/>\nSaviez-vous que plus de personnes souffrent d\u2019une carence en vitamine D que toute autre vitamine dans le monde\u00a0?<\/p>\n<hr \/>\n<p><a href=\"https:\/\/livegood.network\/shop\/fr-fr\/product\/ultra-magnesium-complex-fr-fr\/\"><img loading=\"lazy\" decoding=\"async\" class=\" wp-image-185\" src=\"https:\/\/livegood.network\/shop\/wp-content\/uploads\/2024\/01\/ultra-magnesium-complex-livegood.png\" alt=\"Complexe Ultra Magn\u00e9sium\" width=\"83\" height=\"83\" \/><\/a><\/p>\n<p><a href=\"https:\/\/livegood.network\/shop\/fr-fr\/product\/ultra-magnesium-complex-fr-fr\/\"><strong>Complexe Ultra Magn\u00e9sium<\/strong><\/a><\/p>\n<p>Le magn\u00e9sium joue un r\u00f4le dans plus de 300 r\u00e9actions biochimiques au sein de notre corps chaque jour\u00a0!\u00a0Malgr\u00e9 une alimentation saine et \u00e9quilibr\u00e9e, la plupart des individus n\u2019acqui\u00e8rent pas suffisamment de magn\u00e9sium.<\/p>\n","protected":false},"excerpt":{"rendered":"<p><span style=\"color: #ff0000;\">Vous pouvez <strong>ajouter du caf\u00e9<\/strong> pour seulement <strong>15\u00a0$<\/strong><\/span><\/p>\n<p><img decoding=\"async\" class=\"emoji\" role=\"img\" draggable=\"false\" src=\"https:\/\/s.w.org\/images\/core\/emoji\/14.0.0\/svg\/1f49a.svg\" alt=\"LiveGooD Heart\" \/> Multi-Vitamine Compl\u00e8te Bio-Active Pour Homme ou Femme<br \/>\n<img decoding=\"async\" class=\"emoji\" role=\"img\" draggable=\"false\" src=\"https:\/\/s.w.org\/images\/core\/emoji\/14.0.0\/svg\/1f49a.svg\" alt=\"LiveGooD Heart\" \/> Punch aux Fruits Essential Aminos\/Citron Lime<br \/>\n<img decoding=\"async\" class=\"emoji\" role=\"img\" draggable=\"false\" src=\"https:\/\/s.w.org\/images\/core\/emoji\/14.0.0\/svg\/1f49a.svg\" alt=\"LiveGooD Heart\" \/> Super Verts<br \/>\n<img decoding=\"async\" class=\"emoji\" role=\"img\" draggable=\"false\" src=\"https:\/\/s.w.org\/images\/core\/emoji\/14.0.0\/svg\/1f49a.svg\" alt=\"LiveGooD Heart\" \/> Super Rouges<br \/>\n<img decoding=\"async\" class=\"emoji\" role=\"img\" draggable=\"false\" src=\"https:\/\/s.w.org\/images\/core\/emoji\/14.0.0\/svg\/1f49a.svg\" alt=\"LiveGooD Heart\" \/> Facteur 4 Anti-Inflammatoire<br \/>\n<img decoding=\"async\" class=\"emoji\" role=\"img\" draggable=\"false\" src=\"https:\/\/s.w.org\/images\/core\/emoji\/14.0.0\/svg\/1f49a.svg\" alt=\"LiveGooD Heart\" \/> Complexe Ultra Magn\u00e9sium<br \/>\n<img decoding=\"async\" class=\"emoji\" role=\"img\" draggable=\"false\" src=\"https:\/\/s.w.org\/images\/core\/emoji\/14.0.0\/svg\/1f49a.svg\" alt=\"LiveGooD Heart\" \/> D3-K2 2000<\/p>\n","protected":false},"featured_media":278,"comment_status":"open","ping_status":"closed","template":"","meta":[],"product_brand":[],"product_cat":[207,215,238],"product_tag":[],"class_list":{"0":"post-1175","1":"product","2":"type-product","3":"status-publish","4":"has-post-thumbnail","6":"product_cat-product-packages-fr-fr","7":"product_cat-supplements-fr-fr","8":"product_cat-vitamin-fr-fr","10":"first","11":"instock","12":"sale","13":"shipping-taxable","14":"product-type-external"},"yoast_head":"<!-- This site is optimized with the Yoast SEO Premium plugin v20.6 (Yoast SEO v21.8.1) - https:\/\/yoast.com\/wordpress\/plugins\/seo\/ -->\n<title>Ultimate Pack Bien-\u00eatre - LiveGooD Shop<\/title>\n<meta name=\"robots\" content=\"index, follow, max-snippet:-1, max-image-preview:large, max-video-preview:-1\" \/>\n<link rel=\"canonical\" href=\"https:\/\/livegood.network\/shop\/fr-fr\/product\/ultimate-wellness-pack-fr-fr\/\" \/>\n<meta property=\"og:locale\" content=\"en_US\" \/>\n<meta property=\"og:type\" content=\"article\" \/>\n<meta property=\"og:title\" content=\"Ultimate Pack Bien-\u00eatre\" \/>\n<meta property=\"og:description\" content=\"Vous pouvez ajouter du caf\u00e9 pour seulement 15\u00a0$   Multi-Vitamine Compl\u00e8te Bio-Active Pour Homme ou Femme  Punch aux Fruits Essential Aminos\/Citron Lime  Super Verts  Super Rouges  Facteur 4 Anti-Inflammatoire  Complexe Ultra Magn\u00e9sium  D3-K2 2000\" \/>\n<meta property=\"og:url\" content=\"https:\/\/livegood.network\/shop\/fr-fr\/product\/ultimate-wellness-pack-fr-fr\/\" \/>\n<meta property=\"article:publisher\" content=\"https:\/\/www.facebook.com\/livegoodhello\" \/>\n<meta property=\"article:modified_time\" content=\"2024-02-02T16:35:25+00:00\" \/>\n<meta property=\"og:image\" content=\"https:\/\/livegood.network\/shop\/wp-content\/uploads\/2024\/01\/ultimate-wellness-pack-factor-4-pack-tile-livegood.png\" \/>\n\t<meta property=\"og:image:width\" content=\"1000\" \/>\n\t<meta property=\"og:image:height\" content=\"600\" \/>\n\t<meta property=\"og:image:type\" content=\"image\/png\" \/>\n<meta name=\"twitter:card\" content=\"summary_large_image\" \/>\n<meta name=\"twitter:label1\" content=\"Est. reading time\" \/>\n\t<meta name=\"twitter:data1\" content=\"5 minutes\" \/>\n<script type=\"application\/ld+json\" class=\"yoast-schema-graph\">{\"@context\":\"https:\/\/schema.org\",\"@graph\":[{\"@type\":\"WebPage\",\"@id\":\"https:\/\/livegood.network\/shop\/fr-fr\/product\/ultimate-wellness-pack-fr-fr\/\",\"url\":\"https:\/\/livegood.network\/shop\/fr-fr\/product\/ultimate-wellness-pack-fr-fr\/\",\"name\":\"Ultimate Pack Bien-\u00eatre - LiveGooD Shop\",\"isPartOf\":{\"@id\":\"https:\/\/livegood.network\/shop\/#website\"},\"datePublished\":\"2024-01-27T13:33:34+00:00\",\"dateModified\":\"2024-02-02T16:35:25+00:00\",\"breadcrumb\":{\"@id\":\"https:\/\/livegood.network\/shop\/fr-fr\/product\/ultimate-wellness-pack-fr-fr\/#breadcrumb\"},\"inLanguage\":\"en-US\",\"potentialAction\":[{\"@type\":\"ReadAction\",\"target\":[\"https:\/\/livegood.network\/shop\/fr-fr\/product\/ultimate-wellness-pack-fr-fr\/\"]}]},{\"@type\":\"BreadcrumbList\",\"@id\":\"https:\/\/livegood.network\/shop\/fr-fr\/product\/ultimate-wellness-pack-fr-fr\/#breadcrumb\",\"itemListElement\":[{\"@type\":\"ListItem\",\"position\":1,\"name\":\"Home\",\"item\":\"https:\/\/livegood.network\/shop\/pt-br\/\"},{\"@type\":\"ListItem\",\"position\":2,\"name\":\"Shop\",\"item\":\"https:\/\/livegood.network\/shop\/shop\/\"},{\"@type\":\"ListItem\",\"position\":3,\"name\":\"Ultimate Pack Bien-\u00eatre\"}]},{\"@type\":\"WebSite\",\"@id\":\"https:\/\/livegood.network\/shop\/#website\",\"url\":\"https:\/\/livegood.network\/shop\/\",\"name\":\"LiveGooD Shop\",\"description\":\"\",\"publisher\":{\"@id\":\"https:\/\/livegood.network\/shop\/#organization\"},\"potentialAction\":[{\"@type\":\"SearchAction\",\"target\":{\"@type\":\"EntryPoint\",\"urlTemplate\":\"https:\/\/livegood.network\/shop\/?s={search_term_string}\"},\"query-input\":\"required name=search_term_string\"}],\"inLanguage\":\"en-US\"},{\"@type\":\"Organization\",\"@id\":\"https:\/\/livegood.network\/shop\/#organization\",\"name\":\"LiveGooD\",\"url\":\"https:\/\/livegood.network\/shop\/\",\"logo\":{\"@type\":\"ImageObject\",\"inLanguage\":\"en-US\",\"@id\":\"https:\/\/livegood.network\/shop\/#\/schema\/logo\/image\/\",\"url\":\"https:\/\/livegood.network\/shop\/wp-content\/uploads\/2024\/01\/logo-livegood-shop-main.png\",\"contentUrl\":\"https:\/\/livegood.network\/shop\/wp-content\/uploads\/2024\/01\/logo-livegood-shop-main.png\",\"width\":373,\"height\":115,\"caption\":\"LiveGooD\"},\"image\":{\"@id\":\"https:\/\/livegood.network\/shop\/#\/schema\/logo\/image\/\"},\"sameAs\":[\"https:\/\/www.facebook.com\/livegoodhello\"]}]}<\/script>\n<!-- \/ Yoast SEO Premium plugin. -->","yoast_head_json":{"title":"Ultimate Pack Bien-\u00eatre - LiveGooD Shop","robots":{"index":"index","follow":"follow","max-snippet":"max-snippet:-1","max-image-preview":"max-image-preview:large","max-video-preview":"max-video-preview:-1"},"canonical":"https:\/\/livegood.network\/shop\/fr-fr\/product\/ultimate-wellness-pack-fr-fr\/","og_locale":"en_US","og_type":"article","og_title":"Ultimate Pack Bien-\u00eatre","og_description":"Vous pouvez ajouter du caf\u00e9 pour seulement 15\u00a0$   Multi-Vitamine Compl\u00e8te Bio-Active Pour Homme ou Femme  Punch aux Fruits Essential Aminos\/Citron Lime  Super Verts  Super Rouges  Facteur 4 Anti-Inflammatoire  Complexe Ultra Magn\u00e9sium  D3-K2 2000","og_url":"https:\/\/livegood.network\/shop\/fr-fr\/product\/ultimate-wellness-pack-fr-fr\/","article_publisher":"https:\/\/www.facebook.com\/livegoodhello","article_modified_time":"2024-02-02T16:35:25+00:00","og_image":[{"width":1000,"height":600,"url":"https:\/\/livegood.network\/shop\/wp-content\/uploads\/2024\/01\/ultimate-wellness-pack-factor-4-pack-tile-livegood.png","type":"image\/png"}],"twitter_card":"summary_large_image","twitter_misc":{"Est. reading time":"5 minutes"},"schema":{"@context":"https:\/\/schema.org","@graph":[{"@type":"WebPage","@id":"https:\/\/livegood.network\/shop\/fr-fr\/product\/ultimate-wellness-pack-fr-fr\/","url":"https:\/\/livegood.network\/shop\/fr-fr\/product\/ultimate-wellness-pack-fr-fr\/","name":"Ultimate Pack Bien-\u00eatre - LiveGooD Shop","isPartOf":{"@id":"https:\/\/livegood.network\/shop\/#website"},"datePublished":"2024-01-27T13:33:34+00:00","dateModified":"2024-02-02T16:35:25+00:00","breadcrumb":{"@id":"https:\/\/livegood.network\/shop\/fr-fr\/product\/ultimate-wellness-pack-fr-fr\/#breadcrumb"},"inLanguage":"en-US","potentialAction":[{"@type":"ReadAction","target":["https:\/\/livegood.network\/shop\/fr-fr\/product\/ultimate-wellness-pack-fr-fr\/"]}]},{"@type":"BreadcrumbList","@id":"https:\/\/livegood.network\/shop\/fr-fr\/product\/ultimate-wellness-pack-fr-fr\/#breadcrumb","itemListElement":[{"@type":"ListItem","position":1,"name":"Home","item":"https:\/\/livegood.network\/shop\/pt-br\/"},{"@type":"ListItem","position":2,"name":"Shop","item":"https:\/\/livegood.network\/shop\/shop\/"},{"@type":"ListItem","position":3,"name":"Ultimate Pack Bien-\u00eatre"}]},{"@type":"WebSite","@id":"https:\/\/livegood.network\/shop\/#website","url":"https:\/\/livegood.network\/shop\/","name":"LiveGooD Shop","description":"","publisher":{"@id":"https:\/\/livegood.network\/shop\/#organization"},"potentialAction":[{"@type":"SearchAction","target":{"@type":"EntryPoint","urlTemplate":"https:\/\/livegood.network\/shop\/?s={search_term_string}"},"query-input":"required name=search_term_string"}],"inLanguage":"en-US"},{"@type":"Organization","@id":"https:\/\/livegood.network\/shop\/#organization","name":"LiveGooD","url":"https:\/\/livegood.network\/shop\/","logo":{"@type":"ImageObject","inLanguage":"en-US","@id":"https:\/\/livegood.network\/shop\/#\/schema\/logo\/image\/","url":"https:\/\/livegood.network\/shop\/wp-content\/uploads\/2024\/01\/logo-livegood-shop-main.png","contentUrl":"https:\/\/livegood.network\/shop\/wp-content\/uploads\/2024\/01\/logo-livegood-shop-main.png","width":373,"height":115,"caption":"LiveGooD"},"image":{"@id":"https:\/\/livegood.network\/shop\/#\/schema\/logo\/image\/"},"sameAs":["https:\/\/www.facebook.com\/livegoodhello"]}]}},"lang":"fr-fr","translations":{"fr-fr":1175,"ru-ru":1179,"ko":1180,"vi":1178,"en-us":277,"es-es":1176,"pt-pt":1177,"pt-br":1190},"pll_sync_post":[],"_links":{"self":[{"href":"https:\/\/livegood.network\/shop\/wp-json\/wp\/v2\/product\/1175","targetHints":{"allow":["GET"]}}],"collection":[{"href":"https:\/\/livegood.network\/shop\/wp-json\/wp\/v2\/product"}],"about":[{"href":"https:\/\/livegood.network\/shop\/wp-json\/wp\/v2\/types\/product"}],"replies":[{"embeddable":true,"href":"https:\/\/livegood.network\/shop\/wp-json\/wp\/v2\/comments?post=1175"}],"version-history":[{"count":2,"href":"https:\/\/livegood.network\/shop\/wp-json\/wp\/v2\/product\/1175\/revisions"}],"predecessor-version":[{"id":1571,"href":"https:\/\/livegood.network\/shop\/wp-json\/wp\/v2\/product\/1175\/revisions\/1571"}],"wp:featuredmedia":[{"embeddable":true,"href":"https:\/\/livegood.network\/shop\/wp-json\/wp\/v2\/media\/278"}],"wp:attachment":[{"href":"https:\/\/livegood.network\/shop\/wp-json\/wp\/v2\/media?parent=1175"}],"wp:term":[{"taxonomy":"product_brand","embeddable":true,"href":"https:\/\/livegood.network\/shop\/wp-json\/wp\/v2\/product_brand?post=1175"},{"taxonomy":"product_cat","embeddable":true,"href":"https:\/\/livegood.network\/shop\/wp-json\/wp\/v2\/product_cat?post=1175"},{"taxonomy":"product_tag","embeddable":true,"href":"https:\/\/livegood.network\/shop\/wp-json\/wp\/v2\/product_tag?post=1175"}],"curies":[{"name":"wp","href":"https:\/\/api.w.org\/{rel}","templated":true}]}}