{"id":1192,"date":"2024-01-29T11:50:58","date_gmt":"2024-01-29T11:50:58","guid":{"rendered":"https:\/\/livegood.network\/shop\/?post_type=product&#038;p=1192"},"modified":"2024-07-28T17:45:57","modified_gmt":"2024-07-28T17:45:57","slug":"lean-body-pack-fr-fr","status":"publish","type":"product","link":"https:\/\/livegood.network\/shop\/fr-fr\/product\/lean-body-pack-fr-fr\/","title":{"rendered":"Corps Maigre Pack"},"content":{"rendered":"<p>Discuter de long\u00e9vit\u00e9 et d\u2019am\u00e9lioration de votre sant\u00e9 implique in\u00e9vitablement d\u2019aborder l\u2019aspect crucial de la gestion d\u2019une masse musculaire maigre saine.\u00a0De nombreuses \u00e9tudes soulignent que le fait d\u2019avoir un exc\u00e8s de graisse, en particulier lorsqu\u2019il est concentr\u00e9 autour de nos organes, augmente le risque de maladies chroniques, de morbidit\u00e9 et de mortalit\u00e9.\u00a0Bien que cela puisse para\u00eetre alarmant, la mise en \u0153uvre d\u2019un plan bien pens\u00e9 avec des attentes r\u00e9alistes nous permet d\u2019augmenter progressivement la masse musculaire maigre et de r\u00e9duire l\u2019exc\u00e8s de graisse, ce qui entra\u00eene des am\u00e9liorations significatives de notre sant\u00e9 au fil du temps.<\/p>\n<p>Un \u00e9l\u00e9ment fondamental de cette approche consiste \u00e0 adopter un plan de nutrition saine comprenant des suppl\u00e9ments nutritionnels essentiels.\u00a0La s\u00e9lection des bons suppl\u00e9ments incite le corps \u00e0 reconna\u00eetre un apport constant et nourrissant de vitamines, de min\u00e9raux et d&#8217;antioxydants, contribuant imm\u00e9diatement \u00e0 la sant\u00e9 globale.<\/p>\n<p>Le LiveGood Lean Body Pack est con\u00e7u pour se concentrer sur le maintien et le d\u00e9veloppement de la masse musculaire maigre, essentielle \u00e0 un corps sain, tout en contribuant \u00e9galement \u00e0 la r\u00e9duction de l&#8217;exc\u00e8s de graisse corporelle.\u00a0Il pr\u00e9sente une strat\u00e9gie de bon sens pour rem\u00e9dier aux carences nutritionnelles et favoriser la croissance de la masse musculaire maigre.<\/p>\n<p>Ce pack contient notre complexe LiveGood Ultra Magn\u00e9sium, notre vitamine D3K2 et notre multivitamine compl\u00e8te bio-active comme \u00e9l\u00e9ments essentiels quotidiens pour couvrir toutes les vitamines et min\u00e9raux essentiels.\u00a0De plus, nos prot\u00e9ines v\u00e9g\u00e9tales compl\u00e8tes et nos acides amin\u00e9s essentiels sont inclus pour soutenir le d\u00e9veloppement et l&#8217;entretien musculaires tout en am\u00e9liorant l&#8217;\u00e9nergie et l&#8217;endurance.\u00a0Le caf\u00e9 biologique Healthy Weight compl\u00e8te le pack en fournissant une aide en mati\u00e8re d&#8217;\u00e9nergie, de concentration et de gestion des fringales.<\/p>\n<p>Pour maximiser vos r\u00e9sultats\u00a0:<\/p>\n<ol>\n<li><strong>Capsule de vitamine D3K2 :<\/strong>\u00a0Prendre 1 capsule avec votre premier repas de la journ\u00e9e.<\/li>\n<li><strong>Caf\u00e9 biologique\u00a0:<\/strong>\u00a0M\u00e9langez 1 mesure de poudre dans de l&#8217;eau chaude ou froide au r\u00e9veil pour un regain d&#8217;\u00e9nergie rapide, une concentration et une motivation am\u00e9lior\u00e9es.<\/li>\n<li><strong>Prot\u00e9ines :<\/strong>\u00a0En milieu de matin\u00e9e \u2013 M\u00e9langez 1 mesure de poudre de prot\u00e9ines v\u00e9g\u00e9tales dans un smoothie ou avec de l\u2019eau pour nourrir les muscles en milieu de matin\u00e9e, particuli\u00e8rement b\u00e9n\u00e9fique apr\u00e8s une s\u00e9ance d\u2019entra\u00eenement matinale.<\/li>\n<li><strong>LiveGood Essential Aminos :<\/strong>\u00a0Peut \u00eatre pris \u00e0 tout moment ;\u00a0utilisez-le au moins une fois par jour pour aider \u00e0 maintenir la masse musculaire maigre, \u00e0 augmenter la concentration, l&#8217;\u00e9nergie et \u00e0 soutenir votre cycle de sommeil.\u00a0Pensez \u00e0 les prendre avant une s\u00e9ance d\u2019entra\u00eenement ou comme rafra\u00eechissement l\u2019apr\u00e8s-midi.\u00a0Conseil de pro\u00a0: remplacez les sodas ou les boissons sucr\u00e9es par LiveGood Essential Aminos.<\/li>\n<li><strong>BioActive Complete Multi-Vitamin :<\/strong>\u00a0Prendre 2 capsules avec le d\u00e9jeuner, de pr\u00e9f\u00e9rence \u00e0 au moins une heure d&#8217;intervalle avec la vitamine D3K2.\u00a0L&#8217;apport diurne est id\u00e9al, car les vitamines B peuvent contribuer \u00e0 augmenter l&#8217;\u00e9nergie.<\/li>\n<li><strong>Complexe Ultra Magn\u00e9sium :<\/strong>\u00a0Prendre 2 g\u00e9lules l&#8217;apr\u00e8s-midi ou avant le coucher.\u00a0Conseil de pro\u00a0: divisez la dose en prenant 1 capsule l&#8217;apr\u00e8s-midi pour aider \u00e0 g\u00e9rer le stress quotidien et l&#8217;autre capsule avant de vous coucher pour faciliter le sommeil.<\/li>\n<\/ol>\n<p>Bien que les suppl\u00e9ments LiveGood jouent un r\u00f4le crucial dans l\u2019am\u00e9lioration de la sant\u00e9 globale, des performances et de la masse musculaire maigre, il est essentiel de prendre en compte d\u2019autres facteurs pour maximiser la sant\u00e9.\u00a0Limiter la consommation de sucre et d\u2019aliments transform\u00e9s, pratiquer au moins 30 minutes d\u2019exercice quotidien, garantir un sommeil de qualit\u00e9 et donner la priorit\u00e9 aux repas naturels, biologiques et sains sont tout aussi importants.\u00a0Pour tout conseil ou demande de renseignements, n&#8217;h\u00e9sitez pas \u00e0 contacter notre directrice de la formation sur les produits, Lisa Goodkin, \u00e0\u00a0<a target=\"_new\" rel=\"noopener\">lisa@livegood.com<\/a>\u00a0\u00e0 tout moment\u00a0!<\/p>\n<hr \/>\n<p><strong>Que contient le Lean Body Pack ?<\/strong><\/p>\n<hr \/>\n<p><a href=\"https:\/\/livegood.network\/shop\/fr-fr\/product\/complete-plant-based-protein-fr-fr\/\"><img decoding=\"async\" class=\" wp-image-185\" src=\"https:\/\/livegood.network\/shop\/wp-content\/uploads\/2024\/01\/complete-plant-based-protein-livegood.png\" alt=\"Prot\u00e9ines v\u00e9g\u00e9tales compl\u00e8tes Livegood\" width=\"83\" height=\"83\" \/><\/a><\/p>\n<p><a href=\"https:\/\/livegood.network\/shop\/fr-fr\/product\/complete-plant-based-protein-fr-fr\/\"><strong>Prot\u00e9ine v\u00e9g\u00e9tale compl\u00e8te<\/strong><\/a><\/p>\n<p>La prot\u00e9ine v\u00e9g\u00e9tale compl\u00e8te de LiveGood est con\u00e7ue pour \u00eatre le PREMIER suppl\u00e9ment prot\u00e9ique disponible, offrant la valeur nutritionnelle la plus \u00e9lev\u00e9e avec les MEILLEURS ingr\u00e9dients trouv\u00e9s sur Terre\u00a0!<\/p>\n<hr \/>\n<p><a href=\"https:\/\/livegood.network\/shop\/fr-fr\/product\/essential-aminos-fr-fr\/\"><img decoding=\"async\" class=\" wp-image-185\" src=\"https:\/\/livegood.network\/shop\/wp-content\/uploads\/2024\/01\/aminos-fruitpunch-livegood.png\" alt=\"Livegood complet d'aminos essentiels\" width=\"83\" height=\"83\" \/><\/a><\/p>\n<p><a href=\"https:\/\/livegood.network\/shop\/fr-fr\/product\/essential-aminos-fr-fr\/\"><strong>Amin\u00e9s essentiels<\/strong><\/a><\/p>\n<p>La formule exclusive vous offre un rapport finement ajust\u00e9 de TOUS les acides amin\u00e9s essentiels, les acides amin\u00e9s \u00e0 cha\u00eene ramifi\u00e9e et les \u00e9lectrolytes pour renforcer la force et la fonction musculaires, pr\u00e9server la masse musculaire maigre, am\u00e9liorer l&#8217;endurance et la r\u00e9cup\u00e9ration, et favoriser un \u00e9tat d&#8217;\u00e9nergie et de concentration sains\u00a0!<\/p>\n<hr \/>\n<p><a href=\"https:\/\/livegood.network\/shop\/fr-fr\/product\/bio-active-complete-multi-vitamin-for-men-fr-fr\/\"><img decoding=\"async\" class=\" wp-image-185\" src=\"https:\/\/livegood.network\/shop\/wp-content\/uploads\/2024\/01\/multi-vitamin-men-shop-livegood.png\" sizes=\"(max-width: 83px) 100vw, 83px\" srcset=\"https:\/\/livegood.network\/shop\/wp-content\/uploads\/2024\/01\/multi-vitamin-men-shop-livegood.png 720w, https:\/\/livegood.network\/shop\/wp-content\/uploads\/2024\/01\/multi-vitamin-men-shop-livegood-300x300.png 300w, https:\/\/livegood.network\/shop\/wp-content\/uploads\/2024\/01\/multi-vitamin-men-shop-livegood-150x150.png 150w, https:\/\/livegood.network\/shop\/wp-content\/uploads\/2024\/01\/multi-vitamin-men-shop-livegood-350x350.png 350w, https:\/\/livegood.network\/shop\/wp-content\/uploads\/2024\/01\/multi-vitamin-men-shop-livegood-600x600.png 600w, https:\/\/livegood.network\/shop\/wp-content\/uploads\/2024\/01\/multi-vitamin-men-shop-livegood-100x100.png 100w\" alt=\"boutique multi vitamines pour hommes livegood\" width=\"83\" height=\"83\" \/><\/a><\/p>\n<p><a href=\"https:\/\/livegood.network\/shop\/fr-fr\/product\/bio-active-complete-multi-vitamin-for-men-fr-fr\/\"><strong>Multivitamine bio-active compl\u00e8te pour homme ou femme<\/strong><\/a><\/p>\n<p>La majorit\u00e9 des hommes ne parviennent pas \u00e0 obtenir suffisamment de vitamines et de min\u00e9raux dans leur alimentation quotidienne.\u00a0De telles carences en vitamines peuvent entra\u00eener divers probl\u00e8mes de sant\u00e9, tels qu&#8217;un syst\u00e8me immunitaire affaibli, une perte de cheveux, des probl\u00e8mes de peau, une vision diminu\u00e9e, une diminution de la densit\u00e9 osseuse et m\u00eame une prise de poids, ainsi que des probl\u00e8mes de sant\u00e9 plus graves.<\/p>\n<hr \/>\n<p><a href=\"https:\/\/livegood.network\/shop\/fr-fr\/product\/d3-k2-2000-vitamin-fr-fr\/\"><img loading=\"lazy\" decoding=\"async\" class=\" wp-image-185\" src=\"https:\/\/livegood.network\/shop\/wp-content\/uploads\/2024\/01\/d3-k2-vitamin-d-and-k-livegood.png\" alt=\"D3-K2\" width=\"83\" height=\"83\" \/><\/a><\/p>\n<p><a href=\"https:\/\/livegood.network\/shop\/fr-fr\/product\/d3-k2-2000-vitamin-fr-fr\/\"><strong>Vitamine D3 et K2<\/strong><\/a><\/p>\n<p>Saviez-vous que la vitamine D joue un r\u00f4le crucial dans le soutien d\u2019un syst\u00e8me immunitaire sain ?<br \/>\nSaviez-vous que plus de personnes souffrent d\u2019une carence en vitamine D que toute autre vitamine dans le monde\u00a0?<\/p>\n<hr \/>\n<p><a href=\"https:\/\/livegood.network\/shop\/fr-fr\/product\/ultra-magnesium-complex-fr-fr\/\"><img loading=\"lazy\" decoding=\"async\" class=\" wp-image-185\" src=\"https:\/\/livegood.network\/shop\/wp-content\/uploads\/2024\/01\/ultra-magnesium-complex-livegood.png\" alt=\"Complexe Ultra Magn\u00e9sium\" width=\"83\" height=\"83\" \/><\/a><\/p>\n<p><a href=\"https:\/\/livegood.network\/shop\/fr-fr\/product\/ultra-magnesium-complex-fr-fr\/\"><strong>Complexe Ultra Magn\u00e9sium<\/strong><\/a><\/p>\n<p>Le magn\u00e9sium joue un r\u00f4le dans plus de 300 r\u00e9actions biochimiques au sein de notre corps chaque jour\u00a0!\u00a0Malgr\u00e9 une alimentation saine et \u00e9quilibr\u00e9e, la plupart des individus n\u2019acqui\u00e8rent pas suffisamment de magn\u00e9sium.<\/p>\n","protected":false},"excerpt":{"rendered":"<p><img decoding=\"async\" class=\"emoji\" role=\"img\" draggable=\"false\" src=\"https:\/\/s.w.org\/images\/core\/emoji\/14.0.0\/svg\/1f49a.svg\" alt=\"LiveGooD Heart\" \/> 2 prot\u00e9ines v\u00e9g\u00e9tales compl\u00e8tes<br \/>\n<img decoding=\"async\" class=\"emoji\" role=\"img\" draggable=\"false\" src=\"https:\/\/s.w.org\/images\/core\/emoji\/14.0.0\/svg\/1f49a.svg\" alt=\"LiveGooD Heart\" \/> Multi-Vitamine Compl\u00e8te Bio-Active Pour Homme ou Femme<br \/>\n<img decoding=\"async\" class=\"emoji\" role=\"img\" draggable=\"false\" src=\"https:\/\/s.w.org\/images\/core\/emoji\/14.0.0\/svg\/1f49a.svg\" alt=\"LiveGooD Heart\" \/> Punch aux Fruits Essential Aminos\/Citron Lime<br \/>\n<img decoding=\"async\" class=\"emoji\" role=\"img\" draggable=\"false\" src=\"https:\/\/s.w.org\/images\/core\/emoji\/14.0.0\/svg\/1f49a.svg\" alt=\"LiveGooD Heart\" \/> Complexe Ultra Magn\u00e9sium<br \/>\n<img decoding=\"async\" class=\"emoji\" role=\"img\" draggable=\"false\" src=\"https:\/\/s.w.org\/images\/core\/emoji\/14.0.0\/svg\/1f49a.svg\" alt=\"LiveGooD Heart\" \/> D3-K2 2000<\/p>\n","protected":false},"featured_media":275,"comment_status":"open","ping_status":"closed","template":"","meta":[],"product_brand":[],"product_cat":[207,215,238],"product_tag":[],"class_list":{"0":"post-1192","1":"product","2":"type-product","3":"status-publish","4":"has-post-thumbnail","6":"product_cat-product-packages-fr-fr","7":"product_cat-supplements-fr-fr","8":"product_cat-vitamin-fr-fr","10":"first","11":"instock","12":"sale","13":"shipping-taxable","14":"product-type-external"},"yoast_head":"<!-- This site is optimized with the Yoast SEO Premium plugin v20.6 (Yoast SEO v21.8.1) - https:\/\/yoast.com\/wordpress\/plugins\/seo\/ -->\n<title>Corps Maigre Pack - LiveGooD Shop<\/title>\n<meta name=\"robots\" content=\"index, follow, max-snippet:-1, max-image-preview:large, max-video-preview:-1\" \/>\n<link rel=\"canonical\" href=\"https:\/\/livegood.network\/shop\/fr-fr\/product\/lean-body-pack-fr-fr\/\" \/>\n<meta property=\"og:locale\" content=\"en_US\" \/>\n<meta property=\"og:type\" content=\"article\" \/>\n<meta property=\"og:title\" content=\"Corps Maigre Pack\" \/>\n<meta property=\"og:description\" content=\"2 prot\u00e9ines v\u00e9g\u00e9tales compl\u00e8tes  Multi-Vitamine Compl\u00e8te Bio-Active Pour Homme ou Femme  Punch aux Fruits Essential Aminos\/Citron Lime  Complexe Ultra Magn\u00e9sium  D3-K2 2000\" \/>\n<meta property=\"og:url\" content=\"https:\/\/livegood.network\/shop\/fr-fr\/product\/lean-body-pack-fr-fr\/\" \/>\n<meta property=\"article:publisher\" content=\"https:\/\/www.facebook.com\/livegoodhello\" \/>\n<meta property=\"article:modified_time\" content=\"2024-07-28T17:45:57+00:00\" \/>\n<meta property=\"og:image\" content=\"https:\/\/livegood.network\/shop\/wp-content\/uploads\/2024\/01\/lean-body-pack-tile-livegood.png\" \/>\n\t<meta property=\"og:image:width\" content=\"1000\" \/>\n\t<meta property=\"og:image:height\" content=\"600\" \/>\n\t<meta property=\"og:image:type\" content=\"image\/png\" \/>\n<meta name=\"twitter:card\" content=\"summary_large_image\" \/>\n<meta name=\"twitter:label1\" content=\"Est. reading time\" \/>\n\t<meta name=\"twitter:data1\" content=\"5 minutes\" \/>\n<script type=\"application\/ld+json\" class=\"yoast-schema-graph\">{\"@context\":\"https:\/\/schema.org\",\"@graph\":[{\"@type\":\"WebPage\",\"@id\":\"https:\/\/livegood.network\/shop\/fr-fr\/product\/lean-body-pack-fr-fr\/\",\"url\":\"https:\/\/livegood.network\/shop\/fr-fr\/product\/lean-body-pack-fr-fr\/\",\"name\":\"Corps Maigre Pack - LiveGooD Shop\",\"isPartOf\":{\"@id\":\"https:\/\/livegood.network\/shop\/#website\"},\"datePublished\":\"2024-01-29T11:50:58+00:00\",\"dateModified\":\"2024-07-28T17:45:57+00:00\",\"breadcrumb\":{\"@id\":\"https:\/\/livegood.network\/shop\/fr-fr\/product\/lean-body-pack-fr-fr\/#breadcrumb\"},\"inLanguage\":\"en-US\",\"potentialAction\":[{\"@type\":\"ReadAction\",\"target\":[\"https:\/\/livegood.network\/shop\/fr-fr\/product\/lean-body-pack-fr-fr\/\"]}]},{\"@type\":\"BreadcrumbList\",\"@id\":\"https:\/\/livegood.network\/shop\/fr-fr\/product\/lean-body-pack-fr-fr\/#breadcrumb\",\"itemListElement\":[{\"@type\":\"ListItem\",\"position\":1,\"name\":\"Home\",\"item\":\"https:\/\/livegood.network\/shop\/pt-br\/\"},{\"@type\":\"ListItem\",\"position\":2,\"name\":\"Shop\",\"item\":\"https:\/\/livegood.network\/shop\/shop\/\"},{\"@type\":\"ListItem\",\"position\":3,\"name\":\"Corps Maigre Pack\"}]},{\"@type\":\"WebSite\",\"@id\":\"https:\/\/livegood.network\/shop\/#website\",\"url\":\"https:\/\/livegood.network\/shop\/\",\"name\":\"LiveGooD Shop\",\"description\":\"\",\"publisher\":{\"@id\":\"https:\/\/livegood.network\/shop\/#organization\"},\"potentialAction\":[{\"@type\":\"SearchAction\",\"target\":{\"@type\":\"EntryPoint\",\"urlTemplate\":\"https:\/\/livegood.network\/shop\/?s={search_term_string}\"},\"query-input\":\"required name=search_term_string\"}],\"inLanguage\":\"en-US\"},{\"@type\":\"Organization\",\"@id\":\"https:\/\/livegood.network\/shop\/#organization\",\"name\":\"LiveGooD\",\"url\":\"https:\/\/livegood.network\/shop\/\",\"logo\":{\"@type\":\"ImageObject\",\"inLanguage\":\"en-US\",\"@id\":\"https:\/\/livegood.network\/shop\/#\/schema\/logo\/image\/\",\"url\":\"https:\/\/livegood.network\/shop\/wp-content\/uploads\/2024\/01\/logo-livegood-shop-main.png\",\"contentUrl\":\"https:\/\/livegood.network\/shop\/wp-content\/uploads\/2024\/01\/logo-livegood-shop-main.png\",\"width\":373,\"height\":115,\"caption\":\"LiveGooD\"},\"image\":{\"@id\":\"https:\/\/livegood.network\/shop\/#\/schema\/logo\/image\/\"},\"sameAs\":[\"https:\/\/www.facebook.com\/livegoodhello\"]}]}<\/script>\n<!-- \/ Yoast SEO Premium plugin. -->","yoast_head_json":{"title":"Corps Maigre Pack - LiveGooD Shop","robots":{"index":"index","follow":"follow","max-snippet":"max-snippet:-1","max-image-preview":"max-image-preview:large","max-video-preview":"max-video-preview:-1"},"canonical":"https:\/\/livegood.network\/shop\/fr-fr\/product\/lean-body-pack-fr-fr\/","og_locale":"en_US","og_type":"article","og_title":"Corps Maigre Pack","og_description":"2 prot\u00e9ines v\u00e9g\u00e9tales compl\u00e8tes  Multi-Vitamine Compl\u00e8te Bio-Active Pour Homme ou Femme  Punch aux Fruits Essential Aminos\/Citron Lime  Complexe Ultra Magn\u00e9sium  D3-K2 2000","og_url":"https:\/\/livegood.network\/shop\/fr-fr\/product\/lean-body-pack-fr-fr\/","article_publisher":"https:\/\/www.facebook.com\/livegoodhello","article_modified_time":"2024-07-28T17:45:57+00:00","og_image":[{"width":1000,"height":600,"url":"https:\/\/livegood.network\/shop\/wp-content\/uploads\/2024\/01\/lean-body-pack-tile-livegood.png","type":"image\/png"}],"twitter_card":"summary_large_image","twitter_misc":{"Est. reading time":"5 minutes"},"schema":{"@context":"https:\/\/schema.org","@graph":[{"@type":"WebPage","@id":"https:\/\/livegood.network\/shop\/fr-fr\/product\/lean-body-pack-fr-fr\/","url":"https:\/\/livegood.network\/shop\/fr-fr\/product\/lean-body-pack-fr-fr\/","name":"Corps Maigre Pack - LiveGooD Shop","isPartOf":{"@id":"https:\/\/livegood.network\/shop\/#website"},"datePublished":"2024-01-29T11:50:58+00:00","dateModified":"2024-07-28T17:45:57+00:00","breadcrumb":{"@id":"https:\/\/livegood.network\/shop\/fr-fr\/product\/lean-body-pack-fr-fr\/#breadcrumb"},"inLanguage":"en-US","potentialAction":[{"@type":"ReadAction","target":["https:\/\/livegood.network\/shop\/fr-fr\/product\/lean-body-pack-fr-fr\/"]}]},{"@type":"BreadcrumbList","@id":"https:\/\/livegood.network\/shop\/fr-fr\/product\/lean-body-pack-fr-fr\/#breadcrumb","itemListElement":[{"@type":"ListItem","position":1,"name":"Home","item":"https:\/\/livegood.network\/shop\/pt-br\/"},{"@type":"ListItem","position":2,"name":"Shop","item":"https:\/\/livegood.network\/shop\/shop\/"},{"@type":"ListItem","position":3,"name":"Corps Maigre Pack"}]},{"@type":"WebSite","@id":"https:\/\/livegood.network\/shop\/#website","url":"https:\/\/livegood.network\/shop\/","name":"LiveGooD Shop","description":"","publisher":{"@id":"https:\/\/livegood.network\/shop\/#organization"},"potentialAction":[{"@type":"SearchAction","target":{"@type":"EntryPoint","urlTemplate":"https:\/\/livegood.network\/shop\/?s={search_term_string}"},"query-input":"required name=search_term_string"}],"inLanguage":"en-US"},{"@type":"Organization","@id":"https:\/\/livegood.network\/shop\/#organization","name":"LiveGooD","url":"https:\/\/livegood.network\/shop\/","logo":{"@type":"ImageObject","inLanguage":"en-US","@id":"https:\/\/livegood.network\/shop\/#\/schema\/logo\/image\/","url":"https:\/\/livegood.network\/shop\/wp-content\/uploads\/2024\/01\/logo-livegood-shop-main.png","contentUrl":"https:\/\/livegood.network\/shop\/wp-content\/uploads\/2024\/01\/logo-livegood-shop-main.png","width":373,"height":115,"caption":"LiveGooD"},"image":{"@id":"https:\/\/livegood.network\/shop\/#\/schema\/logo\/image\/"},"sameAs":["https:\/\/www.facebook.com\/livegoodhello"]}]}},"lang":"fr-fr","translations":{"fr-fr":1192,"pt-br":1204,"pt-pt":1194,"en-us":274,"es-es":1193,"vi":1195,"ru-ru":1196,"ko":1197},"pll_sync_post":[],"_links":{"self":[{"href":"https:\/\/livegood.network\/shop\/wp-json\/wp\/v2\/product\/1192","targetHints":{"allow":["GET"]}}],"collection":[{"href":"https:\/\/livegood.network\/shop\/wp-json\/wp\/v2\/product"}],"about":[{"href":"https:\/\/livegood.network\/shop\/wp-json\/wp\/v2\/types\/product"}],"replies":[{"embeddable":true,"href":"https:\/\/livegood.network\/shop\/wp-json\/wp\/v2\/comments?post=1192"}],"version-history":[{"count":3,"href":"https:\/\/livegood.network\/shop\/wp-json\/wp\/v2\/product\/1192\/revisions"}],"predecessor-version":[{"id":1580,"href":"https:\/\/livegood.network\/shop\/wp-json\/wp\/v2\/product\/1192\/revisions\/1580"}],"wp:featuredmedia":[{"embeddable":true,"href":"https:\/\/livegood.network\/shop\/wp-json\/wp\/v2\/media\/275"}],"wp:attachment":[{"href":"https:\/\/livegood.network\/shop\/wp-json\/wp\/v2\/media?parent=1192"}],"wp:term":[{"taxonomy":"product_brand","embeddable":true,"href":"https:\/\/livegood.network\/shop\/wp-json\/wp\/v2\/product_brand?post=1192"},{"taxonomy":"product_cat","embeddable":true,"href":"https:\/\/livegood.network\/shop\/wp-json\/wp\/v2\/product_cat?post=1192"},{"taxonomy":"product_tag","embeddable":true,"href":"https:\/\/livegood.network\/shop\/wp-json\/wp\/v2\/product_tag?post=1192"}],"curies":[{"name":"wp","href":"https:\/\/api.w.org\/{rel}","templated":true}]}}