{"id":671,"date":"2024-01-23T21:51:05","date_gmt":"2024-01-23T21:51:05","guid":{"rendered":"https:\/\/livegood.network\/shop\/?post_type=product&#038;p=671"},"modified":"2024-01-23T21:51:07","modified_gmt":"2024-01-23T21:51:07","slug":"limited-time-one-mission-t-shirt-vi","status":"publish","type":"product","link":"https:\/\/livegood.network\/shop\/vi\/product\/limited-time-one-mission-t-shirt-vi\/","title":{"rendered":"Th\u1eddi gian c\u00f3 h\u1ea1n \u2013 \u00c1o thun M\u1ed8T S\u1ee8 M\u1ec6NH"},"content":{"rendered":"<p><strong><span>Gi\u1edbi thi\u1ec7u phi\u00ean b\u1ea3n gi\u1edbi h\u1ea1n: \u00c1o ph\u00f4ng \u201cM\u1ed8T S\u1ee8 M\u1ec6NH\u201d c\u1ee7a LiveGood Institutional \u2013 H\u00e3y n\u1eafm b\u1eaft kho\u1ea3nh kh\u1eafc c\u1ee7a s\u1ef1 c\u1ed1ng hi\u1ebfn!<\/span><\/strong><\/p>\n<p><span>Kh\u00e1ch h\u00e0ng th\u00e2n m\u1ebfn,<\/span><\/p>\n<p><span>B\u1eaft tay v\u00e0o cu\u1ed9c h\u00e0nh tr\u00ecnh c\u1ee7a s\u1ef1 t\u1eadn t\u00e2m v\u00e0 phong c\u00e1ch v\u1edbi \u00c1o ph\u00f4ng \u201cM\u1ed8T NHI\u1ec6M V\u1ee4\u201d phi\u00ean b\u1ea3n gi\u1edbi h\u1ea1n c\u1ee7a LiveGood.\u00a0Phi\u00ean b\u1ea3n \u0111\u1ed9c quy\u1ec1n n\u00e0y kh\u00f4ng ch\u1ec9 c\u00f3 trang ph\u1ee5c;\u00a0\u0111\u00f3 l\u00e0 bi\u1ec3u t\u01b0\u1ee3ng cho s\u1ef1 cam k\u1ebft v\u1eefng ch\u1eafc c\u1ee7a b\u1ea1n \u0111\u1ed1i v\u1edbi m\u1ed9t cu\u1ed9c s\u1ed1ng tr\u00e0n \u0111\u1ea7y m\u1ee5c \u0111\u00edch v\u00e0 s\u1ef1 ng\u01b0\u1ee1ng m\u1ed9 \u0111\u1ed1i v\u1edbi \u0111\u1eb7c t\u00ednh LiveGood.<\/span><\/p>\n<p><strong><span>T\u1ea1i sao l\u1ea1i c\u00f3 chi\u1ebfc \u00e1o ph\u00f4ng \u201cM\u1ed8T NHI\u1ec6M V\u1ee4\u201d?<\/span><\/strong><\/p>\n<ol>\n<li><strong><span>\u0110\u1ed9c quy\u1ec1n trong th\u1eddi gian c\u00f3 h\u1ea1n:<\/span><\/strong><span>\u00a0H\u00e3y nhanh tay v\u00ec chi\u1ebfc \u00e1o ph\u00f4ng n\u00e0y ch\u1ec9 \u0111\u01b0\u1ee3c cung c\u1ea5p trong th\u1eddi gian c\u00f3 h\u1ea1n!\u00a0H\u00e3y l\u00e0 th\u00e0nh vi\u00ean c\u1ee7a nh\u00f3m \u01b0u t\u00fa th\u1ec3 hi\u1ec7n l\u00f2ng trung th\u00e0nh v\u1edbi s\u1ee9 m\u1ec7nh c\u1ee7a LiveGood.<\/span><\/li>\n<li><strong><span>Thi\u1ebft k\u1ebf trao quy\u1ec1n:<\/span><\/strong><span>\u00a0Tuy\u00ean b\u1ed1 \u201cM\u1ed8T S\u1ee8 M\u1ec6NH\u201d t\u00e1o b\u1ea1o kh\u00f4ng ch\u1ec9 l\u00e0 l\u1eddi n\u00f3i tr\u00ean v\u1ea3i;\u00a0\u0111\u00f3 l\u00e0 s\u1ef1 kh\u1eb3ng \u0111\u1ecbnh h\u00e0ng ng\u00e0y v\u1ec1 s\u1ef1 c\u1ed1ng hi\u1ebfn c\u1ee7a b\u1ea1n cho m\u1ed9t m\u1ee5c ti\u00eau duy nh\u1ea5t &#8211; m\u1ed9t cu\u1ed9c s\u1ed1ng tr\u1ecdn v\u1eb9n.<\/span><\/li>\n<li><strong><span>Thanh l\u1ecbch tho\u1ea3i m\u00e1i:<\/span><\/strong><span>\u00a0\u0110\u01b0\u1ee3c ch\u1ebf t\u1ea1o b\u1eb1ng nh\u1eefng ch\u1ea5t li\u1ec7u t\u1ed1t nh\u1ea5t, chi\u1ebfc \u00e1o ph\u00f4ng n\u00e0y k\u1ebft h\u1ee3p ho\u00e0n h\u1ea3o gi\u1eefa s\u1ef1 tho\u1ea3i m\u00e1i v\u00e0 phong c\u00e1ch.\u00a0N\u00f3 kh\u00f4ng ch\u1ec9 l\u00e0 m\u1ed9t b\u1ed9 qu\u1ea7n \u00e1o;\u00a0\u0111\u00f3 l\u00e0 ph\u1ea7n m\u1edf r\u1ed9ng danh t\u00ednh c\u1ee7a b\u1ea1n.<\/span><\/li>\n<\/ol>\n<blockquote>\n<h5><span>M\u1eb7c chi\u1ebfc \u00e1o ph\u00f4ng \u201cM\u1ed8T S\u1ee8 M\u1ec6NH\u201d c\u1ee7a LiveGood Institutional kh\u00f4ng ch\u1ec9 l\u00e0 m\u1ed9t h\u00e0nh \u0111\u1ed9ng th\u1eddi trang;\u00a0\u0111\u00f3 l\u00e0 l\u1eddi tuy\u00ean b\u1ed1 v\u1ec1 cam k\u1ebft c\u1ee7a b\u1ea1n \u0111\u1ed1i v\u1edbi m\u1ed9t cu\u1ed9c s\u1ed1ng c\u00f3 m\u1ee5c \u0111\u00edch.<\/span><\/h5>\n<\/blockquote>\n<p><span>H\u00e3y n\u1eafm b\u1eaft c\u01a1 h\u1ed9i trong th\u1eddi gian c\u00f3 h\u1ea1n n\u00e0y \u0111\u1ec3 th\u1ec3 hi\u1ec7n s\u1ef1 t\u1eadn t\u00e2m c\u1ee7a b\u1ea1n.\u00a0S\u1ed1ng v\u1edbi m\u1ed9t s\u1ee9 m\u1ec7nh \u2013 LiveGood!<\/span><\/p>\n<p><span>Tr\u00e2n tr\u1ecdng,<\/span><\/p>\n","protected":false},"excerpt":{"rendered":"<p><img decoding=\"async\" class=\"emoji\" role=\"img\" draggable=\"false\" src=\"https:\/\/s.w.org\/images\/core\/emoji\/14.0.0\/svg\/1f49a.svg\" alt=\"????\" \/><span>Nhi\u1ec1u m\u1eabu m\u00e3 kh\u00e1c nhau<\/span><br \/>\n<img decoding=\"async\" class=\"emoji\" role=\"img\" draggable=\"false\" src=\"https:\/\/s.w.org\/images\/core\/emoji\/14.0.0\/svg\/1f49a.svg\" alt=\"????\" \/><span>Th\u1ec3 hi\u1ec7n t\u00ecnh y\u00eau v\u1edbi LiveGooD!<\/span><\/p>\n<h6><span>K\u00edch th\u01b0\u1edbc c\u00f3 s\u1eb5n:<\/span><\/h6>\n<ul>\n<li><label for=\"54\"><span>S<\/span><\/label><\/li>\n<li><label for=\"55\"><span>M<\/span><\/label><\/li>\n<li><label for=\"56\"><span>L<\/span><\/label><\/li>\n<li><label for=\"57\"><span>XL<\/span><\/label><\/li>\n<li><label for=\"58\"><span>XXL<\/span><\/label><\/li>\n<\/ul>\n<h6 dir=\"ltr\" data-setdir=\"false\"><span style=\"color: #ff0000;\"><em>*\u00c1o thun c\u00f3 TH\u1edcI GIAN GI\u1edaI H\u1ea0N n\u00e0y s\u1ebd KH\u00d4NG BAO GI\u1edc \u0111\u01b0\u1ee3c in l\u1ea1i.\u00a0Nh\u1eadn c\u1ee7a b\u1ea1n b\u00e2y gi\u1edd trong khi ngu\u1ed3n cung c\u1ea5p cu\u1ed1i c\u00f9ng!<\/em><\/span><br \/>\n<span style=\"color: #ff0000;\"><em>M\u1ed8T T\u1ea6M NH\u00ccN!\u00a0M\u1ed8T S\u1ee8 M\u1ec6NH!\u00a0THAY \u0110\u1ed4I TH\u1ebe GI\u1edaI C\u00d9NG NHAU!<\/em><\/span><\/h6>\n","protected":false},"featured_media":321,"comment_status":"open","ping_status":"closed","template":"","meta":[],"product_brand":[],"product_cat":[142],"product_tag":[3719],"class_list":{"0":"post-671","1":"product","2":"type-product","3":"status-publish","4":"has-post-thumbnail","6":"product_cat-accessories-vi","7":"product_tag-unisex-vi","9":"first","10":"instock","11":"featured","12":"shipping-taxable","13":"product-type-external"},"yoast_head":"<!-- This site is optimized with the Yoast SEO Premium plugin v20.6 (Yoast SEO v21.8.1) - https:\/\/yoast.com\/wordpress\/plugins\/seo\/ -->\n<title>Th\u1eddi gian c\u00f3 h\u1ea1n \u2013 \u00c1o thun M\u1ed8T S\u1ee8 M\u1ec6NH - LiveGooD Shop<\/title>\n<meta name=\"robots\" content=\"index, follow, max-snippet:-1, max-image-preview:large, max-video-preview:-1\" \/>\n<link rel=\"canonical\" href=\"https:\/\/livegood.network\/shop\/vi\/product\/limited-time-one-mission-t-shirt-vi\/\" \/>\n<meta property=\"og:locale\" content=\"en_US\" \/>\n<meta property=\"og:type\" content=\"article\" \/>\n<meta property=\"og:title\" content=\"Th\u1eddi gian c\u00f3 h\u1ea1n \u2013 \u00c1o thun M\u1ed8T S\u1ee8 M\u1ec6NH\" \/>\n<meta property=\"og:description\" content=\"Nhi\u1ec1u m\u1eabu m\u00e3 kh\u00e1c nhau Th\u1ec3 hi\u1ec7n t\u00ecnh y\u00eau v\u1edbi LiveGooD! K\u00edch th\u01b0\u1edbc c\u00f3 s\u1eb5n:   S  M  L  XL  XXL  *\u00c1o thun c\u00f3 TH\u1edcI GIAN GI\u1edaI H\u1ea0N n\u00e0y s\u1ebd KH\u00d4NG BAO GI\u1edc \u0111\u01b0\u1ee3c in l\u1ea1i.\u00a0Nh\u1eadn c\u1ee7a b\u1ea1n b\u00e2y gi\u1edd trong khi ngu\u1ed3n cung c\u1ea5p cu\u1ed1i c\u00f9ng! M\u1ed8T T\u1ea6M NH\u00ccN!\u00a0M\u1ed8T S\u1ee8 M\u1ec6NH!\u00a0THAY \u0110\u1ed4I TH\u1ebe GI\u1edaI C\u00d9NG NHAU!\" \/>\n<meta property=\"og:url\" content=\"https:\/\/livegood.network\/shop\/vi\/product\/limited-time-one-mission-t-shirt-vi\/\" \/>\n<meta property=\"article:publisher\" content=\"https:\/\/www.facebook.com\/livegoodhello\" \/>\n<meta property=\"article:modified_time\" content=\"2024-01-23T21:51:07+00:00\" \/>\n<meta property=\"og:image\" content=\"https:\/\/livegood.network\/shop\/wp-content\/uploads\/2024\/01\/one-mission-t-shirt-livegood-1.png\" \/>\n\t<meta property=\"og:image:width\" content=\"550\" \/>\n\t<meta property=\"og:image:height\" content=\"550\" \/>\n\t<meta property=\"og:image:type\" content=\"image\/png\" \/>\n<meta name=\"twitter:card\" content=\"summary_large_image\" \/>\n<meta name=\"twitter:label1\" content=\"Est. reading time\" \/>\n\t<meta name=\"twitter:data1\" content=\"2 minutes\" \/>\n<script type=\"application\/ld+json\" class=\"yoast-schema-graph\">{\"@context\":\"https:\/\/schema.org\",\"@graph\":[{\"@type\":\"WebPage\",\"@id\":\"https:\/\/livegood.network\/shop\/vi\/product\/limited-time-one-mission-t-shirt-vi\/\",\"url\":\"https:\/\/livegood.network\/shop\/vi\/product\/limited-time-one-mission-t-shirt-vi\/\",\"name\":\"Th\u1eddi gian c\u00f3 h\u1ea1n \u2013 \u00c1o thun M\u1ed8T S\u1ee8 M\u1ec6NH - LiveGooD Shop\",\"isPartOf\":{\"@id\":\"https:\/\/livegood.network\/shop\/#website\"},\"datePublished\":\"2024-01-23T21:51:05+00:00\",\"dateModified\":\"2024-01-23T21:51:07+00:00\",\"breadcrumb\":{\"@id\":\"https:\/\/livegood.network\/shop\/vi\/product\/limited-time-one-mission-t-shirt-vi\/#breadcrumb\"},\"inLanguage\":\"en-US\",\"potentialAction\":[{\"@type\":\"ReadAction\",\"target\":[\"https:\/\/livegood.network\/shop\/vi\/product\/limited-time-one-mission-t-shirt-vi\/\"]}]},{\"@type\":\"BreadcrumbList\",\"@id\":\"https:\/\/livegood.network\/shop\/vi\/product\/limited-time-one-mission-t-shirt-vi\/#breadcrumb\",\"itemListElement\":[{\"@type\":\"ListItem\",\"position\":1,\"name\":\"Home\",\"item\":\"https:\/\/livegood.network\/shop\/pt-br\/\"},{\"@type\":\"ListItem\",\"position\":2,\"name\":\"Shop\",\"item\":\"https:\/\/livegood.network\/shop\/shop\/\"},{\"@type\":\"ListItem\",\"position\":3,\"name\":\"Th\u1eddi gian c\u00f3 h\u1ea1n \u2013 \u00c1o thun M\u1ed8T S\u1ee8 M\u1ec6NH\"}]},{\"@type\":\"WebSite\",\"@id\":\"https:\/\/livegood.network\/shop\/#website\",\"url\":\"https:\/\/livegood.network\/shop\/\",\"name\":\"LiveGooD Shop\",\"description\":\"\",\"publisher\":{\"@id\":\"https:\/\/livegood.network\/shop\/#organization\"},\"potentialAction\":[{\"@type\":\"SearchAction\",\"target\":{\"@type\":\"EntryPoint\",\"urlTemplate\":\"https:\/\/livegood.network\/shop\/?s={search_term_string}\"},\"query-input\":\"required name=search_term_string\"}],\"inLanguage\":\"en-US\"},{\"@type\":\"Organization\",\"@id\":\"https:\/\/livegood.network\/shop\/#organization\",\"name\":\"LiveGooD\",\"url\":\"https:\/\/livegood.network\/shop\/\",\"logo\":{\"@type\":\"ImageObject\",\"inLanguage\":\"en-US\",\"@id\":\"https:\/\/livegood.network\/shop\/#\/schema\/logo\/image\/\",\"url\":\"https:\/\/livegood.network\/shop\/wp-content\/uploads\/2024\/01\/logo-livegood-shop-main.png\",\"contentUrl\":\"https:\/\/livegood.network\/shop\/wp-content\/uploads\/2024\/01\/logo-livegood-shop-main.png\",\"width\":373,\"height\":115,\"caption\":\"LiveGooD\"},\"image\":{\"@id\":\"https:\/\/livegood.network\/shop\/#\/schema\/logo\/image\/\"},\"sameAs\":[\"https:\/\/www.facebook.com\/livegoodhello\"]}]}<\/script>\n<!-- \/ Yoast SEO Premium plugin. -->","yoast_head_json":{"title":"Th\u1eddi gian c\u00f3 h\u1ea1n \u2013 \u00c1o thun M\u1ed8T S\u1ee8 M\u1ec6NH - LiveGooD Shop","robots":{"index":"index","follow":"follow","max-snippet":"max-snippet:-1","max-image-preview":"max-image-preview:large","max-video-preview":"max-video-preview:-1"},"canonical":"https:\/\/livegood.network\/shop\/vi\/product\/limited-time-one-mission-t-shirt-vi\/","og_locale":"en_US","og_type":"article","og_title":"Th\u1eddi gian c\u00f3 h\u1ea1n \u2013 \u00c1o thun M\u1ed8T S\u1ee8 M\u1ec6NH","og_description":"Nhi\u1ec1u m\u1eabu m\u00e3 kh\u00e1c nhau Th\u1ec3 hi\u1ec7n t\u00ecnh y\u00eau v\u1edbi LiveGooD! K\u00edch th\u01b0\u1edbc c\u00f3 s\u1eb5n:   S  M  L  XL  XXL  *\u00c1o thun c\u00f3 TH\u1edcI GIAN GI\u1edaI H\u1ea0N n\u00e0y s\u1ebd KH\u00d4NG BAO GI\u1edc \u0111\u01b0\u1ee3c in l\u1ea1i.\u00a0Nh\u1eadn c\u1ee7a b\u1ea1n b\u00e2y gi\u1edd trong khi ngu\u1ed3n cung c\u1ea5p cu\u1ed1i c\u00f9ng! M\u1ed8T T\u1ea6M NH\u00ccN!\u00a0M\u1ed8T S\u1ee8 M\u1ec6NH!\u00a0THAY \u0110\u1ed4I TH\u1ebe GI\u1edaI C\u00d9NG NHAU!","og_url":"https:\/\/livegood.network\/shop\/vi\/product\/limited-time-one-mission-t-shirt-vi\/","article_publisher":"https:\/\/www.facebook.com\/livegoodhello","article_modified_time":"2024-01-23T21:51:07+00:00","og_image":[{"width":550,"height":550,"url":"https:\/\/livegood.network\/shop\/wp-content\/uploads\/2024\/01\/one-mission-t-shirt-livegood-1.png","type":"image\/png"}],"twitter_card":"summary_large_image","twitter_misc":{"Est. reading time":"2 minutes"},"schema":{"@context":"https:\/\/schema.org","@graph":[{"@type":"WebPage","@id":"https:\/\/livegood.network\/shop\/vi\/product\/limited-time-one-mission-t-shirt-vi\/","url":"https:\/\/livegood.network\/shop\/vi\/product\/limited-time-one-mission-t-shirt-vi\/","name":"Th\u1eddi gian c\u00f3 h\u1ea1n \u2013 \u00c1o thun M\u1ed8T S\u1ee8 M\u1ec6NH - LiveGooD Shop","isPartOf":{"@id":"https:\/\/livegood.network\/shop\/#website"},"datePublished":"2024-01-23T21:51:05+00:00","dateModified":"2024-01-23T21:51:07+00:00","breadcrumb":{"@id":"https:\/\/livegood.network\/shop\/vi\/product\/limited-time-one-mission-t-shirt-vi\/#breadcrumb"},"inLanguage":"en-US","potentialAction":[{"@type":"ReadAction","target":["https:\/\/livegood.network\/shop\/vi\/product\/limited-time-one-mission-t-shirt-vi\/"]}]},{"@type":"BreadcrumbList","@id":"https:\/\/livegood.network\/shop\/vi\/product\/limited-time-one-mission-t-shirt-vi\/#breadcrumb","itemListElement":[{"@type":"ListItem","position":1,"name":"Home","item":"https:\/\/livegood.network\/shop\/pt-br\/"},{"@type":"ListItem","position":2,"name":"Shop","item":"https:\/\/livegood.network\/shop\/shop\/"},{"@type":"ListItem","position":3,"name":"Th\u1eddi gian c\u00f3 h\u1ea1n \u2013 \u00c1o thun M\u1ed8T S\u1ee8 M\u1ec6NH"}]},{"@type":"WebSite","@id":"https:\/\/livegood.network\/shop\/#website","url":"https:\/\/livegood.network\/shop\/","name":"LiveGooD Shop","description":"","publisher":{"@id":"https:\/\/livegood.network\/shop\/#organization"},"potentialAction":[{"@type":"SearchAction","target":{"@type":"EntryPoint","urlTemplate":"https:\/\/livegood.network\/shop\/?s={search_term_string}"},"query-input":"required name=search_term_string"}],"inLanguage":"en-US"},{"@type":"Organization","@id":"https:\/\/livegood.network\/shop\/#organization","name":"LiveGooD","url":"https:\/\/livegood.network\/shop\/","logo":{"@type":"ImageObject","inLanguage":"en-US","@id":"https:\/\/livegood.network\/shop\/#\/schema\/logo\/image\/","url":"https:\/\/livegood.network\/shop\/wp-content\/uploads\/2024\/01\/logo-livegood-shop-main.png","contentUrl":"https:\/\/livegood.network\/shop\/wp-content\/uploads\/2024\/01\/logo-livegood-shop-main.png","width":373,"height":115,"caption":"LiveGooD"},"image":{"@id":"https:\/\/livegood.network\/shop\/#\/schema\/logo\/image\/"},"sameAs":["https:\/\/www.facebook.com\/livegoodhello"]}]}},"lang":"vi","translations":{"vi":671,"en-us":320,"pt-br":586,"pt-pt":616,"fr-fr":669,"es-es":670,"ko":673,"ru-ru":672},"pll_sync_post":[],"_links":{"self":[{"href":"https:\/\/livegood.network\/shop\/wp-json\/wp\/v2\/product\/671","targetHints":{"allow":["GET"]}}],"collection":[{"href":"https:\/\/livegood.network\/shop\/wp-json\/wp\/v2\/product"}],"about":[{"href":"https:\/\/livegood.network\/shop\/wp-json\/wp\/v2\/types\/product"}],"replies":[{"embeddable":true,"href":"https:\/\/livegood.network\/shop\/wp-json\/wp\/v2\/comments?post=671"}],"version-history":[{"count":0,"href":"https:\/\/livegood.network\/shop\/wp-json\/wp\/v2\/product\/671\/revisions"}],"wp:featuredmedia":[{"embeddable":true,"href":"https:\/\/livegood.network\/shop\/wp-json\/wp\/v2\/media\/321"}],"wp:attachment":[{"href":"https:\/\/livegood.network\/shop\/wp-json\/wp\/v2\/media?parent=671"}],"wp:term":[{"taxonomy":"product_brand","embeddable":true,"href":"https:\/\/livegood.network\/shop\/wp-json\/wp\/v2\/product_brand?post=671"},{"taxonomy":"product_cat","embeddable":true,"href":"https:\/\/livegood.network\/shop\/wp-json\/wp\/v2\/product_cat?post=671"},{"taxonomy":"product_tag","embeddable":true,"href":"https:\/\/livegood.network\/shop\/wp-json\/wp\/v2\/product_tag?post=671"}],"curies":[{"name":"wp","href":"https:\/\/api.w.org\/{rel}","templated":true}]}}