{"id":695,"date":"2024-01-23T22:27:43","date_gmt":"2024-01-23T22:27:43","guid":{"rendered":"https:\/\/livegood.network\/shop\/?post_type=product&#038;p=695"},"modified":"2024-01-23T22:28:03","modified_gmt":"2024-01-23T22:28:03","slug":"shaker-bottle-pt-br","status":"publish","type":"product","link":"https:\/\/livegood.network\/shop\/pt-br\/product\/shaker-bottle-pt-br\/","title":{"rendered":"Garrafa Shaker"},"content":{"rendered":"<p><strong>Apresenta\u00e7\u00e3o Exclusiva: Garrafa Shaker Institucional LiveGood \u2013 Eleve sua Devo\u00e7\u00e3o!<\/strong><\/p>\n<p><em>Ol\u00e1 cliente,<\/em><\/p>\n<p><em>Temos o prazer de revelar uma nova adi\u00e7\u00e3o \u00e0 fam\u00edlia LiveGood \u2013 nossa Garrafa Shaker Institucional!\u00a0Criada para nossos entusiastas devotos, esta Garrafa Shaker \u00e9 mais do que um mero item utilit\u00e1rio;\u00a0\u00e9 um s\u00edmbolo da sua devo\u00e7\u00e3o e admira\u00e7\u00e3o pela marca LiveGood.<\/em><\/p>\n<p><strong>Por que adotar a garrafa Shaker Institucional LiveGood?<\/strong><\/p>\n<ol>\n<li><strong>Projetado para devotos:<\/strong>\u00a0todos os aspectos da nossa garrafa shaker s\u00e3o meticulosamente elaborados para incorporar o esp\u00edrito do LiveGood, refletindo seu compromisso com um estilo de vida saud\u00e1vel e saud\u00e1vel.<\/li>\n<li><strong>Funcionalidade elegante:<\/strong>\u00a0com um design elegante e o ic\u00f4nico logotipo LiveGood, nossa Shaker Bottle combina perfeitamente estilo com funcionalidade, tornando-a um acess\u00f3rio essencial para sua rotina de exerc\u00edcios.<\/li>\n<li><strong>Artesanato de qualidade:<\/strong>\u00a0constru\u00edda com materiais premium e dur\u00e1veis, nossa garrafa Shaker \u00e9 uma prova do compromisso da LiveGood com a qualidade.\u00a0N\u00e3o \u00e9 apenas uma garrafa;\u00a0\u00e9 um companheiro duradouro em sua jornada para o bem-estar.<\/li>\n<\/ol>\n<p><strong>O que sua garrafa Shaker representa?<\/strong><\/p>\n<p>Escolher a Garrafa Shaker Institucional LiveGood \u00e9 uma declara\u00e7\u00e3o &#8211; uma declara\u00e7\u00e3o de que sua dedica\u00e7\u00e3o a uma vida vibrante e saud\u00e1vel \u00e9 inabal\u00e1vel.<\/p>\n<blockquote>\n<h5>A Garrafa Shaker Institucional LiveGood n\u00e3o \u00e9 apenas um acess\u00f3rio;\u00a0\u00e9 um s\u00edmbolo de pertencimento a uma comunidade dedicada \u00e0 busca incans\u00e1vel pelo bem-estar.\u00a0Venha, junte-se a n\u00f3s nesta jornada!<\/h5>\n<\/blockquote>\n<p><em><strong>Junte-se a n\u00f3s, viva bem, viva o LiveGood!<\/strong><\/em><\/p>\n<p>Atenciosamente,<\/p>\n","protected":false},"excerpt":{"rendered":"<p><img decoding=\"async\" class=\"emoji\" role=\"img\" draggable=\"false\" src=\"https:\/\/s.w.org\/images\/core\/emoji\/14.0.0\/svg\/1f49a.svg\" alt=\"????\" \/>V\u00e1rios modelos<br \/>\n<img decoding=\"async\" class=\"emoji\" role=\"img\" draggable=\"false\" src=\"https:\/\/s.w.org\/images\/core\/emoji\/14.0.0\/svg\/1f49a.svg\" alt=\"????\" \/>Mostre amor ao LiveGooD!<\/p>\n<p>Garrafa Shaker de 5 pe\u00e7as<\/p>\n","protected":false},"featured_media":310,"comment_status":"open","ping_status":"closed","template":"","meta":[],"product_brand":[],"product_cat":[87],"product_tag":[3886],"class_list":{"0":"post-695","1":"product","2":"type-product","3":"status-publish","4":"has-post-thumbnail","6":"product_cat-accessories-pt-br","7":"product_tag-for-everyone-pt-br","9":"first","10":"instock","11":"shipping-taxable","12":"product-type-external"},"yoast_head":"<!-- This site is optimized with the Yoast SEO Premium plugin v20.6 (Yoast SEO v21.8.1) - https:\/\/yoast.com\/wordpress\/plugins\/seo\/ -->\n<title>Garrafa Shaker - LiveGooD Shop<\/title>\n<meta name=\"robots\" content=\"index, follow, max-snippet:-1, max-image-preview:large, max-video-preview:-1\" \/>\n<link rel=\"canonical\" href=\"https:\/\/livegood.network\/shop\/pt-br\/product\/shaker-bottle-pt-br\/\" \/>\n<meta property=\"og:locale\" content=\"en_US\" \/>\n<meta property=\"og:type\" content=\"article\" \/>\n<meta property=\"og:title\" content=\"Garrafa Shaker\" \/>\n<meta property=\"og:description\" content=\"V\u00e1rios modelos Mostre amor ao LiveGooD!  Garrafa Shaker de 5 pe\u00e7as\" \/>\n<meta property=\"og:url\" content=\"https:\/\/livegood.network\/shop\/pt-br\/product\/shaker-bottle-pt-br\/\" \/>\n<meta property=\"article:publisher\" content=\"https:\/\/www.facebook.com\/livegoodhello\" \/>\n<meta property=\"article:modified_time\" content=\"2024-01-23T22:28:03+00:00\" \/>\n<meta property=\"og:image\" content=\"https:\/\/livegood.network\/shop\/wp-content\/uploads\/2024\/01\/shaker-bottle-black-livegood.png\" \/>\n\t<meta property=\"og:image:width\" content=\"1000\" \/>\n\t<meta property=\"og:image:height\" content=\"1000\" \/>\n\t<meta property=\"og:image:type\" content=\"image\/png\" \/>\n<meta name=\"twitter:card\" content=\"summary_large_image\" \/>\n<meta name=\"twitter:label1\" content=\"Est. reading time\" \/>\n\t<meta name=\"twitter:data1\" content=\"2 minutes\" \/>\n<script type=\"application\/ld+json\" class=\"yoast-schema-graph\">{\"@context\":\"https:\/\/schema.org\",\"@graph\":[{\"@type\":\"WebPage\",\"@id\":\"https:\/\/livegood.network\/shop\/pt-br\/product\/shaker-bottle-pt-br\/\",\"url\":\"https:\/\/livegood.network\/shop\/pt-br\/product\/shaker-bottle-pt-br\/\",\"name\":\"Garrafa Shaker - LiveGooD Shop\",\"isPartOf\":{\"@id\":\"https:\/\/livegood.network\/shop\/#website\"},\"datePublished\":\"2024-01-23T22:27:43+00:00\",\"dateModified\":\"2024-01-23T22:28:03+00:00\",\"breadcrumb\":{\"@id\":\"https:\/\/livegood.network\/shop\/pt-br\/product\/shaker-bottle-pt-br\/#breadcrumb\"},\"inLanguage\":\"en-US\",\"potentialAction\":[{\"@type\":\"ReadAction\",\"target\":[\"https:\/\/livegood.network\/shop\/pt-br\/product\/shaker-bottle-pt-br\/\"]}]},{\"@type\":\"BreadcrumbList\",\"@id\":\"https:\/\/livegood.network\/shop\/pt-br\/product\/shaker-bottle-pt-br\/#breadcrumb\",\"itemListElement\":[{\"@type\":\"ListItem\",\"position\":1,\"name\":\"Home\",\"item\":\"https:\/\/livegood.network\/shop\/pt-br\/\"},{\"@type\":\"ListItem\",\"position\":2,\"name\":\"Shop\",\"item\":\"https:\/\/livegood.network\/shop\/shop\/\"},{\"@type\":\"ListItem\",\"position\":3,\"name\":\"Garrafa Shaker\"}]},{\"@type\":\"WebSite\",\"@id\":\"https:\/\/livegood.network\/shop\/#website\",\"url\":\"https:\/\/livegood.network\/shop\/\",\"name\":\"LiveGooD Shop\",\"description\":\"\",\"publisher\":{\"@id\":\"https:\/\/livegood.network\/shop\/#organization\"},\"potentialAction\":[{\"@type\":\"SearchAction\",\"target\":{\"@type\":\"EntryPoint\",\"urlTemplate\":\"https:\/\/livegood.network\/shop\/?s={search_term_string}\"},\"query-input\":\"required name=search_term_string\"}],\"inLanguage\":\"en-US\"},{\"@type\":\"Organization\",\"@id\":\"https:\/\/livegood.network\/shop\/#organization\",\"name\":\"LiveGooD\",\"url\":\"https:\/\/livegood.network\/shop\/\",\"logo\":{\"@type\":\"ImageObject\",\"inLanguage\":\"en-US\",\"@id\":\"https:\/\/livegood.network\/shop\/#\/schema\/logo\/image\/\",\"url\":\"https:\/\/livegood.network\/shop\/wp-content\/uploads\/2024\/01\/logo-livegood-shop-main.png\",\"contentUrl\":\"https:\/\/livegood.network\/shop\/wp-content\/uploads\/2024\/01\/logo-livegood-shop-main.png\",\"width\":373,\"height\":115,\"caption\":\"LiveGooD\"},\"image\":{\"@id\":\"https:\/\/livegood.network\/shop\/#\/schema\/logo\/image\/\"},\"sameAs\":[\"https:\/\/www.facebook.com\/livegoodhello\"]}]}<\/script>\n<!-- \/ Yoast SEO Premium plugin. -->","yoast_head_json":{"title":"Garrafa Shaker - LiveGooD Shop","robots":{"index":"index","follow":"follow","max-snippet":"max-snippet:-1","max-image-preview":"max-image-preview:large","max-video-preview":"max-video-preview:-1"},"canonical":"https:\/\/livegood.network\/shop\/pt-br\/product\/shaker-bottle-pt-br\/","og_locale":"en_US","og_type":"article","og_title":"Garrafa Shaker","og_description":"V\u00e1rios modelos Mostre amor ao LiveGooD!  Garrafa Shaker de 5 pe\u00e7as","og_url":"https:\/\/livegood.network\/shop\/pt-br\/product\/shaker-bottle-pt-br\/","article_publisher":"https:\/\/www.facebook.com\/livegoodhello","article_modified_time":"2024-01-23T22:28:03+00:00","og_image":[{"width":1000,"height":1000,"url":"https:\/\/livegood.network\/shop\/wp-content\/uploads\/2024\/01\/shaker-bottle-black-livegood.png","type":"image\/png"}],"twitter_card":"summary_large_image","twitter_misc":{"Est. reading time":"2 minutes"},"schema":{"@context":"https:\/\/schema.org","@graph":[{"@type":"WebPage","@id":"https:\/\/livegood.network\/shop\/pt-br\/product\/shaker-bottle-pt-br\/","url":"https:\/\/livegood.network\/shop\/pt-br\/product\/shaker-bottle-pt-br\/","name":"Garrafa Shaker - LiveGooD Shop","isPartOf":{"@id":"https:\/\/livegood.network\/shop\/#website"},"datePublished":"2024-01-23T22:27:43+00:00","dateModified":"2024-01-23T22:28:03+00:00","breadcrumb":{"@id":"https:\/\/livegood.network\/shop\/pt-br\/product\/shaker-bottle-pt-br\/#breadcrumb"},"inLanguage":"en-US","potentialAction":[{"@type":"ReadAction","target":["https:\/\/livegood.network\/shop\/pt-br\/product\/shaker-bottle-pt-br\/"]}]},{"@type":"BreadcrumbList","@id":"https:\/\/livegood.network\/shop\/pt-br\/product\/shaker-bottle-pt-br\/#breadcrumb","itemListElement":[{"@type":"ListItem","position":1,"name":"Home","item":"https:\/\/livegood.network\/shop\/pt-br\/"},{"@type":"ListItem","position":2,"name":"Shop","item":"https:\/\/livegood.network\/shop\/shop\/"},{"@type":"ListItem","position":3,"name":"Garrafa Shaker"}]},{"@type":"WebSite","@id":"https:\/\/livegood.network\/shop\/#website","url":"https:\/\/livegood.network\/shop\/","name":"LiveGooD Shop","description":"","publisher":{"@id":"https:\/\/livegood.network\/shop\/#organization"},"potentialAction":[{"@type":"SearchAction","target":{"@type":"EntryPoint","urlTemplate":"https:\/\/livegood.network\/shop\/?s={search_term_string}"},"query-input":"required name=search_term_string"}],"inLanguage":"en-US"},{"@type":"Organization","@id":"https:\/\/livegood.network\/shop\/#organization","name":"LiveGooD","url":"https:\/\/livegood.network\/shop\/","logo":{"@type":"ImageObject","inLanguage":"en-US","@id":"https:\/\/livegood.network\/shop\/#\/schema\/logo\/image\/","url":"https:\/\/livegood.network\/shop\/wp-content\/uploads\/2024\/01\/logo-livegood-shop-main.png","contentUrl":"https:\/\/livegood.network\/shop\/wp-content\/uploads\/2024\/01\/logo-livegood-shop-main.png","width":373,"height":115,"caption":"LiveGooD"},"image":{"@id":"https:\/\/livegood.network\/shop\/#\/schema\/logo\/image\/"},"sameAs":["https:\/\/www.facebook.com\/livegoodhello"]}]}},"lang":"pt-br","translations":{"pt-br":695,"ko":702,"vi":699,"ru-ru":700,"en-us":309,"fr-fr":697,"es-es":698,"pt-pt":696},"pll_sync_post":[],"_links":{"self":[{"href":"https:\/\/livegood.network\/shop\/wp-json\/wp\/v2\/product\/695","targetHints":{"allow":["GET"]}}],"collection":[{"href":"https:\/\/livegood.network\/shop\/wp-json\/wp\/v2\/product"}],"about":[{"href":"https:\/\/livegood.network\/shop\/wp-json\/wp\/v2\/types\/product"}],"replies":[{"embeddable":true,"href":"https:\/\/livegood.network\/shop\/wp-json\/wp\/v2\/comments?post=695"}],"version-history":[{"count":0,"href":"https:\/\/livegood.network\/shop\/wp-json\/wp\/v2\/product\/695\/revisions"}],"wp:featuredmedia":[{"embeddable":true,"href":"https:\/\/livegood.network\/shop\/wp-json\/wp\/v2\/media\/310"}],"wp:attachment":[{"href":"https:\/\/livegood.network\/shop\/wp-json\/wp\/v2\/media?parent=695"}],"wp:term":[{"taxonomy":"product_brand","embeddable":true,"href":"https:\/\/livegood.network\/shop\/wp-json\/wp\/v2\/product_brand?post=695"},{"taxonomy":"product_cat","embeddable":true,"href":"https:\/\/livegood.network\/shop\/wp-json\/wp\/v2\/product_cat?post=695"},{"taxonomy":"product_tag","embeddable":true,"href":"https:\/\/livegood.network\/shop\/wp-json\/wp\/v2\/product_tag?post=695"}],"curies":[{"name":"wp","href":"https:\/\/api.w.org\/{rel}","templated":true}]}}