{"id":698,"date":"2024-01-23T22:33:38","date_gmt":"2024-01-23T22:33:38","guid":{"rendered":"https:\/\/livegood.network\/shop\/?post_type=product&#038;p=698"},"modified":"2024-01-23T22:33:39","modified_gmt":"2024-01-23T22:33:39","slug":"shaker-bottle-es-es","status":"publish","type":"product","link":"https:\/\/livegood.network\/shop\/es-es\/product\/shaker-bottle-es-es\/","title":{"rendered":"Shaker Botella"},"content":{"rendered":"<p><strong><span>Presentaci\u00f3n exclusiva: Botella mezcladora institucional LiveGood: \u00a1eleve su devoci\u00f3n!<\/span><\/strong><\/p>\n<p><em><span>Hola cliente,<\/span><\/em><\/p>\n<p><em><span>Estamos encantados de presentar una nueva incorporaci\u00f3n a la familia LiveGood: \u00a1nuestra botella mezcladora institucional!\u00a0Dise\u00f1ada para nuestros devotos entusiastas, esta botella mezcladora es m\u00e1s que un simple art\u00edculo de utilidad;\u00a0es un s\u00edmbolo de su devoci\u00f3n y admiraci\u00f3n por la marca LiveGood.<\/span><\/em><\/p>\n<p><strong><span>\u00bfPor qu\u00e9 adoptar la botella mezcladora institucional LiveGood?<\/span><\/strong><\/p>\n<ol>\n<li><strong><span>Dise\u00f1ado para devotos:<\/span><\/strong><span>\u00a0Cada aspecto de nuestra botella mezcladora est\u00e1 meticulosamente elaborado para encarnar el esp\u00edritu de LiveGood, reflejando su compromiso con un estilo de vida sano y saludable.<\/span><\/li>\n<li><strong><span>Funcionalidad elegante:<\/span><\/strong><span>\u00a0con un dise\u00f1o elegante y el ic\u00f3nico logotipo de LiveGood, nuestra Shaker Bottle combina a la perfecci\u00f3n estilo con funcionalidad, lo que la convierte en un accesorio esencial para su rutina de ejercicios.<\/span><\/li>\n<li><strong><span>Artesan\u00eda de calidad:<\/span><\/strong><span>\u00a0Fabricada con materiales duraderos y de primera calidad, nuestra botella mezcladora es un testimonio del compromiso de LiveGood con la calidad.\u00a0No es s\u00f3lo una botella;\u00a0es un compa\u00f1ero duradero en su viaje hacia el bienestar.<\/span><\/li>\n<\/ol>\n<p><strong><span>\u00bfQu\u00e9 representa su botella mezcladora?<\/span><\/strong><\/p>\n<p><span>Elegir la botella mezcladora LiveGood Institutional es una declaraci\u00f3n: una declaraci\u00f3n de que su dedicaci\u00f3n a una vida vibrante y saludable es inquebrantable.<\/span><\/p>\n<blockquote>\n<h5><span>La botella mezcladora institucional LiveGood no es solo un accesorio;\u00a0es un s\u00edmbolo de su pertenencia a una comunidad dedicada a la b\u00fasqueda incesante del bienestar.\u00a0\u00a1Ven y \u00fanete a nosotros en este viaje!<\/span><\/h5>\n<\/blockquote>\n<p><em><strong><span>\u00a1\u00danase a nosotros, viva bien, viva LiveGood!<\/span><\/strong><\/em><\/p>\n<p><span>Atentamente,<\/span><\/p>\n","protected":false},"excerpt":{"rendered":"<p><img decoding=\"async\" class=\"emoji\" role=\"img\" draggable=\"false\" src=\"https:\/\/s.w.org\/images\/core\/emoji\/14.0.0\/svg\/1f49a.svg\" alt=\"????\" \/><span>Varios modelos<\/span><br \/>\n<img decoding=\"async\" class=\"emoji\" role=\"img\" draggable=\"false\" src=\"https:\/\/s.w.org\/images\/core\/emoji\/14.0.0\/svg\/1f49a.svg\" alt=\"????\" \/><span>\u00a1Muestre amor por LiveGooD!<\/span><\/p>\n<p><span>botella coctelera de 5 piezas<\/span><\/p>\n","protected":false},"featured_media":310,"comment_status":"open","ping_status":"closed","template":"","meta":[],"product_brand":[],"product_cat":[146],"product_tag":[3874],"class_list":{"0":"post-698","1":"product","2":"type-product","3":"status-publish","4":"has-post-thumbnail","6":"product_cat-accessories-es-es","7":"product_tag-for-everyone-es-es","9":"first","10":"instock","11":"shipping-taxable","12":"product-type-external"},"yoast_head":"<!-- This site is optimized with the Yoast SEO Premium plugin v20.6 (Yoast SEO v21.8.1) - https:\/\/yoast.com\/wordpress\/plugins\/seo\/ -->\n<title>Shaker Botella - LiveGooD Shop<\/title>\n<meta name=\"robots\" content=\"index, follow, max-snippet:-1, max-image-preview:large, max-video-preview:-1\" \/>\n<link rel=\"canonical\" href=\"https:\/\/livegood.network\/shop\/es-es\/product\/shaker-bottle-es-es\/\" \/>\n<meta property=\"og:locale\" content=\"en_US\" \/>\n<meta property=\"og:type\" content=\"article\" \/>\n<meta property=\"og:title\" content=\"Shaker Botella\" \/>\n<meta property=\"og:description\" content=\"Varios modelos \u00a1Muestre amor por LiveGooD!  botella coctelera de 5 piezas\" \/>\n<meta property=\"og:url\" content=\"https:\/\/livegood.network\/shop\/es-es\/product\/shaker-bottle-es-es\/\" \/>\n<meta property=\"article:publisher\" content=\"https:\/\/www.facebook.com\/livegoodhello\" \/>\n<meta property=\"article:modified_time\" content=\"2024-01-23T22:33:39+00:00\" \/>\n<meta property=\"og:image\" content=\"https:\/\/livegood.network\/shop\/wp-content\/uploads\/2024\/01\/shaker-bottle-black-livegood.png\" \/>\n\t<meta property=\"og:image:width\" content=\"1000\" \/>\n\t<meta property=\"og:image:height\" content=\"1000\" \/>\n\t<meta property=\"og:image:type\" content=\"image\/png\" \/>\n<meta name=\"twitter:card\" content=\"summary_large_image\" \/>\n<meta name=\"twitter:label1\" content=\"Est. reading time\" \/>\n\t<meta name=\"twitter:data1\" content=\"2 minutes\" \/>\n<script type=\"application\/ld+json\" class=\"yoast-schema-graph\">{\"@context\":\"https:\/\/schema.org\",\"@graph\":[{\"@type\":\"WebPage\",\"@id\":\"https:\/\/livegood.network\/shop\/es-es\/product\/shaker-bottle-es-es\/\",\"url\":\"https:\/\/livegood.network\/shop\/es-es\/product\/shaker-bottle-es-es\/\",\"name\":\"Shaker Botella - LiveGooD Shop\",\"isPartOf\":{\"@id\":\"https:\/\/livegood.network\/shop\/#website\"},\"datePublished\":\"2024-01-23T22:33:38+00:00\",\"dateModified\":\"2024-01-23T22:33:39+00:00\",\"breadcrumb\":{\"@id\":\"https:\/\/livegood.network\/shop\/es-es\/product\/shaker-bottle-es-es\/#breadcrumb\"},\"inLanguage\":\"en-US\",\"potentialAction\":[{\"@type\":\"ReadAction\",\"target\":[\"https:\/\/livegood.network\/shop\/es-es\/product\/shaker-bottle-es-es\/\"]}]},{\"@type\":\"BreadcrumbList\",\"@id\":\"https:\/\/livegood.network\/shop\/es-es\/product\/shaker-bottle-es-es\/#breadcrumb\",\"itemListElement\":[{\"@type\":\"ListItem\",\"position\":1,\"name\":\"Home\",\"item\":\"https:\/\/livegood.network\/shop\/pt-br\/\"},{\"@type\":\"ListItem\",\"position\":2,\"name\":\"Shop\",\"item\":\"https:\/\/livegood.network\/shop\/shop\/\"},{\"@type\":\"ListItem\",\"position\":3,\"name\":\"Shaker Botella\"}]},{\"@type\":\"WebSite\",\"@id\":\"https:\/\/livegood.network\/shop\/#website\",\"url\":\"https:\/\/livegood.network\/shop\/\",\"name\":\"LiveGooD Shop\",\"description\":\"\",\"publisher\":{\"@id\":\"https:\/\/livegood.network\/shop\/#organization\"},\"potentialAction\":[{\"@type\":\"SearchAction\",\"target\":{\"@type\":\"EntryPoint\",\"urlTemplate\":\"https:\/\/livegood.network\/shop\/?s={search_term_string}\"},\"query-input\":\"required name=search_term_string\"}],\"inLanguage\":\"en-US\"},{\"@type\":\"Organization\",\"@id\":\"https:\/\/livegood.network\/shop\/#organization\",\"name\":\"LiveGooD\",\"url\":\"https:\/\/livegood.network\/shop\/\",\"logo\":{\"@type\":\"ImageObject\",\"inLanguage\":\"en-US\",\"@id\":\"https:\/\/livegood.network\/shop\/#\/schema\/logo\/image\/\",\"url\":\"https:\/\/livegood.network\/shop\/wp-content\/uploads\/2024\/01\/logo-livegood-shop-main.png\",\"contentUrl\":\"https:\/\/livegood.network\/shop\/wp-content\/uploads\/2024\/01\/logo-livegood-shop-main.png\",\"width\":373,\"height\":115,\"caption\":\"LiveGooD\"},\"image\":{\"@id\":\"https:\/\/livegood.network\/shop\/#\/schema\/logo\/image\/\"},\"sameAs\":[\"https:\/\/www.facebook.com\/livegoodhello\"]}]}<\/script>\n<!-- \/ Yoast SEO Premium plugin. -->","yoast_head_json":{"title":"Shaker Botella - LiveGooD Shop","robots":{"index":"index","follow":"follow","max-snippet":"max-snippet:-1","max-image-preview":"max-image-preview:large","max-video-preview":"max-video-preview:-1"},"canonical":"https:\/\/livegood.network\/shop\/es-es\/product\/shaker-bottle-es-es\/","og_locale":"en_US","og_type":"article","og_title":"Shaker Botella","og_description":"Varios modelos \u00a1Muestre amor por LiveGooD!  botella coctelera de 5 piezas","og_url":"https:\/\/livegood.network\/shop\/es-es\/product\/shaker-bottle-es-es\/","article_publisher":"https:\/\/www.facebook.com\/livegoodhello","article_modified_time":"2024-01-23T22:33:39+00:00","og_image":[{"width":1000,"height":1000,"url":"https:\/\/livegood.network\/shop\/wp-content\/uploads\/2024\/01\/shaker-bottle-black-livegood.png","type":"image\/png"}],"twitter_card":"summary_large_image","twitter_misc":{"Est. reading time":"2 minutes"},"schema":{"@context":"https:\/\/schema.org","@graph":[{"@type":"WebPage","@id":"https:\/\/livegood.network\/shop\/es-es\/product\/shaker-bottle-es-es\/","url":"https:\/\/livegood.network\/shop\/es-es\/product\/shaker-bottle-es-es\/","name":"Shaker Botella - LiveGooD Shop","isPartOf":{"@id":"https:\/\/livegood.network\/shop\/#website"},"datePublished":"2024-01-23T22:33:38+00:00","dateModified":"2024-01-23T22:33:39+00:00","breadcrumb":{"@id":"https:\/\/livegood.network\/shop\/es-es\/product\/shaker-bottle-es-es\/#breadcrumb"},"inLanguage":"en-US","potentialAction":[{"@type":"ReadAction","target":["https:\/\/livegood.network\/shop\/es-es\/product\/shaker-bottle-es-es\/"]}]},{"@type":"BreadcrumbList","@id":"https:\/\/livegood.network\/shop\/es-es\/product\/shaker-bottle-es-es\/#breadcrumb","itemListElement":[{"@type":"ListItem","position":1,"name":"Home","item":"https:\/\/livegood.network\/shop\/pt-br\/"},{"@type":"ListItem","position":2,"name":"Shop","item":"https:\/\/livegood.network\/shop\/shop\/"},{"@type":"ListItem","position":3,"name":"Shaker Botella"}]},{"@type":"WebSite","@id":"https:\/\/livegood.network\/shop\/#website","url":"https:\/\/livegood.network\/shop\/","name":"LiveGooD Shop","description":"","publisher":{"@id":"https:\/\/livegood.network\/shop\/#organization"},"potentialAction":[{"@type":"SearchAction","target":{"@type":"EntryPoint","urlTemplate":"https:\/\/livegood.network\/shop\/?s={search_term_string}"},"query-input":"required name=search_term_string"}],"inLanguage":"en-US"},{"@type":"Organization","@id":"https:\/\/livegood.network\/shop\/#organization","name":"LiveGooD","url":"https:\/\/livegood.network\/shop\/","logo":{"@type":"ImageObject","inLanguage":"en-US","@id":"https:\/\/livegood.network\/shop\/#\/schema\/logo\/image\/","url":"https:\/\/livegood.network\/shop\/wp-content\/uploads\/2024\/01\/logo-livegood-shop-main.png","contentUrl":"https:\/\/livegood.network\/shop\/wp-content\/uploads\/2024\/01\/logo-livegood-shop-main.png","width":373,"height":115,"caption":"LiveGooD"},"image":{"@id":"https:\/\/livegood.network\/shop\/#\/schema\/logo\/image\/"},"sameAs":["https:\/\/www.facebook.com\/livegoodhello"]}]}},"lang":"es-es","translations":{"es-es":698,"ko":702,"vi":699,"ru-ru":700,"en-us":309,"fr-fr":697,"pt-pt":696,"pt-br":695},"pll_sync_post":[],"_links":{"self":[{"href":"https:\/\/livegood.network\/shop\/wp-json\/wp\/v2\/product\/698","targetHints":{"allow":["GET"]}}],"collection":[{"href":"https:\/\/livegood.network\/shop\/wp-json\/wp\/v2\/product"}],"about":[{"href":"https:\/\/livegood.network\/shop\/wp-json\/wp\/v2\/types\/product"}],"replies":[{"embeddable":true,"href":"https:\/\/livegood.network\/shop\/wp-json\/wp\/v2\/comments?post=698"}],"version-history":[{"count":0,"href":"https:\/\/livegood.network\/shop\/wp-json\/wp\/v2\/product\/698\/revisions"}],"wp:featuredmedia":[{"embeddable":true,"href":"https:\/\/livegood.network\/shop\/wp-json\/wp\/v2\/media\/310"}],"wp:attachment":[{"href":"https:\/\/livegood.network\/shop\/wp-json\/wp\/v2\/media?parent=698"}],"wp:term":[{"taxonomy":"product_brand","embeddable":true,"href":"https:\/\/livegood.network\/shop\/wp-json\/wp\/v2\/product_brand?post=698"},{"taxonomy":"product_cat","embeddable":true,"href":"https:\/\/livegood.network\/shop\/wp-json\/wp\/v2\/product_cat?post=698"},{"taxonomy":"product_tag","embeddable":true,"href":"https:\/\/livegood.network\/shop\/wp-json\/wp\/v2\/product_tag?post=698"}],"curies":[{"name":"wp","href":"https:\/\/api.w.org\/{rel}","templated":true}]}}