{"id":760,"date":"2024-01-24T14:23:42","date_gmt":"2024-01-24T14:23:42","guid":{"rendered":"https:\/\/livegood.network\/shop\/?post_type=product&#038;p=760"},"modified":"2024-01-24T14:23:43","modified_gmt":"2024-01-24T14:23:43","slug":"bio-active-women-pt-br","status":"publish","type":"product","link":"https:\/\/livegood.network\/shop\/pt-br\/product\/bio-active-women-pt-br\/","title":{"rendered":"Bio-Active Multivitam\u00ednico completo para mulheres com ferro"},"content":{"rendered":"<p><strong><span>Multivitam\u00ednico bioativo completo para mulheres com ferro<\/span><\/strong><\/p>\n<p><span>A maioria das mulheres n\u00e3o obt\u00e9m vitaminas e minerais suficientes atrav\u00e9s da sua dieta di\u00e1ria.\u00a0Essas defici\u00eancias podem levar a v\u00e1rios problemas de sa\u00fade, incluindo comprometimento do sistema imunol\u00f3gico, perda de cabelo, problemas de pele, diminui\u00e7\u00e3o da vis\u00e3o, redu\u00e7\u00e3o da densidade \u00f3ssea e at\u00e9 ganho de peso, al\u00e9m de problemas de sa\u00fade mais graves.<\/span><\/p>\n<p><span>\u00c9 por isso que \u00e9 crucial que TODOS incorporem um multivitam\u00ednico de alta qualidade na sua rotina di\u00e1ria.\u00a0Um multivitam\u00ednico confi\u00e1vel pode preencher lacunas nutricionais, ajudando assim a prevenir uma s\u00e9rie de poss\u00edveis problemas de sa\u00fade.<\/span><\/p>\n<p><span>Nosso multivitam\u00ednico completo bioativo LiveGood para mulheres \u00e9 meticulosamente formulado com ingredientes premium em dosagens ideais.\u00a0Fornece ao corpo 24 vitaminas e minerais diferentes, suprindo as defici\u00eancias nutricionais comumente encontradas na dieta das pessoas, tudo a um pre\u00e7o acess\u00edvel e acess\u00edvel a todos.<\/span><\/p>\n<p><span>Al\u00e9m disso, reconhecendo que as mulheres precisam de mais ferro para compensar a quantidade perdida durante o ciclo menstrual, o nosso Multivitam\u00ednico para Mulheres inclui ferro da mais alta qualidade para o seu corpo.<\/span><\/p>\n<p><span>Ao tomar nosso multivitam\u00ednico, voc\u00ea pode estimular o sistema imunol\u00f3gico, apoiar a sa\u00fade cardiovascular, aliviar o estresse e a ansiedade, preservar a vis\u00e3o saud\u00e1vel e a densidade \u00f3ssea, estimular o envelhecimento saud\u00e1vel e desfrutar de v\u00e1rios outros benef\u00edcios \u00e0 sa\u00fade.<\/span><\/p>\n<p><span>O multivitam\u00ednico completo LiveGood BioActive foi desenvolvido para promover o bem-estar geral, garantindo que seu corpo receba nutrientes essenciais que podem estar faltando em suas refei\u00e7\u00f5es regulares.<\/span><\/p>\n<p><strong><span>Modo de usar:<\/span><\/strong><br \/>\n<span>Consumir 2 c\u00e1psulas por via oral uma vez ao dia com uma refei\u00e7\u00e3o.<\/span><\/p>\n<p><span>CONSUMO \u00d3TIMO COM ALIMENTOS PELOS SEGUINTES MOTIVOS:<\/span><\/p>\n<ul>\n<li><span>Abrange vitaminas A, E, licopeno e zeaxantina, que s\u00e3o vitaminas sol\u00faveis em gordura.\u00a0A presen\u00e7a de gordura na dieta auxilia na sua melhor absor\u00e7\u00e3o.\u00a0Fique tranquilo, as vitaminas lipossol\u00faveis essenciais adicionais, D e K, est\u00e3o contidas em nosso LiveGood D3\/K2!<\/span><\/li>\n<\/ul>\n<p><span>TOMADO PREFERENCIALMENTE DE MANH\u00c3, dada a inclus\u00e3o de Metilcobalamina (forma ativa da B-12), que pode contribuir para um aumento de energia.\u00a0Nosso objetivo \u00e9 evitar qualquer impacto adverso no seu sono!<\/span><\/p>\n<p><span>RECOMENDADO PARA USO DI\u00c1RIO, pois v\u00e1rias vitaminas e minerais cruciais necessitam atingir uma concentra\u00e7\u00e3o consistente no corpo.\u00a0Estabelecer esse equil\u00edbrio leva tempo, tornando a ingest\u00e3o di\u00e1ria ideal.<\/span><\/p>\n","protected":false},"excerpt":{"rendered":"<p><img decoding=\"async\" class=\"emoji\" role=\"img\" draggable=\"false\" src=\"https:\/\/s.w.org\/images\/core\/emoji\/14.0.0\/svg\/1f49a.svg\" alt=\"????\" \/> <span>24 Vitaminas e Minerais<\/span><br \/>\n<img decoding=\"async\" class=\"emoji\" role=\"img\" draggable=\"false\" src=\"https:\/\/s.w.org\/images\/core\/emoji\/14.0.0\/svg\/1f49a.svg\" alt=\"????\" \/> <span>Suporte Imunol\u00f3gico e Cardiovascular<\/span><br \/>\n<img decoding=\"async\" class=\"emoji\" role=\"img\" draggable=\"false\" src=\"https:\/\/s.w.org\/images\/core\/emoji\/14.0.0\/svg\/1f49a.svg\" alt=\"????\" \/> <span>Promove Envelhecimento Saud\u00e1vel<\/span><\/p>\n<p><span>Um multivitam\u00ednico confi\u00e1vel pode preencher lacunas nutricionais, ajudando assim a prevenir uma s\u00e9rie de poss\u00edveis problemas de sa\u00fade.<\/span><\/p>\n","protected":false},"featured_media":187,"comment_status":"open","ping_status":"closed","template":"","meta":[],"product_brand":[],"product_cat":[129,236],"product_tag":[],"class_list":{"0":"post-760","1":"product","2":"type-product","3":"status-publish","4":"has-post-thumbnail","6":"product_cat-women-pt-br","7":"product_cat-vitamin-pt-br","9":"first","10":"instock","11":"sale","12":"shipping-taxable","13":"product-type-external"},"yoast_head":"<!-- This site is optimized with the Yoast SEO Premium plugin v20.6 (Yoast SEO v21.8.1) - https:\/\/yoast.com\/wordpress\/plugins\/seo\/ -->\n<title>Bio-Active Multivitam\u00ednico completo para mulheres com ferro - LiveGooD Shop<\/title>\n<meta name=\"robots\" content=\"index, follow, max-snippet:-1, max-image-preview:large, max-video-preview:-1\" \/>\n<link rel=\"canonical\" href=\"https:\/\/livegood.network\/shop\/pt-br\/product\/bio-active-women-pt-br\/\" \/>\n<meta property=\"og:locale\" content=\"en_US\" \/>\n<meta property=\"og:type\" content=\"article\" \/>\n<meta property=\"og:title\" content=\"Bio-Active Multivitam\u00ednico completo para mulheres com ferro\" \/>\n<meta property=\"og:description\" content=\"24 Vitaminas e Minerais  Suporte Imunol\u00f3gico e Cardiovascular  Promove Envelhecimento Saud\u00e1vel  Um multivitam\u00ednico confi\u00e1vel pode preencher lacunas nutricionais, ajudando assim a prevenir uma s\u00e9rie de poss\u00edveis problemas de sa\u00fade.\" \/>\n<meta property=\"og:url\" content=\"https:\/\/livegood.network\/shop\/pt-br\/product\/bio-active-women-pt-br\/\" \/>\n<meta property=\"article:publisher\" content=\"https:\/\/www.facebook.com\/livegoodhello\" \/>\n<meta property=\"article:modified_time\" content=\"2024-01-24T14:23:43+00:00\" \/>\n<meta property=\"og:image\" content=\"https:\/\/livegood.network\/shop\/wp-content\/uploads\/2024\/01\/multi-vitamin-women-livegood.png\" \/>\n\t<meta property=\"og:image:width\" content=\"720\" \/>\n\t<meta property=\"og:image:height\" content=\"720\" \/>\n\t<meta property=\"og:image:type\" content=\"image\/png\" \/>\n<meta name=\"twitter:card\" content=\"summary_large_image\" \/>\n<meta name=\"twitter:label1\" content=\"Est. reading time\" \/>\n\t<meta name=\"twitter:data1\" content=\"2 minutes\" \/>\n<script type=\"application\/ld+json\" class=\"yoast-schema-graph\">{\"@context\":\"https:\/\/schema.org\",\"@graph\":[{\"@type\":\"WebPage\",\"@id\":\"https:\/\/livegood.network\/shop\/pt-br\/product\/bio-active-women-pt-br\/\",\"url\":\"https:\/\/livegood.network\/shop\/pt-br\/product\/bio-active-women-pt-br\/\",\"name\":\"Bio-Active Multivitam\u00ednico completo para mulheres com ferro - LiveGooD Shop\",\"isPartOf\":{\"@id\":\"https:\/\/livegood.network\/shop\/#website\"},\"datePublished\":\"2024-01-24T14:23:42+00:00\",\"dateModified\":\"2024-01-24T14:23:43+00:00\",\"breadcrumb\":{\"@id\":\"https:\/\/livegood.network\/shop\/pt-br\/product\/bio-active-women-pt-br\/#breadcrumb\"},\"inLanguage\":\"en-US\",\"potentialAction\":[{\"@type\":\"ReadAction\",\"target\":[\"https:\/\/livegood.network\/shop\/pt-br\/product\/bio-active-women-pt-br\/\"]}]},{\"@type\":\"BreadcrumbList\",\"@id\":\"https:\/\/livegood.network\/shop\/pt-br\/product\/bio-active-women-pt-br\/#breadcrumb\",\"itemListElement\":[{\"@type\":\"ListItem\",\"position\":1,\"name\":\"Home\",\"item\":\"https:\/\/livegood.network\/shop\/pt-br\/\"},{\"@type\":\"ListItem\",\"position\":2,\"name\":\"Shop\",\"item\":\"https:\/\/livegood.network\/shop\/shop\/\"},{\"@type\":\"ListItem\",\"position\":3,\"name\":\"Bio-Active Multivitam\u00ednico completo para mulheres com ferro\"}]},{\"@type\":\"WebSite\",\"@id\":\"https:\/\/livegood.network\/shop\/#website\",\"url\":\"https:\/\/livegood.network\/shop\/\",\"name\":\"LiveGooD Shop\",\"description\":\"\",\"publisher\":{\"@id\":\"https:\/\/livegood.network\/shop\/#organization\"},\"potentialAction\":[{\"@type\":\"SearchAction\",\"target\":{\"@type\":\"EntryPoint\",\"urlTemplate\":\"https:\/\/livegood.network\/shop\/?s={search_term_string}\"},\"query-input\":\"required name=search_term_string\"}],\"inLanguage\":\"en-US\"},{\"@type\":\"Organization\",\"@id\":\"https:\/\/livegood.network\/shop\/#organization\",\"name\":\"LiveGooD\",\"url\":\"https:\/\/livegood.network\/shop\/\",\"logo\":{\"@type\":\"ImageObject\",\"inLanguage\":\"en-US\",\"@id\":\"https:\/\/livegood.network\/shop\/#\/schema\/logo\/image\/\",\"url\":\"https:\/\/livegood.network\/shop\/wp-content\/uploads\/2024\/01\/logo-livegood-shop-main.png\",\"contentUrl\":\"https:\/\/livegood.network\/shop\/wp-content\/uploads\/2024\/01\/logo-livegood-shop-main.png\",\"width\":373,\"height\":115,\"caption\":\"LiveGooD\"},\"image\":{\"@id\":\"https:\/\/livegood.network\/shop\/#\/schema\/logo\/image\/\"},\"sameAs\":[\"https:\/\/www.facebook.com\/livegoodhello\"]}]}<\/script>\n<!-- \/ Yoast SEO Premium plugin. -->","yoast_head_json":{"title":"Bio-Active Multivitam\u00ednico completo para mulheres com ferro - LiveGooD Shop","robots":{"index":"index","follow":"follow","max-snippet":"max-snippet:-1","max-image-preview":"max-image-preview:large","max-video-preview":"max-video-preview:-1"},"canonical":"https:\/\/livegood.network\/shop\/pt-br\/product\/bio-active-women-pt-br\/","og_locale":"en_US","og_type":"article","og_title":"Bio-Active Multivitam\u00ednico completo para mulheres com ferro","og_description":"24 Vitaminas e Minerais  Suporte Imunol\u00f3gico e Cardiovascular  Promove Envelhecimento Saud\u00e1vel  Um multivitam\u00ednico confi\u00e1vel pode preencher lacunas nutricionais, ajudando assim a prevenir uma s\u00e9rie de poss\u00edveis problemas de sa\u00fade.","og_url":"https:\/\/livegood.network\/shop\/pt-br\/product\/bio-active-women-pt-br\/","article_publisher":"https:\/\/www.facebook.com\/livegoodhello","article_modified_time":"2024-01-24T14:23:43+00:00","og_image":[{"width":720,"height":720,"url":"https:\/\/livegood.network\/shop\/wp-content\/uploads\/2024\/01\/multi-vitamin-women-livegood.png","type":"image\/png"}],"twitter_card":"summary_large_image","twitter_misc":{"Est. reading time":"2 minutes"},"schema":{"@context":"https:\/\/schema.org","@graph":[{"@type":"WebPage","@id":"https:\/\/livegood.network\/shop\/pt-br\/product\/bio-active-women-pt-br\/","url":"https:\/\/livegood.network\/shop\/pt-br\/product\/bio-active-women-pt-br\/","name":"Bio-Active Multivitam\u00ednico completo para mulheres com ferro - LiveGooD Shop","isPartOf":{"@id":"https:\/\/livegood.network\/shop\/#website"},"datePublished":"2024-01-24T14:23:42+00:00","dateModified":"2024-01-24T14:23:43+00:00","breadcrumb":{"@id":"https:\/\/livegood.network\/shop\/pt-br\/product\/bio-active-women-pt-br\/#breadcrumb"},"inLanguage":"en-US","potentialAction":[{"@type":"ReadAction","target":["https:\/\/livegood.network\/shop\/pt-br\/product\/bio-active-women-pt-br\/"]}]},{"@type":"BreadcrumbList","@id":"https:\/\/livegood.network\/shop\/pt-br\/product\/bio-active-women-pt-br\/#breadcrumb","itemListElement":[{"@type":"ListItem","position":1,"name":"Home","item":"https:\/\/livegood.network\/shop\/pt-br\/"},{"@type":"ListItem","position":2,"name":"Shop","item":"https:\/\/livegood.network\/shop\/shop\/"},{"@type":"ListItem","position":3,"name":"Bio-Active Multivitam\u00ednico completo para mulheres com ferro"}]},{"@type":"WebSite","@id":"https:\/\/livegood.network\/shop\/#website","url":"https:\/\/livegood.network\/shop\/","name":"LiveGooD Shop","description":"","publisher":{"@id":"https:\/\/livegood.network\/shop\/#organization"},"potentialAction":[{"@type":"SearchAction","target":{"@type":"EntryPoint","urlTemplate":"https:\/\/livegood.network\/shop\/?s={search_term_string}"},"query-input":"required name=search_term_string"}],"inLanguage":"en-US"},{"@type":"Organization","@id":"https:\/\/livegood.network\/shop\/#organization","name":"LiveGooD","url":"https:\/\/livegood.network\/shop\/","logo":{"@type":"ImageObject","inLanguage":"en-US","@id":"https:\/\/livegood.network\/shop\/#\/schema\/logo\/image\/","url":"https:\/\/livegood.network\/shop\/wp-content\/uploads\/2024\/01\/logo-livegood-shop-main.png","contentUrl":"https:\/\/livegood.network\/shop\/wp-content\/uploads\/2024\/01\/logo-livegood-shop-main.png","width":373,"height":115,"caption":"LiveGooD"},"image":{"@id":"https:\/\/livegood.network\/shop\/#\/schema\/logo\/image\/"},"sameAs":["https:\/\/www.facebook.com\/livegoodhello"]}]}},"lang":"pt-br","translations":{"pt-br":760,"pt-pt":774,"fr-fr":762,"en-us":186,"es-es":763,"vi":765,"ru-ru":767,"ko":769},"pll_sync_post":[],"_links":{"self":[{"href":"https:\/\/livegood.network\/shop\/wp-json\/wp\/v2\/product\/760","targetHints":{"allow":["GET"]}}],"collection":[{"href":"https:\/\/livegood.network\/shop\/wp-json\/wp\/v2\/product"}],"about":[{"href":"https:\/\/livegood.network\/shop\/wp-json\/wp\/v2\/types\/product"}],"replies":[{"embeddable":true,"href":"https:\/\/livegood.network\/shop\/wp-json\/wp\/v2\/comments?post=760"}],"version-history":[{"count":0,"href":"https:\/\/livegood.network\/shop\/wp-json\/wp\/v2\/product\/760\/revisions"}],"wp:featuredmedia":[{"embeddable":true,"href":"https:\/\/livegood.network\/shop\/wp-json\/wp\/v2\/media\/187"}],"wp:attachment":[{"href":"https:\/\/livegood.network\/shop\/wp-json\/wp\/v2\/media?parent=760"}],"wp:term":[{"taxonomy":"product_brand","embeddable":true,"href":"https:\/\/livegood.network\/shop\/wp-json\/wp\/v2\/product_brand?post=760"},{"taxonomy":"product_cat","embeddable":true,"href":"https:\/\/livegood.network\/shop\/wp-json\/wp\/v2\/product_cat?post=760"},{"taxonomy":"product_tag","embeddable":true,"href":"https:\/\/livegood.network\/shop\/wp-json\/wp\/v2\/product_tag?post=760"}],"curies":[{"name":"wp","href":"https:\/\/api.w.org\/{rel}","templated":true}]}}