{"id":783,"date":"2024-01-24T14:44:46","date_gmt":"2024-01-24T14:44:46","guid":{"rendered":"https:\/\/livegood.network\/shop\/?post_type=product&#038;p=783"},"modified":"2024-02-02T18:50:36","modified_gmt":"2024-02-02T18:50:36","slug":"instant-youth-vi","status":"publish","type":"product","link":"https:\/\/livegood.network\/shop\/vi\/product\/instant-youth-vi\/","title":{"rendered":"Tu\u1ed5i tr\u1ebb t\u1ee9c th\u00ec"},"content":{"rendered":"<p><strong><span>Tu\u1ed5i tr\u1ebb t\u1ee9c th\u00ec<\/span><\/strong><\/p>\n<p><em><span>Gi\u1ea3m thi\u1ec3u c\u00e1c d\u1ea5u hi\u1ec7u l\u00e3o h\u00f3a ch\u1ec9 trong 90 gi\u00e2y!<\/span><\/em><\/p>\n<p><span>\u0110\u01b0\u1ee3c ch\u1ebf t\u1ea1o m\u1ed9t c\u00e1ch khoa h\u1ecdc \u0111\u1ec3 gi\u1ea3m nhanh ch\u00f3ng v\u00e0 hi\u1ec7u qu\u1ea3 c\u00e1c d\u1ea5u hi\u1ec7u l\u00e3o h\u00f3a c\u00f3 th\u1ec3 nh\u00ecn th\u1ea5y, Ageless Instant Wrinkle Remover ho\u1ea1t \u0111\u1ed9ng nhanh ch\u00f3ng \u0111\u1ec3 l\u00e0m gi\u1ea3m c\u00e1c n\u1ebfp nh\u0103n, t\u00fai d\u01b0\u1edbi m\u1eaft v\u00e0 \u0111\u01b0\u1eddng nh\u0103n, mang l\u1ea1i k\u1ebft qu\u1ea3 \u0111\u00e1ng ch\u00fa \u00fd trong v\u00f2ng ch\u01b0a \u0111\u1ea7y hai ph\u00fat!<\/span><\/p>\n<p><span>S\u1eed d\u1ee5ng b\u1ea5t c\u1ee9 khi n\u00e0o b\u1ea1n mu\u1ed1n!<\/span><\/p>\n<p><span>Nh\u1eb9 nh\u00e0ng thoa Instant Youth l\u00ean nh\u1eefng v\u00f9ng da m\u00e0 b\u1ea1n mu\u1ed1n gi\u1ea3m s\u1ef1 xu\u1ea5t hi\u1ec7n c\u1ee7a \u0111\u01b0\u1eddng nh\u0103n v\u00e0 n\u1ebfp nh\u0103n, \u0111\u1ec3 kh\u00f4 v\u00e0 nh\u1eadn th\u1ea5y k\u1ebft qu\u1ea3 g\u1ea7n nh\u01b0 ngay l\u1eadp t\u1ee9c!<\/span><\/p>\n","protected":false},"excerpt":{"rendered":"<p><img decoding=\"async\" class=\"emoji\" role=\"img\" draggable=\"false\" src=\"https:\/\/s.w.org\/images\/core\/emoji\/14.0.0\/svg\/1f49a.svg\" alt=\"LiveGooD Love\" \/ > Tr\u00f4ng Tr\u1ebb H\u01a1n Trong V\u00e0i Ph\u00fat<br \/>\n<img decoding=\"async\" class=\"emoji\" role=\"img\" draggable=\"false\" src=\"https:\/\/s.w.org\/images\/core\/emoji\/14.0.0\/svg\/1f49a.svg\" alt=\"LiveGooD Love\" \/ > Gi\u1ea3m s\u1ef1 xu\u1ea5t hi\u1ec7n c\u1ee7a n\u1ebfp nh\u0103n<br \/>\n<img decoding=\"async\" class=\"emoji\" role=\"img\" draggable=\"false\" src=\"https:\/\/s.w.org\/images\/core\/emoji\/14.0.0\/svg\/1f49a.svg\" alt=\"LiveGooD Love\" \/ > K\u1ebft qu\u1ea3 tuy\u1ec7t v\u1eddi!<\/p>\n","protected":false},"featured_media":220,"comment_status":"open","ping_status":"closed","template":"","meta":[],"product_brand":[],"product_cat":[114,121],"product_tag":[],"class_list":{"0":"post-783","1":"product","2":"type-product","3":"status-publish","4":"has-post-thumbnail","6":"product_cat-ageless-skin-vi","7":"product_cat-women-vi","9":"first","10":"instock","11":"sale","12":"shipping-taxable","13":"product-type-external"},"yoast_head":"<!-- This site is optimized with the Yoast SEO Premium plugin v20.6 (Yoast SEO v21.8.1) - https:\/\/yoast.com\/wordpress\/plugins\/seo\/ -->\n<title>Tu\u1ed5i tr\u1ebb t\u1ee9c th\u00ec - LiveGooD Shop<\/title>\n<meta name=\"robots\" content=\"index, follow, max-snippet:-1, max-image-preview:large, max-video-preview:-1\" \/>\n<link rel=\"canonical\" href=\"https:\/\/livegood.network\/shop\/vi\/product\/instant-youth-vi\/\" \/>\n<meta property=\"og:locale\" content=\"en_US\" \/>\n<meta property=\"og:type\" content=\"article\" \/>\n<meta property=\"og:title\" content=\"Tu\u1ed5i tr\u1ebb t\u1ee9c th\u00ec\" \/>\n<meta property=\"og:description\" content=\"Tr\u00f4ng Tr\u1ebb H\u01a1n Trong V\u00e0i Ph\u00fat  Gi\u1ea3m s\u1ef1 xu\u1ea5t hi\u1ec7n c\u1ee7a n\u1ebfp nh\u0103n  K\u1ebft qu\u1ea3 tuy\u1ec7t v\u1eddi!\" \/>\n<meta property=\"og:url\" content=\"https:\/\/livegood.network\/shop\/vi\/product\/instant-youth-vi\/\" \/>\n<meta property=\"article:publisher\" content=\"https:\/\/www.facebook.com\/livegoodhello\" \/>\n<meta property=\"article:modified_time\" content=\"2024-02-02T18:50:36+00:00\" \/>\n<meta property=\"og:image\" content=\"https:\/\/livegood.network\/shop\/wp-content\/uploads\/2024\/01\/sbc-instant-youth-livegood.png\" \/>\n\t<meta property=\"og:image:width\" content=\"720\" \/>\n\t<meta property=\"og:image:height\" content=\"720\" \/>\n\t<meta property=\"og:image:type\" content=\"image\/png\" \/>\n<meta name=\"twitter:card\" content=\"summary_large_image\" \/>\n<meta name=\"twitter:label1\" content=\"Est. reading time\" \/>\n\t<meta name=\"twitter:data1\" content=\"1 minute\" \/>\n<script type=\"application\/ld+json\" class=\"yoast-schema-graph\">{\"@context\":\"https:\/\/schema.org\",\"@graph\":[{\"@type\":\"WebPage\",\"@id\":\"https:\/\/livegood.network\/shop\/vi\/product\/instant-youth-vi\/\",\"url\":\"https:\/\/livegood.network\/shop\/vi\/product\/instant-youth-vi\/\",\"name\":\"Tu\u1ed5i tr\u1ebb t\u1ee9c th\u00ec - LiveGooD Shop\",\"isPartOf\":{\"@id\":\"https:\/\/livegood.network\/shop\/#website\"},\"datePublished\":\"2024-01-24T14:44:46+00:00\",\"dateModified\":\"2024-02-02T18:50:36+00:00\",\"breadcrumb\":{\"@id\":\"https:\/\/livegood.network\/shop\/vi\/product\/instant-youth-vi\/#breadcrumb\"},\"inLanguage\":\"en-US\",\"potentialAction\":[{\"@type\":\"ReadAction\",\"target\":[\"https:\/\/livegood.network\/shop\/vi\/product\/instant-youth-vi\/\"]}]},{\"@type\":\"BreadcrumbList\",\"@id\":\"https:\/\/livegood.network\/shop\/vi\/product\/instant-youth-vi\/#breadcrumb\",\"itemListElement\":[{\"@type\":\"ListItem\",\"position\":1,\"name\":\"Home\",\"item\":\"https:\/\/livegood.network\/shop\/pt-br\/\"},{\"@type\":\"ListItem\",\"position\":2,\"name\":\"Shop\",\"item\":\"https:\/\/livegood.network\/shop\/shop\/\"},{\"@type\":\"ListItem\",\"position\":3,\"name\":\"Tu\u1ed5i tr\u1ebb t\u1ee9c th\u00ec\"}]},{\"@type\":\"WebSite\",\"@id\":\"https:\/\/livegood.network\/shop\/#website\",\"url\":\"https:\/\/livegood.network\/shop\/\",\"name\":\"LiveGooD Shop\",\"description\":\"\",\"publisher\":{\"@id\":\"https:\/\/livegood.network\/shop\/#organization\"},\"potentialAction\":[{\"@type\":\"SearchAction\",\"target\":{\"@type\":\"EntryPoint\",\"urlTemplate\":\"https:\/\/livegood.network\/shop\/?s={search_term_string}\"},\"query-input\":\"required name=search_term_string\"}],\"inLanguage\":\"en-US\"},{\"@type\":\"Organization\",\"@id\":\"https:\/\/livegood.network\/shop\/#organization\",\"name\":\"LiveGooD\",\"url\":\"https:\/\/livegood.network\/shop\/\",\"logo\":{\"@type\":\"ImageObject\",\"inLanguage\":\"en-US\",\"@id\":\"https:\/\/livegood.network\/shop\/#\/schema\/logo\/image\/\",\"url\":\"https:\/\/livegood.network\/shop\/wp-content\/uploads\/2024\/01\/logo-livegood-shop-main.png\",\"contentUrl\":\"https:\/\/livegood.network\/shop\/wp-content\/uploads\/2024\/01\/logo-livegood-shop-main.png\",\"width\":373,\"height\":115,\"caption\":\"LiveGooD\"},\"image\":{\"@id\":\"https:\/\/livegood.network\/shop\/#\/schema\/logo\/image\/\"},\"sameAs\":[\"https:\/\/www.facebook.com\/livegoodhello\"]}]}<\/script>\n<!-- \/ Yoast SEO Premium plugin. -->","yoast_head_json":{"title":"Tu\u1ed5i tr\u1ebb t\u1ee9c th\u00ec - LiveGooD Shop","robots":{"index":"index","follow":"follow","max-snippet":"max-snippet:-1","max-image-preview":"max-image-preview:large","max-video-preview":"max-video-preview:-1"},"canonical":"https:\/\/livegood.network\/shop\/vi\/product\/instant-youth-vi\/","og_locale":"en_US","og_type":"article","og_title":"Tu\u1ed5i tr\u1ebb t\u1ee9c th\u00ec","og_description":"Tr\u00f4ng Tr\u1ebb H\u01a1n Trong V\u00e0i Ph\u00fat  Gi\u1ea3m s\u1ef1 xu\u1ea5t hi\u1ec7n c\u1ee7a n\u1ebfp nh\u0103n  K\u1ebft qu\u1ea3 tuy\u1ec7t v\u1eddi!","og_url":"https:\/\/livegood.network\/shop\/vi\/product\/instant-youth-vi\/","article_publisher":"https:\/\/www.facebook.com\/livegoodhello","article_modified_time":"2024-02-02T18:50:36+00:00","og_image":[{"width":720,"height":720,"url":"https:\/\/livegood.network\/shop\/wp-content\/uploads\/2024\/01\/sbc-instant-youth-livegood.png","type":"image\/png"}],"twitter_card":"summary_large_image","twitter_misc":{"Est. reading time":"1 minute"},"schema":{"@context":"https:\/\/schema.org","@graph":[{"@type":"WebPage","@id":"https:\/\/livegood.network\/shop\/vi\/product\/instant-youth-vi\/","url":"https:\/\/livegood.network\/shop\/vi\/product\/instant-youth-vi\/","name":"Tu\u1ed5i tr\u1ebb t\u1ee9c th\u00ec - LiveGooD Shop","isPartOf":{"@id":"https:\/\/livegood.network\/shop\/#website"},"datePublished":"2024-01-24T14:44:46+00:00","dateModified":"2024-02-02T18:50:36+00:00","breadcrumb":{"@id":"https:\/\/livegood.network\/shop\/vi\/product\/instant-youth-vi\/#breadcrumb"},"inLanguage":"en-US","potentialAction":[{"@type":"ReadAction","target":["https:\/\/livegood.network\/shop\/vi\/product\/instant-youth-vi\/"]}]},{"@type":"BreadcrumbList","@id":"https:\/\/livegood.network\/shop\/vi\/product\/instant-youth-vi\/#breadcrumb","itemListElement":[{"@type":"ListItem","position":1,"name":"Home","item":"https:\/\/livegood.network\/shop\/pt-br\/"},{"@type":"ListItem","position":2,"name":"Shop","item":"https:\/\/livegood.network\/shop\/shop\/"},{"@type":"ListItem","position":3,"name":"Tu\u1ed5i tr\u1ebb t\u1ee9c th\u00ec"}]},{"@type":"WebSite","@id":"https:\/\/livegood.network\/shop\/#website","url":"https:\/\/livegood.network\/shop\/","name":"LiveGooD Shop","description":"","publisher":{"@id":"https:\/\/livegood.network\/shop\/#organization"},"potentialAction":[{"@type":"SearchAction","target":{"@type":"EntryPoint","urlTemplate":"https:\/\/livegood.network\/shop\/?s={search_term_string}"},"query-input":"required name=search_term_string"}],"inLanguage":"en-US"},{"@type":"Organization","@id":"https:\/\/livegood.network\/shop\/#organization","name":"LiveGooD","url":"https:\/\/livegood.network\/shop\/","logo":{"@type":"ImageObject","inLanguage":"en-US","@id":"https:\/\/livegood.network\/shop\/#\/schema\/logo\/image\/","url":"https:\/\/livegood.network\/shop\/wp-content\/uploads\/2024\/01\/logo-livegood-shop-main.png","contentUrl":"https:\/\/livegood.network\/shop\/wp-content\/uploads\/2024\/01\/logo-livegood-shop-main.png","width":373,"height":115,"caption":"LiveGooD"},"image":{"@id":"https:\/\/livegood.network\/shop\/#\/schema\/logo\/image\/"},"sameAs":["https:\/\/www.facebook.com\/livegoodhello"]}]}},"lang":"vi","translations":{"vi":783,"en-us":239,"fr-fr":780,"es-es":781,"pt-pt":777,"ru-ru":785,"pt-br":776,"ko":786},"pll_sync_post":[],"_links":{"self":[{"href":"https:\/\/livegood.network\/shop\/wp-json\/wp\/v2\/product\/783","targetHints":{"allow":["GET"]}}],"collection":[{"href":"https:\/\/livegood.network\/shop\/wp-json\/wp\/v2\/product"}],"about":[{"href":"https:\/\/livegood.network\/shop\/wp-json\/wp\/v2\/types\/product"}],"replies":[{"embeddable":true,"href":"https:\/\/livegood.network\/shop\/wp-json\/wp\/v2\/comments?post=783"}],"version-history":[{"count":1,"href":"https:\/\/livegood.network\/shop\/wp-json\/wp\/v2\/product\/783\/revisions"}],"predecessor-version":[{"id":1665,"href":"https:\/\/livegood.network\/shop\/wp-json\/wp\/v2\/product\/783\/revisions\/1665"}],"wp:featuredmedia":[{"embeddable":true,"href":"https:\/\/livegood.network\/shop\/wp-json\/wp\/v2\/media\/220"}],"wp:attachment":[{"href":"https:\/\/livegood.network\/shop\/wp-json\/wp\/v2\/media?parent=783"}],"wp:term":[{"taxonomy":"product_brand","embeddable":true,"href":"https:\/\/livegood.network\/shop\/wp-json\/wp\/v2\/product_brand?post=783"},{"taxonomy":"product_cat","embeddable":true,"href":"https:\/\/livegood.network\/shop\/wp-json\/wp\/v2\/product_cat?post=783"},{"taxonomy":"product_tag","embeddable":true,"href":"https:\/\/livegood.network\/shop\/wp-json\/wp\/v2\/product_tag?post=783"}],"curies":[{"name":"wp","href":"https:\/\/api.w.org\/{rel}","templated":true}]}}