{"id":795,"date":"2024-01-24T15:03:36","date_gmt":"2024-01-24T15:03:36","guid":{"rendered":"https:\/\/livegood.network\/shop\/?post_type=product&#038;p=795"},"modified":"2024-01-24T15:03:37","modified_gmt":"2024-01-24T15:03:37","slug":"ultra-magnesium-complex-vi","status":"publish","type":"product","link":"https:\/\/livegood.network\/shop\/vi\/product\/ultra-magnesium-complex-vi\/","title":{"rendered":"Ph\u1ee9c h\u1ee3p si\u00eau magi\u00ea"},"content":{"rendered":"<p><strong><span>Ph\u1ee9c h\u1ee3p si\u00eau magi\u00ea<\/span><\/strong><\/p>\n<p><span>Magi\u00ea \u0111\u00f3ng vai tr\u00f2 trong h\u01a1n 300 ph\u1ea3n \u1ee9ng sinh h\u00f3a trong c\u01a1 th\u1ec3 ch\u00fang ta m\u1ed7i ng\u00e0y!\u00a0M\u1eb7c d\u00f9 duy tr\u00ec ch\u1ebf \u0111\u1ed9 \u0103n u\u1ed1ng c\u00e2n b\u1eb1ng, l\u00e0nh m\u1ea1nh nh\u01b0ng h\u1ea7u h\u1ebft m\u1ecdi ng\u01b0\u1eddi \u0111\u1ec1u kh\u00f4ng nh\u1eadn \u0111\u1ee7 Magi\u00ea.<\/span><\/p>\n<p><span>S\u1ef1 thi\u1ebfu h\u1ee5t Magi\u00ea c\u00f3 th\u1ec3 d\u1eabn \u0111\u1ebfn c\u00e1c v\u1ea5n \u0111\u1ec1 s\u1ee9c kh\u1ecfe nghi\u00eam tr\u1ecdng, bao g\u1ed3m c\u00e1c v\u1ea5n \u0111\u1ec1 v\u1ec1 tim, r\u1ed1i lo\u1ea1n gi\u1ea5c ng\u1ee7, gi\u1ea3m kh\u1ea3 n\u0103ng t\u1eadp trung, kh\u00f3 kh\u0103n trong vi\u1ec7c ki\u1ec3m so\u00e1t c\u0103ng th\u1eb3ng, gi\u1ea3m m\u1eadt \u0111\u1ed9 x\u01b0\u01a1ng v\u00e0 \u1ea3nh h\u01b0\u1edfng \u0111\u1ebfn hi\u1ec7u su\u1ea5t t\u1eadp th\u1ec3 d\u1ee5c.<\/span><\/p>\n<p><span>V\u00ec l\u00fd do n\u00e0y, m\u1ecdi ng\u01b0\u1eddi n\u00ean k\u1ebft h\u1ee3p b\u1ed5 sung magi\u00ea ch\u1ea5t l\u01b0\u1ee3ng cao v\u00e0o th\u00f3i quen h\u00e0ng ng\u00e0y c\u1ee7a m\u00ecnh.<\/span><\/p>\n<p><span>Ph\u1ee9c h\u1ee3p Ultra Magi\u00ea c\u1ee7a LiveGood \u0111\u01b0\u1ee3c b\u00e0o ch\u1ebf v\u1edbi c\u00e1c d\u1ea1ng Magi\u00ea c\u00f3 s\u1eb5n sinh h\u1ecdc nh\u1ea5t\u2014Magi\u00ea Glycinate v\u00e0 Magi\u00ea Gluconate\u2014nh\u1eefng lo\u1ea1i thi\u1ebft y\u1ebfu m\u00e0 nhi\u1ec1u ng\u01b0\u1eddi thi\u1ebfu trong ch\u1ebf \u0111\u1ed9 \u0103n u\u1ed1ng ho\u1eb7c c\u00e1c ch\u1ea5t b\u1ed5 sung kh\u00e1c.<\/span><\/p>\n<p><span>Magi\u00ea Glycinate h\u1ed7 tr\u1ee3 gi\u1ea3m b\u1edbt lo l\u1eafng, t\u0103ng c\u01b0\u1eddng s\u1ee9c m\u1ea1nh c\u1ee7a x\u01b0\u01a1ng, duy tr\u00ec nh\u1ecbp tim kh\u1ecfe m\u1ea1nh, t\u0103ng c\u01b0\u1eddng hi\u1ec7u su\u1ea5t t\u1eadp th\u1ec3 d\u1ee5c v\u00e0 th\u1eadm ch\u00ed gi\u1ea3m \u0111au.\u00a0Trong khi \u0111\u00f3, Magi\u00ea Gluconate h\u1ed7 tr\u1ee3 ch\u1ee9c n\u0103ng sinh l\u00fd kh\u1ecfe m\u1ea1nh c\u1ee7a d\u00e2y th\u1ea7n kinh, c\u01a1, x\u01b0\u01a1ng v\u00e0 tim.<\/span><\/p>\n<p><strong><span>H\u01af\u1edaNG D\u1eaaN S\u1eec D\u1ee4NG:<\/span><\/strong><br \/>\n<span>U\u1ed1ng 2 vi\u00ean m\u1ed7i ng\u00e0y, c\u00f9ng ho\u1eb7c kh\u00f4ng c\u00f9ng th\u1ee9c \u0103n.<\/span><\/p>\n<p><strong><span>L\u01af\u1ee2NG L\u01af\u1ee2NG T\u1ed0I \u01afU T\u1eea C\u00c1C THU\u1ed0C V\u00c0 VITAMIN KH\u00c1C T\u1ed0I THI\u1ec2U 2 GI\u1edc<\/span><\/strong><span>\u00a0.\u00a0Th\u00f3i quen \u01b0a th\u00edch c\u1ee7a ch\u00fang t\u00f4i bao g\u1ed3m vi\u1ec7c chia li\u1ec1u, u\u1ed1ng 1 vi\u00ean v\u00e0o bu\u1ed5i chi\u1ec1u \u0111\u1ec3 h\u1ed7 tr\u1ee3 ph\u1ea3n \u1ee9ng c\u0103ng th\u1eb3ng v\u00e0o cu\u1ed1i ng\u00e0y v\u00e0 vi\u00ean c\u00f2n l\u1ea1i tr\u01b0\u1edbc khi \u0111i ng\u1ee7 \u0111\u1ec3 h\u1ed7 tr\u1ee3 chu k\u1ef3 gi\u1ea5c ng\u1ee7.\u00a0Ngo\u00e0i ra, n\u1ebfu thu\u1eadn ti\u1ec7n h\u01a1n, c\u00f3 th\u1ec3 u\u1ed1ng c\u1ea3 hai vi\u00ean tr\u01b0\u1edbc khi \u0111i ng\u1ee7 30 ph\u00fat.\u00a0Trong tr\u01b0\u1eddng h\u1ee3p \u0111au b\u1ee5ng, n\u00ean d\u00f9ng thu\u1ed1c v\u00e0o b\u1eefa tr\u01b0a ho\u1eb7c b\u1eefa t\u1ed1i.<\/span><\/p>\n<p><span>KHUY\u1ebeN NGH\u1eca \u0110\u1ec2 S\u1eec D\u1ee4NG H\u00c0NG NG\u00c0Y.<\/span><\/p>\n","protected":false},"excerpt":{"rendered":"<p><img decoding=\"async\" class=\"emoji\" role=\"img\" draggable=\"false\" src=\"https:\/\/s.w.org\/images\/core\/emoji\/14.0.0\/svg\/1f49a.svg\" alt=\"????\" \/> <span>H\u1ed7 tr\u1ee3 c\u01a1 b\u1eafp, th\u1ea7n kinh v\u00e0 n\u0103ng l\u01b0\u1ee3ng t\u1ed1i \u0111a<\/span><br \/>\n<img decoding=\"async\" class=\"emoji\" role=\"img\" draggable=\"false\" src=\"https:\/\/s.w.org\/images\/core\/emoji\/14.0.0\/svg\/1f49a.svg\" alt=\"????\" \/> <span>H\u1ed7 tr\u1ee3 h\u01a1n 300 ph\u1ea3n \u1ee9ng enzyme<\/span><br \/>\n<img decoding=\"async\" class=\"emoji\" role=\"img\" draggable=\"false\" src=\"https:\/\/s.w.org\/images\/core\/emoji\/14.0.0\/svg\/1f49a.svg\" alt=\"????\" \/> <span>H\u1ed7 tr\u1ee3 gi\u1ea5c ng\u1ee7<\/span><br \/>\n<img decoding=\"async\" class=\"emoji\" role=\"img\" draggable=\"false\" src=\"https:\/\/s.w.org\/images\/core\/emoji\/14.0.0\/svg\/1f49a.svg\" alt=\"????\" \/> <span>H\u1ea7u h\u1ebft Magi\u00ea sinh h\u1ecdc c\u00f3 s\u1eb5n<\/span><\/p>\n<p><span>Magi\u00ea \u0111\u00f3ng vai tr\u00f2 trong h\u01a1n 300 ph\u1ea3n \u1ee9ng sinh h\u00f3a trong c\u01a1 th\u1ec3 ch\u00fang ta m\u1ed7i ng\u00e0y!<\/span><\/p>\n","protected":false},"featured_media":193,"comment_status":"open","ping_status":"closed","template":"","meta":[],"product_brand":[],"product_cat":[232],"product_tag":[],"class_list":{"0":"post-795","1":"product","2":"type-product","3":"status-publish","4":"has-post-thumbnail","6":"product_cat-vitamin-vi","8":"first","9":"instock","10":"sale","11":"shipping-taxable","12":"product-type-external"},"yoast_head":"<!-- This site is optimized with the Yoast SEO Premium plugin v20.6 (Yoast SEO v21.8.1) - https:\/\/yoast.com\/wordpress\/plugins\/seo\/ -->\n<title>Ph\u1ee9c h\u1ee3p si\u00eau magi\u00ea - LiveGooD Shop<\/title>\n<meta name=\"robots\" content=\"index, follow, max-snippet:-1, max-image-preview:large, max-video-preview:-1\" \/>\n<link rel=\"canonical\" href=\"https:\/\/livegood.network\/shop\/vi\/product\/ultra-magnesium-complex-vi\/\" \/>\n<meta property=\"og:locale\" content=\"en_US\" \/>\n<meta property=\"og:type\" content=\"article\" \/>\n<meta property=\"og:title\" content=\"Ph\u1ee9c h\u1ee3p si\u00eau magi\u00ea\" \/>\n<meta property=\"og:description\" content=\"H\u1ed7 tr\u1ee3 c\u01a1 b\u1eafp, th\u1ea7n kinh v\u00e0 n\u0103ng l\u01b0\u1ee3ng t\u1ed1i \u0111a  H\u1ed7 tr\u1ee3 h\u01a1n 300 ph\u1ea3n \u1ee9ng enzyme  H\u1ed7 tr\u1ee3 gi\u1ea5c ng\u1ee7  H\u1ea7u h\u1ebft Magi\u00ea sinh h\u1ecdc c\u00f3 s\u1eb5n  Magi\u00ea \u0111\u00f3ng vai tr\u00f2 trong h\u01a1n 300 ph\u1ea3n \u1ee9ng sinh h\u00f3a trong c\u01a1 th\u1ec3 ch\u00fang ta m\u1ed7i ng\u00e0y!\" \/>\n<meta property=\"og:url\" content=\"https:\/\/livegood.network\/shop\/vi\/product\/ultra-magnesium-complex-vi\/\" \/>\n<meta property=\"article:publisher\" content=\"https:\/\/www.facebook.com\/livegoodhello\" \/>\n<meta property=\"article:modified_time\" content=\"2024-01-24T15:03:37+00:00\" \/>\n<meta property=\"og:image\" content=\"https:\/\/livegood.network\/shop\/wp-content\/uploads\/2024\/01\/ultra-magnesium-complex-livegood.png\" \/>\n\t<meta property=\"og:image:width\" content=\"720\" \/>\n\t<meta property=\"og:image:height\" content=\"720\" \/>\n\t<meta property=\"og:image:type\" content=\"image\/png\" \/>\n<meta name=\"twitter:card\" content=\"summary_large_image\" \/>\n<meta name=\"twitter:label1\" content=\"Est. reading time\" \/>\n\t<meta name=\"twitter:data1\" content=\"2 minutes\" \/>\n<script type=\"application\/ld+json\" class=\"yoast-schema-graph\">{\"@context\":\"https:\/\/schema.org\",\"@graph\":[{\"@type\":\"WebPage\",\"@id\":\"https:\/\/livegood.network\/shop\/vi\/product\/ultra-magnesium-complex-vi\/\",\"url\":\"https:\/\/livegood.network\/shop\/vi\/product\/ultra-magnesium-complex-vi\/\",\"name\":\"Ph\u1ee9c h\u1ee3p si\u00eau magi\u00ea - LiveGooD Shop\",\"isPartOf\":{\"@id\":\"https:\/\/livegood.network\/shop\/#website\"},\"datePublished\":\"2024-01-24T15:03:36+00:00\",\"dateModified\":\"2024-01-24T15:03:37+00:00\",\"breadcrumb\":{\"@id\":\"https:\/\/livegood.network\/shop\/vi\/product\/ultra-magnesium-complex-vi\/#breadcrumb\"},\"inLanguage\":\"en-US\",\"potentialAction\":[{\"@type\":\"ReadAction\",\"target\":[\"https:\/\/livegood.network\/shop\/vi\/product\/ultra-magnesium-complex-vi\/\"]}]},{\"@type\":\"BreadcrumbList\",\"@id\":\"https:\/\/livegood.network\/shop\/vi\/product\/ultra-magnesium-complex-vi\/#breadcrumb\",\"itemListElement\":[{\"@type\":\"ListItem\",\"position\":1,\"name\":\"Home\",\"item\":\"https:\/\/livegood.network\/shop\/pt-br\/\"},{\"@type\":\"ListItem\",\"position\":2,\"name\":\"Shop\",\"item\":\"https:\/\/livegood.network\/shop\/shop\/\"},{\"@type\":\"ListItem\",\"position\":3,\"name\":\"Ph\u1ee9c h\u1ee3p si\u00eau magi\u00ea\"}]},{\"@type\":\"WebSite\",\"@id\":\"https:\/\/livegood.network\/shop\/#website\",\"url\":\"https:\/\/livegood.network\/shop\/\",\"name\":\"LiveGooD Shop\",\"description\":\"\",\"publisher\":{\"@id\":\"https:\/\/livegood.network\/shop\/#organization\"},\"potentialAction\":[{\"@type\":\"SearchAction\",\"target\":{\"@type\":\"EntryPoint\",\"urlTemplate\":\"https:\/\/livegood.network\/shop\/?s={search_term_string}\"},\"query-input\":\"required name=search_term_string\"}],\"inLanguage\":\"en-US\"},{\"@type\":\"Organization\",\"@id\":\"https:\/\/livegood.network\/shop\/#organization\",\"name\":\"LiveGooD\",\"url\":\"https:\/\/livegood.network\/shop\/\",\"logo\":{\"@type\":\"ImageObject\",\"inLanguage\":\"en-US\",\"@id\":\"https:\/\/livegood.network\/shop\/#\/schema\/logo\/image\/\",\"url\":\"https:\/\/livegood.network\/shop\/wp-content\/uploads\/2024\/01\/logo-livegood-shop-main.png\",\"contentUrl\":\"https:\/\/livegood.network\/shop\/wp-content\/uploads\/2024\/01\/logo-livegood-shop-main.png\",\"width\":373,\"height\":115,\"caption\":\"LiveGooD\"},\"image\":{\"@id\":\"https:\/\/livegood.network\/shop\/#\/schema\/logo\/image\/\"},\"sameAs\":[\"https:\/\/www.facebook.com\/livegoodhello\"]}]}<\/script>\n<!-- \/ Yoast SEO Premium plugin. -->","yoast_head_json":{"title":"Ph\u1ee9c h\u1ee3p si\u00eau magi\u00ea - LiveGooD Shop","robots":{"index":"index","follow":"follow","max-snippet":"max-snippet:-1","max-image-preview":"max-image-preview:large","max-video-preview":"max-video-preview:-1"},"canonical":"https:\/\/livegood.network\/shop\/vi\/product\/ultra-magnesium-complex-vi\/","og_locale":"en_US","og_type":"article","og_title":"Ph\u1ee9c h\u1ee3p si\u00eau magi\u00ea","og_description":"H\u1ed7 tr\u1ee3 c\u01a1 b\u1eafp, th\u1ea7n kinh v\u00e0 n\u0103ng l\u01b0\u1ee3ng t\u1ed1i \u0111a  H\u1ed7 tr\u1ee3 h\u01a1n 300 ph\u1ea3n \u1ee9ng enzyme  H\u1ed7 tr\u1ee3 gi\u1ea5c ng\u1ee7  H\u1ea7u h\u1ebft Magi\u00ea sinh h\u1ecdc c\u00f3 s\u1eb5n  Magi\u00ea \u0111\u00f3ng vai tr\u00f2 trong h\u01a1n 300 ph\u1ea3n \u1ee9ng sinh h\u00f3a trong c\u01a1 th\u1ec3 ch\u00fang ta m\u1ed7i ng\u00e0y!","og_url":"https:\/\/livegood.network\/shop\/vi\/product\/ultra-magnesium-complex-vi\/","article_publisher":"https:\/\/www.facebook.com\/livegoodhello","article_modified_time":"2024-01-24T15:03:37+00:00","og_image":[{"width":720,"height":720,"url":"https:\/\/livegood.network\/shop\/wp-content\/uploads\/2024\/01\/ultra-magnesium-complex-livegood.png","type":"image\/png"}],"twitter_card":"summary_large_image","twitter_misc":{"Est. reading time":"2 minutes"},"schema":{"@context":"https:\/\/schema.org","@graph":[{"@type":"WebPage","@id":"https:\/\/livegood.network\/shop\/vi\/product\/ultra-magnesium-complex-vi\/","url":"https:\/\/livegood.network\/shop\/vi\/product\/ultra-magnesium-complex-vi\/","name":"Ph\u1ee9c h\u1ee3p si\u00eau magi\u00ea - LiveGooD Shop","isPartOf":{"@id":"https:\/\/livegood.network\/shop\/#website"},"datePublished":"2024-01-24T15:03:36+00:00","dateModified":"2024-01-24T15:03:37+00:00","breadcrumb":{"@id":"https:\/\/livegood.network\/shop\/vi\/product\/ultra-magnesium-complex-vi\/#breadcrumb"},"inLanguage":"en-US","potentialAction":[{"@type":"ReadAction","target":["https:\/\/livegood.network\/shop\/vi\/product\/ultra-magnesium-complex-vi\/"]}]},{"@type":"BreadcrumbList","@id":"https:\/\/livegood.network\/shop\/vi\/product\/ultra-magnesium-complex-vi\/#breadcrumb","itemListElement":[{"@type":"ListItem","position":1,"name":"Home","item":"https:\/\/livegood.network\/shop\/pt-br\/"},{"@type":"ListItem","position":2,"name":"Shop","item":"https:\/\/livegood.network\/shop\/shop\/"},{"@type":"ListItem","position":3,"name":"Ph\u1ee9c h\u1ee3p si\u00eau magi\u00ea"}]},{"@type":"WebSite","@id":"https:\/\/livegood.network\/shop\/#website","url":"https:\/\/livegood.network\/shop\/","name":"LiveGooD Shop","description":"","publisher":{"@id":"https:\/\/livegood.network\/shop\/#organization"},"potentialAction":[{"@type":"SearchAction","target":{"@type":"EntryPoint","urlTemplate":"https:\/\/livegood.network\/shop\/?s={search_term_string}"},"query-input":"required name=search_term_string"}],"inLanguage":"en-US"},{"@type":"Organization","@id":"https:\/\/livegood.network\/shop\/#organization","name":"LiveGooD","url":"https:\/\/livegood.network\/shop\/","logo":{"@type":"ImageObject","inLanguage":"en-US","@id":"https:\/\/livegood.network\/shop\/#\/schema\/logo\/image\/","url":"https:\/\/livegood.network\/shop\/wp-content\/uploads\/2024\/01\/logo-livegood-shop-main.png","contentUrl":"https:\/\/livegood.network\/shop\/wp-content\/uploads\/2024\/01\/logo-livegood-shop-main.png","width":373,"height":115,"caption":"LiveGooD"},"image":{"@id":"https:\/\/livegood.network\/shop\/#\/schema\/logo\/image\/"},"sameAs":["https:\/\/www.facebook.com\/livegoodhello"]}]}},"lang":"vi","translations":{"vi":795,"pt-pt":792,"pt-br":802,"en-us":192,"fr-fr":790,"es-es":791,"ru-ru":796,"ko":797},"pll_sync_post":[],"_links":{"self":[{"href":"https:\/\/livegood.network\/shop\/wp-json\/wp\/v2\/product\/795","targetHints":{"allow":["GET"]}}],"collection":[{"href":"https:\/\/livegood.network\/shop\/wp-json\/wp\/v2\/product"}],"about":[{"href":"https:\/\/livegood.network\/shop\/wp-json\/wp\/v2\/types\/product"}],"replies":[{"embeddable":true,"href":"https:\/\/livegood.network\/shop\/wp-json\/wp\/v2\/comments?post=795"}],"version-history":[{"count":0,"href":"https:\/\/livegood.network\/shop\/wp-json\/wp\/v2\/product\/795\/revisions"}],"wp:featuredmedia":[{"embeddable":true,"href":"https:\/\/livegood.network\/shop\/wp-json\/wp\/v2\/media\/193"}],"wp:attachment":[{"href":"https:\/\/livegood.network\/shop\/wp-json\/wp\/v2\/media?parent=795"}],"wp:term":[{"taxonomy":"product_brand","embeddable":true,"href":"https:\/\/livegood.network\/shop\/wp-json\/wp\/v2\/product_brand?post=795"},{"taxonomy":"product_cat","embeddable":true,"href":"https:\/\/livegood.network\/shop\/wp-json\/wp\/v2\/product_cat?post=795"},{"taxonomy":"product_tag","embeddable":true,"href":"https:\/\/livegood.network\/shop\/wp-json\/wp\/v2\/product_tag?post=795"}],"curies":[{"name":"wp","href":"https:\/\/api.w.org\/{rel}","templated":true}]}}