{"id":802,"date":"2024-01-24T15:01:37","date_gmt":"2024-01-24T15:01:37","guid":{"rendered":"https:\/\/livegood.network\/shop\/?post_type=product&#038;p=802"},"modified":"2024-01-24T15:01:38","modified_gmt":"2024-01-24T15:01:38","slug":"ultra-magnesium-complex-pt-br","status":"publish","type":"product","link":"https:\/\/livegood.network\/shop\/pt-br\/product\/ultra-magnesium-complex-pt-br\/","title":{"rendered":"Complexo Ultra Magn\u00e9sio"},"content":{"rendered":"<p><strong>Complexo Ultra Magn\u00e9sio<\/strong><\/p>\n<p>O magn\u00e9sio desempenha um papel em mais de 300 rea\u00e7\u00f5es bioqu\u00edmicas em nosso corpo todos os dias!\u00a0Apesar de manter uma dieta saud\u00e1vel e equilibrada, a maioria dos indiv\u00edduos n\u00e3o adquire Magn\u00e9sio suficiente.<\/p>\n<p>Uma defici\u00eancia de magn\u00e9sio pode levar a s\u00e9rios problemas de sa\u00fade, incluindo problemas card\u00edacos, dist\u00farbios do sono, diminui\u00e7\u00e3o da concentra\u00e7\u00e3o, desafios no controle do estresse, redu\u00e7\u00e3o da densidade \u00f3ssea e comprometimento do desempenho nos exerc\u00edcios.<\/p>\n<p>Por este motivo, \u00e9 aconselh\u00e1vel que todos incorporem um suplemento de magn\u00e9sio de alta qualidade na sua rotina di\u00e1ria.<\/p>\n<p>O Complexo Ultra Magn\u00e9sio da LiveGood \u00e9 formulado com as formas de magn\u00e9sio mais biodispon\u00edveis &#8211; Glicinato de Magn\u00e9sio e Gluconato de Magn\u00e9sio &#8211; tipos essenciais que muitas pessoas carecem em sua dieta ou em outros suplementos.<\/p>\n<p>O Glicinato de Magn\u00e9sio ajuda a aliviar a ansiedade, promovendo a for\u00e7a \u00f3ssea, mantendo ritmos card\u00edacos saud\u00e1veis, melhorando o desempenho nos exerc\u00edcios e at\u00e9 mesmo reduzindo a dor.\u00a0Enquanto isso, o gluconato de magn\u00e9sio apoia a fun\u00e7\u00e3o fisiol\u00f3gica saud\u00e1vel dos nervos, m\u00fasculos, ossos e cora\u00e7\u00e3o.<\/p>\n<p><strong>MODO DE USAR:<\/strong><br \/>\nConsumir 2 c\u00e1psulas por via oral ao dia, com ou sem alimentos.<\/p>\n<p><strong>INGEST\u00c3O \u00d3TIMA SEPARADA DE OUTROS MEDICAMENTOS E VITAMINAS POR PELO MENOS 2 HORAS<\/strong>\u00a0.\u00a0Nossa rotina preferida envolve dividir a dose, tomar 1 c\u00e1psula \u00e0 tarde para auxiliar na resposta ao estresse do final do dia e outra antes de dormir para apoiar o ciclo do sono.\u00a0Alternativamente, se for mais conveniente, ambas as c\u00e1psulas podem ser tomadas 30 minutos antes de deitar.\u00a0Em caso de dor de est\u00f4mago, recomenda-se tomar no almo\u00e7o ou jantar.<\/p>\n<p>RECOMENDADO PARA USO DI\u00c1RIO.<\/p>\n","protected":false},"excerpt":{"rendered":"<p><img decoding=\"async\" class=\"emoji\" role=\"img\" draggable=\"false\" src=\"https:\/\/s.w.org\/images\/core\/emoji\/14.0.0\/svg\/1f49a.svg\" alt=\"????\" \/> M\u00e1ximo suporte muscular, nervoso e energ\u00e9tico<br \/>\n<img decoding=\"async\" class=\"emoji\" role=\"img\" draggable=\"false\" src=\"https:\/\/s.w.org\/images\/core\/emoji\/14.0.0\/svg\/1f49a.svg\" alt=\"????\" \/> Suporta mais de 300 rea\u00e7\u00f5es enzim\u00e1ticas<br \/>\n<img decoding=\"async\" class=\"emoji\" role=\"img\" draggable=\"false\" src=\"https:\/\/s.w.org\/images\/core\/emoji\/14.0.0\/svg\/1f49a.svg\" alt=\"????\" \/> Suporte ao sono<br \/>\n<img decoding=\"async\" class=\"emoji\" role=\"img\" draggable=\"false\" src=\"https:\/\/s.w.org\/images\/core\/emoji\/14.0.0\/svg\/1f49a.svg\" alt=\"????\" \/> Magn\u00e9sio mais biodispon\u00edvel<\/p>\n<p>O magn\u00e9sio desempenha um papel em mais de 300 rea\u00e7\u00f5es bioqu\u00edmicas em nosso corpo todos os dias!<\/p>\n","protected":false},"featured_media":193,"comment_status":"open","ping_status":"closed","template":"","meta":[],"product_brand":[],"product_cat":[236],"product_tag":[],"class_list":{"0":"post-802","1":"product","2":"type-product","3":"status-publish","4":"has-post-thumbnail","6":"product_cat-vitamin-pt-br","8":"first","9":"instock","10":"sale","11":"shipping-taxable","12":"product-type-external"},"yoast_head":"<!-- This site is optimized with the Yoast SEO Premium plugin v20.6 (Yoast SEO v21.8.1) - https:\/\/yoast.com\/wordpress\/plugins\/seo\/ -->\n<title>Complexo Ultra Magn\u00e9sio - LiveGooD Shop<\/title>\n<meta name=\"robots\" content=\"index, follow, max-snippet:-1, max-image-preview:large, max-video-preview:-1\" \/>\n<link rel=\"canonical\" href=\"https:\/\/livegood.network\/shop\/pt-br\/product\/ultra-magnesium-complex-pt-br\/\" \/>\n<meta property=\"og:locale\" content=\"en_US\" \/>\n<meta property=\"og:type\" content=\"article\" \/>\n<meta property=\"og:title\" content=\"Complexo Ultra Magn\u00e9sio\" \/>\n<meta property=\"og:description\" content=\"M\u00e1ximo suporte muscular, nervoso e energ\u00e9tico  Suporta mais de 300 rea\u00e7\u00f5es enzim\u00e1ticas  Suporte ao sono  Magn\u00e9sio mais biodispon\u00edvel  O magn\u00e9sio desempenha um papel em mais de 300 rea\u00e7\u00f5es bioqu\u00edmicas em nosso corpo todos os dias!\" \/>\n<meta property=\"og:url\" content=\"https:\/\/livegood.network\/shop\/pt-br\/product\/ultra-magnesium-complex-pt-br\/\" \/>\n<meta property=\"article:publisher\" content=\"https:\/\/www.facebook.com\/livegoodhello\" \/>\n<meta property=\"article:modified_time\" content=\"2024-01-24T15:01:38+00:00\" \/>\n<meta property=\"og:image\" content=\"https:\/\/livegood.network\/shop\/wp-content\/uploads\/2024\/01\/ultra-magnesium-complex-livegood.png\" \/>\n\t<meta property=\"og:image:width\" content=\"720\" \/>\n\t<meta property=\"og:image:height\" content=\"720\" \/>\n\t<meta property=\"og:image:type\" content=\"image\/png\" \/>\n<meta name=\"twitter:card\" content=\"summary_large_image\" \/>\n<meta name=\"twitter:label1\" content=\"Est. reading time\" \/>\n\t<meta name=\"twitter:data1\" content=\"2 minutes\" \/>\n<script type=\"application\/ld+json\" class=\"yoast-schema-graph\">{\"@context\":\"https:\/\/schema.org\",\"@graph\":[{\"@type\":\"WebPage\",\"@id\":\"https:\/\/livegood.network\/shop\/pt-br\/product\/ultra-magnesium-complex-pt-br\/\",\"url\":\"https:\/\/livegood.network\/shop\/pt-br\/product\/ultra-magnesium-complex-pt-br\/\",\"name\":\"Complexo Ultra Magn\u00e9sio - LiveGooD Shop\",\"isPartOf\":{\"@id\":\"https:\/\/livegood.network\/shop\/#website\"},\"datePublished\":\"2024-01-24T15:01:37+00:00\",\"dateModified\":\"2024-01-24T15:01:38+00:00\",\"breadcrumb\":{\"@id\":\"https:\/\/livegood.network\/shop\/pt-br\/product\/ultra-magnesium-complex-pt-br\/#breadcrumb\"},\"inLanguage\":\"en-US\",\"potentialAction\":[{\"@type\":\"ReadAction\",\"target\":[\"https:\/\/livegood.network\/shop\/pt-br\/product\/ultra-magnesium-complex-pt-br\/\"]}]},{\"@type\":\"BreadcrumbList\",\"@id\":\"https:\/\/livegood.network\/shop\/pt-br\/product\/ultra-magnesium-complex-pt-br\/#breadcrumb\",\"itemListElement\":[{\"@type\":\"ListItem\",\"position\":1,\"name\":\"Home\",\"item\":\"https:\/\/livegood.network\/shop\/pt-br\/\"},{\"@type\":\"ListItem\",\"position\":2,\"name\":\"Shop\",\"item\":\"https:\/\/livegood.network\/shop\/shop\/\"},{\"@type\":\"ListItem\",\"position\":3,\"name\":\"Complexo Ultra Magn\u00e9sio\"}]},{\"@type\":\"WebSite\",\"@id\":\"https:\/\/livegood.network\/shop\/#website\",\"url\":\"https:\/\/livegood.network\/shop\/\",\"name\":\"LiveGooD Shop\",\"description\":\"\",\"publisher\":{\"@id\":\"https:\/\/livegood.network\/shop\/#organization\"},\"potentialAction\":[{\"@type\":\"SearchAction\",\"target\":{\"@type\":\"EntryPoint\",\"urlTemplate\":\"https:\/\/livegood.network\/shop\/?s={search_term_string}\"},\"query-input\":\"required name=search_term_string\"}],\"inLanguage\":\"en-US\"},{\"@type\":\"Organization\",\"@id\":\"https:\/\/livegood.network\/shop\/#organization\",\"name\":\"LiveGooD\",\"url\":\"https:\/\/livegood.network\/shop\/\",\"logo\":{\"@type\":\"ImageObject\",\"inLanguage\":\"en-US\",\"@id\":\"https:\/\/livegood.network\/shop\/#\/schema\/logo\/image\/\",\"url\":\"https:\/\/livegood.network\/shop\/wp-content\/uploads\/2024\/01\/logo-livegood-shop-main.png\",\"contentUrl\":\"https:\/\/livegood.network\/shop\/wp-content\/uploads\/2024\/01\/logo-livegood-shop-main.png\",\"width\":373,\"height\":115,\"caption\":\"LiveGooD\"},\"image\":{\"@id\":\"https:\/\/livegood.network\/shop\/#\/schema\/logo\/image\/\"},\"sameAs\":[\"https:\/\/www.facebook.com\/livegoodhello\"]}]}<\/script>\n<!-- \/ Yoast SEO Premium plugin. -->","yoast_head_json":{"title":"Complexo Ultra Magn\u00e9sio - LiveGooD Shop","robots":{"index":"index","follow":"follow","max-snippet":"max-snippet:-1","max-image-preview":"max-image-preview:large","max-video-preview":"max-video-preview:-1"},"canonical":"https:\/\/livegood.network\/shop\/pt-br\/product\/ultra-magnesium-complex-pt-br\/","og_locale":"en_US","og_type":"article","og_title":"Complexo Ultra Magn\u00e9sio","og_description":"M\u00e1ximo suporte muscular, nervoso e energ\u00e9tico  Suporta mais de 300 rea\u00e7\u00f5es enzim\u00e1ticas  Suporte ao sono  Magn\u00e9sio mais biodispon\u00edvel  O magn\u00e9sio desempenha um papel em mais de 300 rea\u00e7\u00f5es bioqu\u00edmicas em nosso corpo todos os dias!","og_url":"https:\/\/livegood.network\/shop\/pt-br\/product\/ultra-magnesium-complex-pt-br\/","article_publisher":"https:\/\/www.facebook.com\/livegoodhello","article_modified_time":"2024-01-24T15:01:38+00:00","og_image":[{"width":720,"height":720,"url":"https:\/\/livegood.network\/shop\/wp-content\/uploads\/2024\/01\/ultra-magnesium-complex-livegood.png","type":"image\/png"}],"twitter_card":"summary_large_image","twitter_misc":{"Est. reading time":"2 minutes"},"schema":{"@context":"https:\/\/schema.org","@graph":[{"@type":"WebPage","@id":"https:\/\/livegood.network\/shop\/pt-br\/product\/ultra-magnesium-complex-pt-br\/","url":"https:\/\/livegood.network\/shop\/pt-br\/product\/ultra-magnesium-complex-pt-br\/","name":"Complexo Ultra Magn\u00e9sio - LiveGooD Shop","isPartOf":{"@id":"https:\/\/livegood.network\/shop\/#website"},"datePublished":"2024-01-24T15:01:37+00:00","dateModified":"2024-01-24T15:01:38+00:00","breadcrumb":{"@id":"https:\/\/livegood.network\/shop\/pt-br\/product\/ultra-magnesium-complex-pt-br\/#breadcrumb"},"inLanguage":"en-US","potentialAction":[{"@type":"ReadAction","target":["https:\/\/livegood.network\/shop\/pt-br\/product\/ultra-magnesium-complex-pt-br\/"]}]},{"@type":"BreadcrumbList","@id":"https:\/\/livegood.network\/shop\/pt-br\/product\/ultra-magnesium-complex-pt-br\/#breadcrumb","itemListElement":[{"@type":"ListItem","position":1,"name":"Home","item":"https:\/\/livegood.network\/shop\/pt-br\/"},{"@type":"ListItem","position":2,"name":"Shop","item":"https:\/\/livegood.network\/shop\/shop\/"},{"@type":"ListItem","position":3,"name":"Complexo Ultra Magn\u00e9sio"}]},{"@type":"WebSite","@id":"https:\/\/livegood.network\/shop\/#website","url":"https:\/\/livegood.network\/shop\/","name":"LiveGooD Shop","description":"","publisher":{"@id":"https:\/\/livegood.network\/shop\/#organization"},"potentialAction":[{"@type":"SearchAction","target":{"@type":"EntryPoint","urlTemplate":"https:\/\/livegood.network\/shop\/?s={search_term_string}"},"query-input":"required name=search_term_string"}],"inLanguage":"en-US"},{"@type":"Organization","@id":"https:\/\/livegood.network\/shop\/#organization","name":"LiveGooD","url":"https:\/\/livegood.network\/shop\/","logo":{"@type":"ImageObject","inLanguage":"en-US","@id":"https:\/\/livegood.network\/shop\/#\/schema\/logo\/image\/","url":"https:\/\/livegood.network\/shop\/wp-content\/uploads\/2024\/01\/logo-livegood-shop-main.png","contentUrl":"https:\/\/livegood.network\/shop\/wp-content\/uploads\/2024\/01\/logo-livegood-shop-main.png","width":373,"height":115,"caption":"LiveGooD"},"image":{"@id":"https:\/\/livegood.network\/shop\/#\/schema\/logo\/image\/"},"sameAs":["https:\/\/www.facebook.com\/livegoodhello"]}]}},"lang":"pt-br","translations":{"pt-br":802,"pt-pt":792,"en-us":192,"fr-fr":790,"es-es":791,"vi":795,"ru-ru":796,"ko":797},"pll_sync_post":[],"_links":{"self":[{"href":"https:\/\/livegood.network\/shop\/wp-json\/wp\/v2\/product\/802","targetHints":{"allow":["GET"]}}],"collection":[{"href":"https:\/\/livegood.network\/shop\/wp-json\/wp\/v2\/product"}],"about":[{"href":"https:\/\/livegood.network\/shop\/wp-json\/wp\/v2\/types\/product"}],"replies":[{"embeddable":true,"href":"https:\/\/livegood.network\/shop\/wp-json\/wp\/v2\/comments?post=802"}],"version-history":[{"count":0,"href":"https:\/\/livegood.network\/shop\/wp-json\/wp\/v2\/product\/802\/revisions"}],"wp:featuredmedia":[{"embeddable":true,"href":"https:\/\/livegood.network\/shop\/wp-json\/wp\/v2\/media\/193"}],"wp:attachment":[{"href":"https:\/\/livegood.network\/shop\/wp-json\/wp\/v2\/media?parent=802"}],"wp:term":[{"taxonomy":"product_brand","embeddable":true,"href":"https:\/\/livegood.network\/shop\/wp-json\/wp\/v2\/product_brand?post=802"},{"taxonomy":"product_cat","embeddable":true,"href":"https:\/\/livegood.network\/shop\/wp-json\/wp\/v2\/product_cat?post=802"},{"taxonomy":"product_tag","embeddable":true,"href":"https:\/\/livegood.network\/shop\/wp-json\/wp\/v2\/product_tag?post=802"}],"curies":[{"name":"wp","href":"https:\/\/api.w.org\/{rel}","templated":true}]}}