{"id":806,"date":"2024-01-24T17:35:11","date_gmt":"2024-01-24T17:35:11","guid":{"rendered":"https:\/\/livegood.network\/shop\/?post_type=product&#038;p=806"},"modified":"2024-02-02T14:18:51","modified_gmt":"2024-02-02T14:18:51","slug":"maximum-energy-pack-pt-pt","status":"publish","type":"product","link":"https:\/\/livegood.network\/shop\/pt-pt\/product\/maximum-energy-pack-pt-pt\/","title":{"rendered":"Pacote de Energia M\u00e1xima"},"content":{"rendered":"<p><strong>Pacote de Energia M\u00e1xima<\/strong><\/p>\n<p>A diminui\u00e7\u00e3o dos n\u00edveis de energia sabotam silenciosamente a produtividade em todo o mundo.\u00a0A pesquisa indica que at\u00e9 60% dos indiv\u00edduos expressam uma falta persistente de energia para navegar pelas suas rotinas di\u00e1rias.<\/p>\n<p>Embora as escolhas alimentares e os padr\u00f5es de sono influenciem significativamente os n\u00edveis de energia, um impulso suplementar de energia positiva \u00e9 universalmente ben\u00e9fico.\u00a0Os produtos excepcionais da LiveGood est\u00e3o aqui para fornecer a revitaliza\u00e7\u00e3o necess\u00e1ria.<\/p>\n<p>Nosso pacote Peak Energy abrange os seguintes produtos poderosos:<\/p>\n<ol>\n<li><strong>Caf\u00e9 Org\u00e2nico Saud\u00e1vel para Controle de Peso com Cogumelos:<\/strong>\u00a0Aproveitando o ritual do caf\u00e9 da manh\u00e3, nossa mistura org\u00e2nica n\u00e3o apenas aproveita os efeitos despertadores da cafe\u00edna, mas tamb\u00e9m incorpora uma riqueza de ingredientes extraordin\u00e1rios.\u00a0Eleve o c\u00e9rebro e o corpo com este caf\u00e9 revigorante.<\/li>\n<li><strong>Essential Aminos:<\/strong>\u00a0Carregado com todos os amino\u00e1cidos essenciais e eletr\u00f3litos, Essential Aminos \u00e9 uma necessidade di\u00e1ria.\u00a0A sua composi\u00e7\u00e3o abrangente torna-o um complemento ideal para quem procura vitalidade sustentada.<\/li>\n<li><strong>Super Verdes Org\u00e2nicos:<\/strong>\u00a0Visando a sa\u00fade intestinal, a digest\u00e3o e a energia geral, os Super Verdes servem como um refor\u00e7o de energia \u00e0 tarde, combatendo eficazmente a fadiga t\u00edpica sentida no final do dia.<\/li>\n<li><strong>Super Reds Org\u00e2nicos:<\/strong>\u00a0Liberte o poder do produto de suporte cardiovascular n\u00famero um em todo o mundo, Super Reds.\u00a0Repleto de vitaminas e antioxidantes, este suplemento complementa perfeitamente o nosso pacote Peak Energy e integra-se perfeitamente nas rotinas alimentares di\u00e1rias.<\/li>\n<\/ol>\n<hr \/>\n<p><strong>O que h\u00e1 no Pacote de Energia M\u00e1xima?<\/strong><\/p>\n<hr \/>\n<p><a href=\"https:\/\/livegood.network\/shop\/pt-pt\/product\/essential-aminos-pt-pt\/\"><img decoding=\"async\" class=\" wp-image-185\" src=\"https:\/\/livegood.network\/shop\/wp-content\/uploads\/2024\/01\/aminos-fruitpunch-livegood.png\" alt=\"Aminos Essenciais Completos Livegood\" width=\"83\" height=\"83\" \/><\/a><\/p>\n<p><a href=\"https:\/\/livegood.network\/shop\/pt-pt\/product\/essential-aminos-pt-pt\/\"><strong>Essential Aminos<\/strong><\/a><\/p>\n<p>A f\u00f3rmula exclusiva fornece uma propor\u00e7\u00e3o ajustada de TODOS os amino\u00e1cidos essenciais, amino\u00e1cidos de cadeia ramificada e eletr\u00f3litos para refor\u00e7ar a for\u00e7a e a fun\u00e7\u00e3o muscular, preservar a massa muscular magra, aumentar a resist\u00eancia e a recupera\u00e7\u00e3o e promover um estado de energia e foco saud\u00e1veis!<\/p>\n<hr \/>\n<p><a href=\"https:\/\/livegood.network\/shop\/pt-pt\/product\/organic-super-greens-pt-pt\/\"><img decoding=\"async\" class=\"alignnone wp-image-185\" src=\"https:\/\/livegood.network\/shop\/wp-content\/uploads\/2024\/01\/super-greens-dietary-supplement-livegood.png\" alt=\"Super Verdes Livegood\" width=\"83\" height=\"83\" \/><\/a><\/p>\n<p><a href=\"https:\/\/livegood.network\/shop\/pt-pt\/product\/organic-super-greens-pt-pt\/\"><strong>Super Greens<\/strong><\/a><\/p>\n<p>Consumir frutas e vegetais org\u00e2nicos, rec\u00e9m-colhidos e limpos mant\u00e9m a press\u00e3o arterial normal, garante o bom funcionamento do nosso intestino e fornece ao nosso c\u00e9rebro nutrientes essenciais para tarefas cruciais.<\/p>\n<hr \/>\n<p><a href=\"https:\/\/livegood.network\/shop\/pt-pt\/product\/organic-super-reds-pt-pt\/\"><img decoding=\"async\" class=\"alignnone wp-image-185\" src=\"https:\/\/livegood.network\/shop\/wp-content\/uploads\/2024\/01\/super-reds-dietary-supplement-livegood.png\" alt=\"Super Reds Livegood\" width=\"83\" height=\"83\" \/><\/a><\/p>\n<p><a href=\"https:\/\/livegood.network\/shop\/pt-pt\/product\/organic-super-reds-pt-pt\/\"><strong>Super Reds<\/strong><\/a><\/p>\n<p>No dom\u00ednio do envelhecimento saud\u00e1vel, nada supera a import\u00e2ncia de um cora\u00e7\u00e3o saud\u00e1vel!\u00a0A forma mais eficaz de manter a sa\u00fade do cora\u00e7\u00e3o \u00e9 atrav\u00e9s de uma dieta rica em frutas e vegetais vermelhos.<\/p>\n<hr \/>\n<p><a href=\"https:\/\/livegood.network\/shop\/pt-pt\/product\/organic-coffee-pt-pt\/\"><img loading=\"lazy\" decoding=\"async\" class=\" wp-image-185\" src=\"https:\/\/livegood.network\/shop\/wp-content\/uploads\/2024\/01\/organic-coffee-livegood.png\" alt=\"Caf\u00e9 Org\u00e2nico Livegood\" width=\"83\" height=\"83\" \/><\/a><\/p>\n<p><a href=\"https:\/\/livegood.network\/shop\/pt-pt\/product\/organic-coffee-pt-pt\/\"><strong>Caf\u00e9 Org\u00e2nico<\/strong><\/a><\/p>\n<p>No entanto, a realidade \u00e9 que com a multiplicidade de benef\u00edcios incr\u00edveis e ingredientes cuidadosamente escolhidos incorporados nesta mistura, poder\u00edamos ter inclu\u00eddo ainda mais termos, como adapt\u00f3genos, ch\u00e1 verde, fibra saud\u00e1vel, maca e, claro, sabores irresistivelmente deliciosos!<\/p>\n","protected":false},"excerpt":{"rendered":"<p><img decoding=\"async\" class=\"emoji\" role=\"img\" draggable=\"false\" src=\"https:\/\/s.w.org\/images\/core\/emoji\/14.0.0\/svg\/1f49a.svg\" alt=\"LiveGooD Heart\" \/> Caf\u00e9 Org\u00e2nico<br \/>\n<img decoding=\"async\" class=\"emoji\" role=\"img\" draggable=\"false\" src=\"https:\/\/s.w.org\/images\/core\/emoji\/14.0.0\/svg\/1f49a.svg\" alt=\"LiveGooD Heart\" \/> Essential Aminos Fruit Punch\/Lim\u00e3o Lim\u00e3o<br \/>\n<img decoding=\"async\" class=\"emoji\" role=\"img\" draggable=\"false\" src=\"https:\/\/s.w.org\/images\/core\/emoji\/14.0.0\/svg\/1f49a.svg\" alt=\"LiveGooD Heart\" \/> Super Reds<br \/>\n<img decoding=\"async\" class=\"emoji\" role=\"img\" draggable=\"false\" src=\"https:\/\/s.w.org\/images\/core\/emoji\/14.0.0\/svg\/1f49a.svg\" alt=\"LiveGooD Heart\" \/> Super Greens<\/p>\n","protected":false},"featured_media":283,"comment_status":"open","ping_status":"closed","template":"","meta":[],"product_brand":[],"product_cat":[172,203,217,234],"product_tag":[3900],"class_list":{"0":"post-806","1":"product","2":"type-product","3":"status-publish","4":"has-post-thumbnail","6":"product_cat-coffee-tea-pt-pt","7":"product_cat-product-packages-pt-pt","8":"product_cat-supplements-pt-pt","9":"product_cat-vitamin-pt-pt","10":"product_tag-energy-pt-pt","12":"first","13":"instock","14":"sale","15":"shipping-taxable","16":"product-type-external"},"yoast_head":"<!-- This site is optimized with the Yoast SEO Premium plugin v20.6 (Yoast SEO v21.8.1) - https:\/\/yoast.com\/wordpress\/plugins\/seo\/ -->\n<title>Pacote de Energia M\u00e1xima - LiveGooD Shop<\/title>\n<meta name=\"robots\" content=\"index, follow, max-snippet:-1, max-image-preview:large, max-video-preview:-1\" \/>\n<link rel=\"canonical\" href=\"https:\/\/livegood.network\/shop\/pt-pt\/product\/maximum-energy-pack-pt-pt\/\" \/>\n<meta property=\"og:locale\" content=\"en_US\" \/>\n<meta property=\"og:type\" content=\"article\" \/>\n<meta property=\"og:title\" content=\"Pacote de Energia M\u00e1xima\" \/>\n<meta property=\"og:description\" content=\"Caf\u00e9 Org\u00e2nico  Essential Aminos Fruit Punch\/Lim\u00e3o Lim\u00e3o  Super Reds  Super Greens\" \/>\n<meta property=\"og:url\" content=\"https:\/\/livegood.network\/shop\/pt-pt\/product\/maximum-energy-pack-pt-pt\/\" \/>\n<meta property=\"article:publisher\" content=\"https:\/\/www.facebook.com\/livegoodhello\" \/>\n<meta property=\"article:modified_time\" content=\"2024-02-02T14:18:51+00:00\" \/>\n<meta property=\"og:image\" content=\"https:\/\/livegood.network\/shop\/wp-content\/uploads\/2024\/01\/maximum-energy-pack-Tile-livegood.png\" \/>\n\t<meta property=\"og:image:width\" content=\"1000\" \/>\n\t<meta property=\"og:image:height\" content=\"600\" \/>\n\t<meta property=\"og:image:type\" content=\"image\/png\" \/>\n<meta name=\"twitter:card\" content=\"summary_large_image\" \/>\n<meta name=\"twitter:label1\" content=\"Est. reading time\" \/>\n\t<meta name=\"twitter:data1\" content=\"3 minutes\" \/>\n<script type=\"application\/ld+json\" class=\"yoast-schema-graph\">{\"@context\":\"https:\/\/schema.org\",\"@graph\":[{\"@type\":\"WebPage\",\"@id\":\"https:\/\/livegood.network\/shop\/pt-pt\/product\/maximum-energy-pack-pt-pt\/\",\"url\":\"https:\/\/livegood.network\/shop\/pt-pt\/product\/maximum-energy-pack-pt-pt\/\",\"name\":\"Pacote de Energia M\u00e1xima - LiveGooD Shop\",\"isPartOf\":{\"@id\":\"https:\/\/livegood.network\/shop\/#website\"},\"datePublished\":\"2024-01-24T17:35:11+00:00\",\"dateModified\":\"2024-02-02T14:18:51+00:00\",\"breadcrumb\":{\"@id\":\"https:\/\/livegood.network\/shop\/pt-pt\/product\/maximum-energy-pack-pt-pt\/#breadcrumb\"},\"inLanguage\":\"en-US\",\"potentialAction\":[{\"@type\":\"ReadAction\",\"target\":[\"https:\/\/livegood.network\/shop\/pt-pt\/product\/maximum-energy-pack-pt-pt\/\"]}]},{\"@type\":\"BreadcrumbList\",\"@id\":\"https:\/\/livegood.network\/shop\/pt-pt\/product\/maximum-energy-pack-pt-pt\/#breadcrumb\",\"itemListElement\":[{\"@type\":\"ListItem\",\"position\":1,\"name\":\"Home\",\"item\":\"https:\/\/livegood.network\/shop\/pt-br\/\"},{\"@type\":\"ListItem\",\"position\":2,\"name\":\"Shop\",\"item\":\"https:\/\/livegood.network\/shop\/shop\/\"},{\"@type\":\"ListItem\",\"position\":3,\"name\":\"Pacote de Energia M\u00e1xima\"}]},{\"@type\":\"WebSite\",\"@id\":\"https:\/\/livegood.network\/shop\/#website\",\"url\":\"https:\/\/livegood.network\/shop\/\",\"name\":\"LiveGooD Shop\",\"description\":\"\",\"publisher\":{\"@id\":\"https:\/\/livegood.network\/shop\/#organization\"},\"potentialAction\":[{\"@type\":\"SearchAction\",\"target\":{\"@type\":\"EntryPoint\",\"urlTemplate\":\"https:\/\/livegood.network\/shop\/?s={search_term_string}\"},\"query-input\":\"required name=search_term_string\"}],\"inLanguage\":\"en-US\"},{\"@type\":\"Organization\",\"@id\":\"https:\/\/livegood.network\/shop\/#organization\",\"name\":\"LiveGooD\",\"url\":\"https:\/\/livegood.network\/shop\/\",\"logo\":{\"@type\":\"ImageObject\",\"inLanguage\":\"en-US\",\"@id\":\"https:\/\/livegood.network\/shop\/#\/schema\/logo\/image\/\",\"url\":\"https:\/\/livegood.network\/shop\/wp-content\/uploads\/2024\/01\/logo-livegood-shop-main.png\",\"contentUrl\":\"https:\/\/livegood.network\/shop\/wp-content\/uploads\/2024\/01\/logo-livegood-shop-main.png\",\"width\":373,\"height\":115,\"caption\":\"LiveGooD\"},\"image\":{\"@id\":\"https:\/\/livegood.network\/shop\/#\/schema\/logo\/image\/\"},\"sameAs\":[\"https:\/\/www.facebook.com\/livegoodhello\"]}]}<\/script>\n<!-- \/ Yoast SEO Premium plugin. -->","yoast_head_json":{"title":"Pacote de Energia M\u00e1xima - LiveGooD Shop","robots":{"index":"index","follow":"follow","max-snippet":"max-snippet:-1","max-image-preview":"max-image-preview:large","max-video-preview":"max-video-preview:-1"},"canonical":"https:\/\/livegood.network\/shop\/pt-pt\/product\/maximum-energy-pack-pt-pt\/","og_locale":"en_US","og_type":"article","og_title":"Pacote de Energia M\u00e1xima","og_description":"Caf\u00e9 Org\u00e2nico  Essential Aminos Fruit Punch\/Lim\u00e3o Lim\u00e3o  Super Reds  Super Greens","og_url":"https:\/\/livegood.network\/shop\/pt-pt\/product\/maximum-energy-pack-pt-pt\/","article_publisher":"https:\/\/www.facebook.com\/livegoodhello","article_modified_time":"2024-02-02T14:18:51+00:00","og_image":[{"width":1000,"height":600,"url":"https:\/\/livegood.network\/shop\/wp-content\/uploads\/2024\/01\/maximum-energy-pack-Tile-livegood.png","type":"image\/png"}],"twitter_card":"summary_large_image","twitter_misc":{"Est. reading time":"3 minutes"},"schema":{"@context":"https:\/\/schema.org","@graph":[{"@type":"WebPage","@id":"https:\/\/livegood.network\/shop\/pt-pt\/product\/maximum-energy-pack-pt-pt\/","url":"https:\/\/livegood.network\/shop\/pt-pt\/product\/maximum-energy-pack-pt-pt\/","name":"Pacote de Energia M\u00e1xima - LiveGooD Shop","isPartOf":{"@id":"https:\/\/livegood.network\/shop\/#website"},"datePublished":"2024-01-24T17:35:11+00:00","dateModified":"2024-02-02T14:18:51+00:00","breadcrumb":{"@id":"https:\/\/livegood.network\/shop\/pt-pt\/product\/maximum-energy-pack-pt-pt\/#breadcrumb"},"inLanguage":"en-US","potentialAction":[{"@type":"ReadAction","target":["https:\/\/livegood.network\/shop\/pt-pt\/product\/maximum-energy-pack-pt-pt\/"]}]},{"@type":"BreadcrumbList","@id":"https:\/\/livegood.network\/shop\/pt-pt\/product\/maximum-energy-pack-pt-pt\/#breadcrumb","itemListElement":[{"@type":"ListItem","position":1,"name":"Home","item":"https:\/\/livegood.network\/shop\/pt-br\/"},{"@type":"ListItem","position":2,"name":"Shop","item":"https:\/\/livegood.network\/shop\/shop\/"},{"@type":"ListItem","position":3,"name":"Pacote de Energia M\u00e1xima"}]},{"@type":"WebSite","@id":"https:\/\/livegood.network\/shop\/#website","url":"https:\/\/livegood.network\/shop\/","name":"LiveGooD Shop","description":"","publisher":{"@id":"https:\/\/livegood.network\/shop\/#organization"},"potentialAction":[{"@type":"SearchAction","target":{"@type":"EntryPoint","urlTemplate":"https:\/\/livegood.network\/shop\/?s={search_term_string}"},"query-input":"required name=search_term_string"}],"inLanguage":"en-US"},{"@type":"Organization","@id":"https:\/\/livegood.network\/shop\/#organization","name":"LiveGooD","url":"https:\/\/livegood.network\/shop\/","logo":{"@type":"ImageObject","inLanguage":"en-US","@id":"https:\/\/livegood.network\/shop\/#\/schema\/logo\/image\/","url":"https:\/\/livegood.network\/shop\/wp-content\/uploads\/2024\/01\/logo-livegood-shop-main.png","contentUrl":"https:\/\/livegood.network\/shop\/wp-content\/uploads\/2024\/01\/logo-livegood-shop-main.png","width":373,"height":115,"caption":"LiveGooD"},"image":{"@id":"https:\/\/livegood.network\/shop\/#\/schema\/logo\/image\/"},"sameAs":["https:\/\/www.facebook.com\/livegoodhello"]}]}},"lang":"pt-pt","translations":{"pt-pt":806,"pt-br":820,"en-us":282,"fr-fr":804,"es-es":805,"vi":807,"ru-ru":809,"ko":811},"pll_sync_post":[],"_links":{"self":[{"href":"https:\/\/livegood.network\/shop\/wp-json\/wp\/v2\/product\/806","targetHints":{"allow":["GET"]}}],"collection":[{"href":"https:\/\/livegood.network\/shop\/wp-json\/wp\/v2\/product"}],"about":[{"href":"https:\/\/livegood.network\/shop\/wp-json\/wp\/v2\/types\/product"}],"replies":[{"embeddable":true,"href":"https:\/\/livegood.network\/shop\/wp-json\/wp\/v2\/comments?post=806"}],"version-history":[{"count":2,"href":"https:\/\/livegood.network\/shop\/wp-json\/wp\/v2\/product\/806\/revisions"}],"predecessor-version":[{"id":1553,"href":"https:\/\/livegood.network\/shop\/wp-json\/wp\/v2\/product\/806\/revisions\/1553"}],"wp:featuredmedia":[{"embeddable":true,"href":"https:\/\/livegood.network\/shop\/wp-json\/wp\/v2\/media\/283"}],"wp:attachment":[{"href":"https:\/\/livegood.network\/shop\/wp-json\/wp\/v2\/media?parent=806"}],"wp:term":[{"taxonomy":"product_brand","embeddable":true,"href":"https:\/\/livegood.network\/shop\/wp-json\/wp\/v2\/product_brand?post=806"},{"taxonomy":"product_cat","embeddable":true,"href":"https:\/\/livegood.network\/shop\/wp-json\/wp\/v2\/product_cat?post=806"},{"taxonomy":"product_tag","embeddable":true,"href":"https:\/\/livegood.network\/shop\/wp-json\/wp\/v2\/product_tag?post=806"}],"curies":[{"name":"wp","href":"https:\/\/api.w.org\/{rel}","templated":true}]}}