{"id":840,"date":"2024-01-24T18:46:45","date_gmt":"2024-01-24T18:46:45","guid":{"rendered":"https:\/\/livegood.network\/shop\/?post_type=product&#038;p=840"},"modified":"2026-04-16T11:58:22","modified_gmt":"2026-04-16T11:58:22","slug":"organic-coffee-fr-fr","status":"publish","type":"product","link":"https:\/\/livegood.network\/shop\/fr-fr\/product\/organic-coffee-fr-fr\/","title":{"rendered":"Caf\u00e9 Biologique"},"content":{"rendered":"<p><strong>Caf\u00e9 de gestion du poids biologique aux champignons de LiveGood<\/strong><\/p>\n<p><em>En fait, c\u2019est peut-\u00eatre le nom de caf\u00e9 le plus long que vous ayez jamais rencontr\u00e9.<\/em><\/p>\n<p>Cependant, la r\u00e9alit\u00e9 est qu&#8217;avec la multitude d&#8217;avantages incroyables et les ingr\u00e9dients soigneusement choisis incorpor\u00e9s dans ce m\u00e9lange, nous aurions pu inclure encore plus de termes, comme adaptog\u00e8nes, th\u00e9 vert, fibres saines, maca et, bien s\u00fbr, des saveurs irr\u00e9sistiblement d\u00e9licieuses !<\/p>\n<p>Le caf\u00e9 biologique LiveGood rassemble non seulement les ingr\u00e9dients de la plus haute qualit\u00e9 provenant des r\u00e9gions les plus pures et les plus luxuriantes du monde, mais il se distingue \u00e9galement comme le PREMIER et le SEUL caf\u00e9 enrichi en fibres saines pour r\u00e9duire la faim.\u00a0Il est m\u00e9ticuleusement formul\u00e9 avec de la maca pour soutenir les fonctions cognitives, am\u00e9liorer la m\u00e9moire et am\u00e9liorer l&#8217;humeur.\u00a0De plus, l\u2019inclusion de th\u00e9 vert favorise une activit\u00e9 c\u00e9r\u00e9brale saine et facilite la combustion des graisses.\u00a0De plus, il contient des adaptog\u00e8nes sous la forme de six des champignons les plus puissants au monde, offrant un soulagement du stress, favorisant le bien-\u00eatre g\u00e9n\u00e9ral et vous laissant un sentiment fantastique !\u00a0Aucun autre caf\u00e9 sur le march\u00e9 n&#8217;offre autant d&#8217;avantages que le caf\u00e9 biologique sain pour la gestion du poids aux champignons de LiveGood.<img decoding=\"async\" class=\"emoji\" role=\"img\" draggable=\"false\" src=\"https:\/\/s.w.org\/images\/core\/emoji\/14.0.0\/svg\/1f60a.svg\" alt=\"????\" \/><\/p>\n<p>D\u00e8s votre toute premi\u00e8re gorg\u00e9e de notre d\u00e9licieux m\u00e9lange et les r\u00e9sultats incroyables qui en d\u00e9coulent, vous aurez peut-\u00eatre du mal \u00e0 revenir \u00e0 un autre caf\u00e9 !<\/p>\n<p>Pour en profiter, m\u00e9langez simplement une mesure de notre d\u00e9licieux caf\u00e9 instantan\u00e9 moulu dans une tasse d&#8217;eau chaude et remuez.<\/p>\n<p>Sans cruaut\u00e9<\/p>\n<p>Sans gluten<\/p>\n<p>Certifi\u00e9 BPF<\/p>\n<p>Compatible c\u00e9to<\/p>\n<p>Sans OGM<\/p>\n<p>Sans noix<\/p>\n<p>Organique<\/p>\n<p>Sans soja<\/p>\n<p>Test\u00e9 par un tiers<\/p>\n<p>V\u00e9g\u00e9talien<\/p>\n<p><strong>COMMENT UTILISER:<\/strong><\/p>\n<p>M\u00e9langez 1 mesure dans de l&#8217;eau chaude ou froide.<\/p>\n<p>Quand le prendre\u00a0: Le caf\u00e9 biologique sain de LiveGood est pr\u00eat \u00e0 l&#8217;emploi, il suffit de le m\u00e9langer avec de l&#8217;eau chaude ou froide pour le d\u00e9guster.\u00a0Avec environ 100 mg de caf\u00e9ine, il est id\u00e9al pour une boisson matinale.\u00a0Nous vous recommandons de vous abstenir de tout stimulant, y compris la caf\u00e9ine, au moins 8 heures avant le coucher pour \u00e9viter de perturber votre sommeil.\u00a0Am\u00e9lior\u00e9 avec des champignons adaptog\u00e8nes pour \u00e9quilibrer la nervosit\u00e9 de la caf\u00e9ine et associ\u00e9 \u00e0 de la maca et du th\u00e9 vert, ce caf\u00e9 pr\u00e9parera certainement le terrain pour une journ\u00e9e r\u00e9ussie.<\/p>\n","protected":false},"excerpt":{"rendered":"<p><img decoding=\"async\" class=\"emoji\" role=\"img\" draggable=\"false\" src=\"https:\/\/s.w.org\/images\/core\/emoji\/14.0.0\/svg\/1f49a.svg\" alt=\"LiveGooD Love\" \/ > Favoriser une humeur saine<br \/>\n<img decoding=\"async\" class=\"emoji\" role=\"img\" draggable=\"false\" src=\"https:\/\/s.w.org\/images\/core\/emoji\/14.0.0\/svg\/1f49a.svg\" alt=\"LiveGooD Love\" \/ > Concentration et clart\u00e9 mentale<br \/>\n<img decoding=\"async\" class=\"emoji\" role=\"img\" draggable=\"false\" src=\"https:\/\/s.w.org\/images\/core\/emoji\/14.0.0\/svg\/1f49a.svg\" alt=\"LiveGooD Love\" \/ > Perte de poids<br \/>\n<img decoding=\"async\" class=\"emoji\" role=\"img\" draggable=\"false\" src=\"https:\/\/s.w.org\/images\/core\/emoji\/14.0.0\/svg\/1f49a.svg\" alt=\"LiveGooD Love\" \/ > Champignons fonctionnels<br \/>\n<img decoding=\"async\" class=\"emoji\" role=\"img\" draggable=\"false\" src=\"https:\/\/s.w.org\/images\/core\/emoji\/14.0.0\/svg\/1f49a.svg\" alt=\"LiveGooD Love\" \/ > Un go\u00fbt incroyable\u00a0!<\/p>\n","protected":false},"featured_media":247,"comment_status":"open","ping_status":"closed","template":"","meta":[],"product_brand":[],"product_cat":[174],"product_tag":[],"class_list":{"0":"post-840","1":"product","2":"type-product","3":"status-publish","4":"has-post-thumbnail","6":"product_cat-coffee-tea-fr-fr","8":"first","9":"instock","10":"sale","11":"shipping-taxable","12":"product-type-external"},"yoast_head":"<!-- This site is optimized with the Yoast SEO Premium plugin v20.6 (Yoast SEO v21.8.1) - https:\/\/yoast.com\/wordpress\/plugins\/seo\/ -->\n<title>Caf\u00e9 Biologique - LiveGooD Shop<\/title>\n<meta name=\"robots\" content=\"index, follow, max-snippet:-1, max-image-preview:large, max-video-preview:-1\" \/>\n<link rel=\"canonical\" href=\"https:\/\/livegood.network\/shop\/fr-fr\/product\/organic-coffee-fr-fr\/\" \/>\n<meta property=\"og:locale\" content=\"en_US\" \/>\n<meta property=\"og:type\" content=\"article\" \/>\n<meta property=\"og:title\" content=\"Caf\u00e9 Biologique\" \/>\n<meta property=\"og:description\" content=\"Favoriser une humeur saine  Concentration et clart\u00e9 mentale  Perte de poids  Champignons fonctionnels  Un go\u00fbt incroyable\u00a0!\" \/>\n<meta property=\"og:url\" content=\"https:\/\/livegood.network\/shop\/fr-fr\/product\/organic-coffee-fr-fr\/\" \/>\n<meta property=\"article:publisher\" content=\"https:\/\/www.facebook.com\/livegoodhello\" \/>\n<meta property=\"article:modified_time\" content=\"2026-04-16T11:58:22+00:00\" \/>\n<meta property=\"og:image\" content=\"https:\/\/livegood.network\/shop\/wp-content\/uploads\/2024\/01\/organic-coffee-livegood.png\" \/>\n\t<meta property=\"og:image:width\" content=\"720\" \/>\n\t<meta property=\"og:image:height\" content=\"720\" \/>\n\t<meta property=\"og:image:type\" content=\"image\/png\" \/>\n<meta name=\"twitter:card\" content=\"summary_large_image\" \/>\n<meta name=\"twitter:label1\" content=\"Est. reading time\" \/>\n\t<meta name=\"twitter:data1\" content=\"3 minutes\" \/>\n<script type=\"application\/ld+json\" class=\"yoast-schema-graph\">{\"@context\":\"https:\/\/schema.org\",\"@graph\":[{\"@type\":\"WebPage\",\"@id\":\"https:\/\/livegood.network\/shop\/fr-fr\/product\/organic-coffee-fr-fr\/\",\"url\":\"https:\/\/livegood.network\/shop\/fr-fr\/product\/organic-coffee-fr-fr\/\",\"name\":\"Caf\u00e9 Biologique - LiveGooD Shop\",\"isPartOf\":{\"@id\":\"https:\/\/livegood.network\/shop\/#website\"},\"datePublished\":\"2024-01-24T18:46:45+00:00\",\"dateModified\":\"2026-04-16T11:58:22+00:00\",\"breadcrumb\":{\"@id\":\"https:\/\/livegood.network\/shop\/fr-fr\/product\/organic-coffee-fr-fr\/#breadcrumb\"},\"inLanguage\":\"en-US\",\"potentialAction\":[{\"@type\":\"ReadAction\",\"target\":[\"https:\/\/livegood.network\/shop\/fr-fr\/product\/organic-coffee-fr-fr\/\"]}]},{\"@type\":\"BreadcrumbList\",\"@id\":\"https:\/\/livegood.network\/shop\/fr-fr\/product\/organic-coffee-fr-fr\/#breadcrumb\",\"itemListElement\":[{\"@type\":\"ListItem\",\"position\":1,\"name\":\"Home\",\"item\":\"https:\/\/livegood.network\/shop\/pt-br\/\"},{\"@type\":\"ListItem\",\"position\":2,\"name\":\"Shop\",\"item\":\"https:\/\/livegood.network\/shop\/shop\/\"},{\"@type\":\"ListItem\",\"position\":3,\"name\":\"Caf\u00e9 Biologique\"}]},{\"@type\":\"WebSite\",\"@id\":\"https:\/\/livegood.network\/shop\/#website\",\"url\":\"https:\/\/livegood.network\/shop\/\",\"name\":\"LiveGooD Shop\",\"description\":\"\",\"publisher\":{\"@id\":\"https:\/\/livegood.network\/shop\/#organization\"},\"potentialAction\":[{\"@type\":\"SearchAction\",\"target\":{\"@type\":\"EntryPoint\",\"urlTemplate\":\"https:\/\/livegood.network\/shop\/?s={search_term_string}\"},\"query-input\":\"required name=search_term_string\"}],\"inLanguage\":\"en-US\"},{\"@type\":\"Organization\",\"@id\":\"https:\/\/livegood.network\/shop\/#organization\",\"name\":\"LiveGooD\",\"url\":\"https:\/\/livegood.network\/shop\/\",\"logo\":{\"@type\":\"ImageObject\",\"inLanguage\":\"en-US\",\"@id\":\"https:\/\/livegood.network\/shop\/#\/schema\/logo\/image\/\",\"url\":\"https:\/\/livegood.network\/shop\/wp-content\/uploads\/2024\/01\/logo-livegood-shop-main.png\",\"contentUrl\":\"https:\/\/livegood.network\/shop\/wp-content\/uploads\/2024\/01\/logo-livegood-shop-main.png\",\"width\":373,\"height\":115,\"caption\":\"LiveGooD\"},\"image\":{\"@id\":\"https:\/\/livegood.network\/shop\/#\/schema\/logo\/image\/\"},\"sameAs\":[\"https:\/\/www.facebook.com\/livegoodhello\"]}]}<\/script>\n<!-- \/ Yoast SEO Premium plugin. -->","yoast_head_json":{"title":"Caf\u00e9 Biologique - LiveGooD Shop","robots":{"index":"index","follow":"follow","max-snippet":"max-snippet:-1","max-image-preview":"max-image-preview:large","max-video-preview":"max-video-preview:-1"},"canonical":"https:\/\/livegood.network\/shop\/fr-fr\/product\/organic-coffee-fr-fr\/","og_locale":"en_US","og_type":"article","og_title":"Caf\u00e9 Biologique","og_description":"Favoriser une humeur saine  Concentration et clart\u00e9 mentale  Perte de poids  Champignons fonctionnels  Un go\u00fbt incroyable\u00a0!","og_url":"https:\/\/livegood.network\/shop\/fr-fr\/product\/organic-coffee-fr-fr\/","article_publisher":"https:\/\/www.facebook.com\/livegoodhello","article_modified_time":"2026-04-16T11:58:22+00:00","og_image":[{"width":720,"height":720,"url":"https:\/\/livegood.network\/shop\/wp-content\/uploads\/2024\/01\/organic-coffee-livegood.png","type":"image\/png"}],"twitter_card":"summary_large_image","twitter_misc":{"Est. reading time":"3 minutes"},"schema":{"@context":"https:\/\/schema.org","@graph":[{"@type":"WebPage","@id":"https:\/\/livegood.network\/shop\/fr-fr\/product\/organic-coffee-fr-fr\/","url":"https:\/\/livegood.network\/shop\/fr-fr\/product\/organic-coffee-fr-fr\/","name":"Caf\u00e9 Biologique - LiveGooD Shop","isPartOf":{"@id":"https:\/\/livegood.network\/shop\/#website"},"datePublished":"2024-01-24T18:46:45+00:00","dateModified":"2026-04-16T11:58:22+00:00","breadcrumb":{"@id":"https:\/\/livegood.network\/shop\/fr-fr\/product\/organic-coffee-fr-fr\/#breadcrumb"},"inLanguage":"en-US","potentialAction":[{"@type":"ReadAction","target":["https:\/\/livegood.network\/shop\/fr-fr\/product\/organic-coffee-fr-fr\/"]}]},{"@type":"BreadcrumbList","@id":"https:\/\/livegood.network\/shop\/fr-fr\/product\/organic-coffee-fr-fr\/#breadcrumb","itemListElement":[{"@type":"ListItem","position":1,"name":"Home","item":"https:\/\/livegood.network\/shop\/pt-br\/"},{"@type":"ListItem","position":2,"name":"Shop","item":"https:\/\/livegood.network\/shop\/shop\/"},{"@type":"ListItem","position":3,"name":"Caf\u00e9 Biologique"}]},{"@type":"WebSite","@id":"https:\/\/livegood.network\/shop\/#website","url":"https:\/\/livegood.network\/shop\/","name":"LiveGooD Shop","description":"","publisher":{"@id":"https:\/\/livegood.network\/shop\/#organization"},"potentialAction":[{"@type":"SearchAction","target":{"@type":"EntryPoint","urlTemplate":"https:\/\/livegood.network\/shop\/?s={search_term_string}"},"query-input":"required name=search_term_string"}],"inLanguage":"en-US"},{"@type":"Organization","@id":"https:\/\/livegood.network\/shop\/#organization","name":"LiveGooD","url":"https:\/\/livegood.network\/shop\/","logo":{"@type":"ImageObject","inLanguage":"en-US","@id":"https:\/\/livegood.network\/shop\/#\/schema\/logo\/image\/","url":"https:\/\/livegood.network\/shop\/wp-content\/uploads\/2024\/01\/logo-livegood-shop-main.png","contentUrl":"https:\/\/livegood.network\/shop\/wp-content\/uploads\/2024\/01\/logo-livegood-shop-main.png","width":373,"height":115,"caption":"LiveGooD"},"image":{"@id":"https:\/\/livegood.network\/shop\/#\/schema\/logo\/image\/"},"sameAs":["https:\/\/www.facebook.com\/livegoodhello"]}]}},"lang":"fr-fr","translations":{"fr-fr":840,"pt-br":854,"pt-pt":842,"en-us":246,"es-es":841,"vi":843,"ru-ru":845,"ko":846},"pll_sync_post":[],"_links":{"self":[{"href":"https:\/\/livegood.network\/shop\/wp-json\/wp\/v2\/product\/840","targetHints":{"allow":["GET"]}}],"collection":[{"href":"https:\/\/livegood.network\/shop\/wp-json\/wp\/v2\/product"}],"about":[{"href":"https:\/\/livegood.network\/shop\/wp-json\/wp\/v2\/types\/product"}],"replies":[{"embeddable":true,"href":"https:\/\/livegood.network\/shop\/wp-json\/wp\/v2\/comments?post=840"}],"version-history":[{"count":1,"href":"https:\/\/livegood.network\/shop\/wp-json\/wp\/v2\/product\/840\/revisions"}],"predecessor-version":[{"id":1680,"href":"https:\/\/livegood.network\/shop\/wp-json\/wp\/v2\/product\/840\/revisions\/1680"}],"wp:featuredmedia":[{"embeddable":true,"href":"https:\/\/livegood.network\/shop\/wp-json\/wp\/v2\/media\/247"}],"wp:attachment":[{"href":"https:\/\/livegood.network\/shop\/wp-json\/wp\/v2\/media?parent=840"}],"wp:term":[{"taxonomy":"product_brand","embeddable":true,"href":"https:\/\/livegood.network\/shop\/wp-json\/wp\/v2\/product_brand?post=840"},{"taxonomy":"product_cat","embeddable":true,"href":"https:\/\/livegood.network\/shop\/wp-json\/wp\/v2\/product_cat?post=840"},{"taxonomy":"product_tag","embeddable":true,"href":"https:\/\/livegood.network\/shop\/wp-json\/wp\/v2\/product_tag?post=840"}],"curies":[{"name":"wp","href":"https:\/\/api.w.org\/{rel}","templated":true}]}}