{"id":898,"date":"2024-01-24T20:14:28","date_gmt":"2024-01-24T20:14:28","guid":{"rendered":"https:\/\/livegood.network\/shop\/?post_type=product&#038;p=898"},"modified":"2026-03-15T23:41:49","modified_gmt":"2026-03-15T23:41:49","slug":"cbd-oil-for-pets-livegood-pt-br","status":"publish","type":"product","link":"https:\/\/livegood.network\/shop\/pt-br\/product\/cbd-oil-for-pets-livegood-pt-br\/","title":{"rendered":"\u00d3leo CBD \u2013 Para animais de estima\u00e7\u00e3o LiveGooD"},"content":{"rendered":"<p><strong>\u00d3leo CBD \u2013 Para animais de estima\u00e7\u00e3o LiveGooD<\/strong><\/p>\n<p>Elaborada com os mesmos ingredientes premium e processos meticulosos de nossas formula\u00e7\u00f5es para humanos, nossa f\u00f3rmula para animais de estima\u00e7\u00e3o com sabor de frango de 300 mg \u00e9 ideal para tratar de preocupa\u00e7\u00f5es de animais de estima\u00e7\u00e3o, como ansiedade, al\u00edvio da dor e muito mais!<\/p>\n<p>Para os donos de animais de estima\u00e7\u00e3o, ter uma garrafa de LiveGood CBD for Pets \u00e9 essencial nos momentos em que \u00e9 necess\u00e1rio.<\/p>\n<p>Crueldade livre<\/p>\n<p>N\u00e3o cont\u00e9m gluten<\/p>\n<p>Certificado GMP<\/p>\n<p>N\u00e3o OGM<\/p>\n<p>Sem nozes<\/p>\n<p>Sem soja<\/p>\n<p>Testado por terceiros<\/p>\n<p>Vegano 100%<\/p>\n<p><strong>COMO USAR:<\/strong><\/p>\n<p><strong>Consulte o guia de dosagem com base no peso fornecido no r\u00f3tulo.\u00a0<\/strong>Semelhante aos humanos, nossos companheiros peludos se beneficiam come\u00e7ando com uma dose baixa e aumentando gradualmente.\u00a0Misturar com alimentos \u00e9 o m\u00e9todo preferido.<\/p>\n<p>Dica profissional: Tenha cuidado para evitar que seu animal lamba diretamente o conta-gotas, pois isso pode introduzir bact\u00e9rias e potencialmente contaminar o conte\u00fado quando colocado de volta no frasco.<\/p>\n","protected":false},"excerpt":{"rendered":"<p><img decoding=\"async\" class=\"emoji\" role=\"img\" draggable=\"false\" src=\"https:\/\/s.w.org\/images\/core\/emoji\/14.0.0\/svg\/1f49a.svg\" alt=\"LiveGooD Heart\" \/> Suplemento Diet\u00e9tico<br \/>\n<img decoding=\"async\" class=\"emoji\" role=\"img\" draggable=\"false\" src=\"https:\/\/s.w.org\/images\/core\/emoji\/14.0.0\/svg\/1f49a.svg\" alt=\"LiveGooD Heart\" \/> Sabor Natural<br \/>\n<img decoding=\"async\" class=\"emoji\" role=\"img\" draggable=\"false\" src=\"https:\/\/s.w.org\/images\/core\/emoji\/14.0.0\/svg\/1f49a.svg\" alt=\"LiveGooD Heart\" \/> \u00d3leo CBD de espectro total<\/p>\n","protected":false},"featured_media":299,"comment_status":"open","ping_status":"closed","template":"","meta":[],"product_brand":[],"product_cat":[152],"product_tag":[3863],"class_list":{"0":"post-898","1":"product","2":"type-product","3":"status-publish","4":"has-post-thumbnail","6":"product_cat-cbd-pt-br","7":"product_tag-honest-paws-cbd-oil-pt-br","9":"first","10":"instock","11":"sale","12":"shipping-taxable","13":"product-type-external"},"yoast_head":"<!-- This site is optimized with the Yoast SEO Premium plugin v20.6 (Yoast SEO v21.8.1) - https:\/\/yoast.com\/wordpress\/plugins\/seo\/ -->\n<title>\u00d3leo CBD \u2013 Para animais de estima\u00e7\u00e3o LiveGooD - LiveGooD Shop<\/title>\n<meta name=\"robots\" content=\"index, follow, max-snippet:-1, max-image-preview:large, max-video-preview:-1\" \/>\n<link rel=\"canonical\" href=\"https:\/\/livegood.network\/shop\/pt-br\/product\/cbd-oil-for-pets-livegood-pt-br\/\" \/>\n<meta property=\"og:locale\" content=\"en_US\" \/>\n<meta property=\"og:type\" content=\"article\" \/>\n<meta property=\"og:title\" content=\"\u00d3leo CBD \u2013 Para animais de estima\u00e7\u00e3o LiveGooD\" \/>\n<meta property=\"og:description\" content=\"Suplemento Diet\u00e9tico  Sabor Natural  \u00d3leo CBD de espectro total\" \/>\n<meta property=\"og:url\" content=\"https:\/\/livegood.network\/shop\/pt-br\/product\/cbd-oil-for-pets-livegood-pt-br\/\" \/>\n<meta property=\"article:publisher\" content=\"https:\/\/www.facebook.com\/livegoodhello\" \/>\n<meta property=\"article:modified_time\" content=\"2026-03-15T23:41:49+00:00\" \/>\n<meta property=\"og:image\" content=\"https:\/\/livegood.network\/shop\/wp-content\/uploads\/2024\/01\/pet-full-spectrum-300-cbd-oil-chicken-flavor-livegood.png\" \/>\n\t<meta property=\"og:image:width\" content=\"1000\" \/>\n\t<meta property=\"og:image:height\" content=\"1000\" \/>\n\t<meta property=\"og:image:type\" content=\"image\/png\" \/>\n<meta name=\"twitter:card\" content=\"summary_large_image\" \/>\n<meta name=\"twitter:label1\" content=\"Est. reading time\" \/>\n\t<meta name=\"twitter:data1\" content=\"1 minute\" \/>\n<script type=\"application\/ld+json\" class=\"yoast-schema-graph\">{\"@context\":\"https:\/\/schema.org\",\"@graph\":[{\"@type\":\"WebPage\",\"@id\":\"https:\/\/livegood.network\/shop\/pt-br\/product\/cbd-oil-for-pets-livegood-pt-br\/\",\"url\":\"https:\/\/livegood.network\/shop\/pt-br\/product\/cbd-oil-for-pets-livegood-pt-br\/\",\"name\":\"\u00d3leo CBD \u2013 Para animais de estima\u00e7\u00e3o LiveGooD - LiveGooD Shop\",\"isPartOf\":{\"@id\":\"https:\/\/livegood.network\/shop\/#website\"},\"datePublished\":\"2024-01-24T20:14:28+00:00\",\"dateModified\":\"2026-03-15T23:41:49+00:00\",\"breadcrumb\":{\"@id\":\"https:\/\/livegood.network\/shop\/pt-br\/product\/cbd-oil-for-pets-livegood-pt-br\/#breadcrumb\"},\"inLanguage\":\"en-US\",\"potentialAction\":[{\"@type\":\"ReadAction\",\"target\":[\"https:\/\/livegood.network\/shop\/pt-br\/product\/cbd-oil-for-pets-livegood-pt-br\/\"]}]},{\"@type\":\"BreadcrumbList\",\"@id\":\"https:\/\/livegood.network\/shop\/pt-br\/product\/cbd-oil-for-pets-livegood-pt-br\/#breadcrumb\",\"itemListElement\":[{\"@type\":\"ListItem\",\"position\":1,\"name\":\"Home\",\"item\":\"https:\/\/livegood.network\/shop\/pt-br\/\"},{\"@type\":\"ListItem\",\"position\":2,\"name\":\"Shop\",\"item\":\"https:\/\/livegood.network\/shop\/shop\/\"},{\"@type\":\"ListItem\",\"position\":3,\"name\":\"\u00d3leo CBD \u2013 Para animais de estima\u00e7\u00e3o LiveGooD\"}]},{\"@type\":\"WebSite\",\"@id\":\"https:\/\/livegood.network\/shop\/#website\",\"url\":\"https:\/\/livegood.network\/shop\/\",\"name\":\"LiveGooD Shop\",\"description\":\"\",\"publisher\":{\"@id\":\"https:\/\/livegood.network\/shop\/#organization\"},\"potentialAction\":[{\"@type\":\"SearchAction\",\"target\":{\"@type\":\"EntryPoint\",\"urlTemplate\":\"https:\/\/livegood.network\/shop\/?s={search_term_string}\"},\"query-input\":\"required name=search_term_string\"}],\"inLanguage\":\"en-US\"},{\"@type\":\"Organization\",\"@id\":\"https:\/\/livegood.network\/shop\/#organization\",\"name\":\"LiveGooD\",\"url\":\"https:\/\/livegood.network\/shop\/\",\"logo\":{\"@type\":\"ImageObject\",\"inLanguage\":\"en-US\",\"@id\":\"https:\/\/livegood.network\/shop\/#\/schema\/logo\/image\/\",\"url\":\"https:\/\/livegood.network\/shop\/wp-content\/uploads\/2024\/01\/logo-livegood-shop-main.png\",\"contentUrl\":\"https:\/\/livegood.network\/shop\/wp-content\/uploads\/2024\/01\/logo-livegood-shop-main.png\",\"width\":373,\"height\":115,\"caption\":\"LiveGooD\"},\"image\":{\"@id\":\"https:\/\/livegood.network\/shop\/#\/schema\/logo\/image\/\"},\"sameAs\":[\"https:\/\/www.facebook.com\/livegoodhello\"]}]}<\/script>\n<!-- \/ Yoast SEO Premium plugin. -->","yoast_head_json":{"title":"\u00d3leo CBD \u2013 Para animais de estima\u00e7\u00e3o LiveGooD - LiveGooD Shop","robots":{"index":"index","follow":"follow","max-snippet":"max-snippet:-1","max-image-preview":"max-image-preview:large","max-video-preview":"max-video-preview:-1"},"canonical":"https:\/\/livegood.network\/shop\/pt-br\/product\/cbd-oil-for-pets-livegood-pt-br\/","og_locale":"en_US","og_type":"article","og_title":"\u00d3leo CBD \u2013 Para animais de estima\u00e7\u00e3o LiveGooD","og_description":"Suplemento Diet\u00e9tico  Sabor Natural  \u00d3leo CBD de espectro total","og_url":"https:\/\/livegood.network\/shop\/pt-br\/product\/cbd-oil-for-pets-livegood-pt-br\/","article_publisher":"https:\/\/www.facebook.com\/livegoodhello","article_modified_time":"2026-03-15T23:41:49+00:00","og_image":[{"width":1000,"height":1000,"url":"https:\/\/livegood.network\/shop\/wp-content\/uploads\/2024\/01\/pet-full-spectrum-300-cbd-oil-chicken-flavor-livegood.png","type":"image\/png"}],"twitter_card":"summary_large_image","twitter_misc":{"Est. reading time":"1 minute"},"schema":{"@context":"https:\/\/schema.org","@graph":[{"@type":"WebPage","@id":"https:\/\/livegood.network\/shop\/pt-br\/product\/cbd-oil-for-pets-livegood-pt-br\/","url":"https:\/\/livegood.network\/shop\/pt-br\/product\/cbd-oil-for-pets-livegood-pt-br\/","name":"\u00d3leo CBD \u2013 Para animais de estima\u00e7\u00e3o LiveGooD - LiveGooD Shop","isPartOf":{"@id":"https:\/\/livegood.network\/shop\/#website"},"datePublished":"2024-01-24T20:14:28+00:00","dateModified":"2026-03-15T23:41:49+00:00","breadcrumb":{"@id":"https:\/\/livegood.network\/shop\/pt-br\/product\/cbd-oil-for-pets-livegood-pt-br\/#breadcrumb"},"inLanguage":"en-US","potentialAction":[{"@type":"ReadAction","target":["https:\/\/livegood.network\/shop\/pt-br\/product\/cbd-oil-for-pets-livegood-pt-br\/"]}]},{"@type":"BreadcrumbList","@id":"https:\/\/livegood.network\/shop\/pt-br\/product\/cbd-oil-for-pets-livegood-pt-br\/#breadcrumb","itemListElement":[{"@type":"ListItem","position":1,"name":"Home","item":"https:\/\/livegood.network\/shop\/pt-br\/"},{"@type":"ListItem","position":2,"name":"Shop","item":"https:\/\/livegood.network\/shop\/shop\/"},{"@type":"ListItem","position":3,"name":"\u00d3leo CBD \u2013 Para animais de estima\u00e7\u00e3o LiveGooD"}]},{"@type":"WebSite","@id":"https:\/\/livegood.network\/shop\/#website","url":"https:\/\/livegood.network\/shop\/","name":"LiveGooD Shop","description":"","publisher":{"@id":"https:\/\/livegood.network\/shop\/#organization"},"potentialAction":[{"@type":"SearchAction","target":{"@type":"EntryPoint","urlTemplate":"https:\/\/livegood.network\/shop\/?s={search_term_string}"},"query-input":"required name=search_term_string"}],"inLanguage":"en-US"},{"@type":"Organization","@id":"https:\/\/livegood.network\/shop\/#organization","name":"LiveGooD","url":"https:\/\/livegood.network\/shop\/","logo":{"@type":"ImageObject","inLanguage":"en-US","@id":"https:\/\/livegood.network\/shop\/#\/schema\/logo\/image\/","url":"https:\/\/livegood.network\/shop\/wp-content\/uploads\/2024\/01\/logo-livegood-shop-main.png","contentUrl":"https:\/\/livegood.network\/shop\/wp-content\/uploads\/2024\/01\/logo-livegood-shop-main.png","width":373,"height":115,"caption":"LiveGooD"},"image":{"@id":"https:\/\/livegood.network\/shop\/#\/schema\/logo\/image\/"},"sameAs":["https:\/\/www.facebook.com\/livegoodhello"]}]}},"lang":"pt-br","translations":{"pt-br":898,"pt-pt":888,"en-us":298,"fr-fr":886,"es-es":887,"vi":889,"ru-ru":891,"ko":893},"pll_sync_post":[],"_links":{"self":[{"href":"https:\/\/livegood.network\/shop\/wp-json\/wp\/v2\/product\/898","targetHints":{"allow":["GET"]}}],"collection":[{"href":"https:\/\/livegood.network\/shop\/wp-json\/wp\/v2\/product"}],"about":[{"href":"https:\/\/livegood.network\/shop\/wp-json\/wp\/v2\/types\/product"}],"replies":[{"embeddable":true,"href":"https:\/\/livegood.network\/shop\/wp-json\/wp\/v2\/comments?post=898"}],"version-history":[{"count":1,"href":"https:\/\/livegood.network\/shop\/wp-json\/wp\/v2\/product\/898\/revisions"}],"predecessor-version":[{"id":1504,"href":"https:\/\/livegood.network\/shop\/wp-json\/wp\/v2\/product\/898\/revisions\/1504"}],"wp:featuredmedia":[{"embeddable":true,"href":"https:\/\/livegood.network\/shop\/wp-json\/wp\/v2\/media\/299"}],"wp:attachment":[{"href":"https:\/\/livegood.network\/shop\/wp-json\/wp\/v2\/media?parent=898"}],"wp:term":[{"taxonomy":"product_brand","embeddable":true,"href":"https:\/\/livegood.network\/shop\/wp-json\/wp\/v2\/product_brand?post=898"},{"taxonomy":"product_cat","embeddable":true,"href":"https:\/\/livegood.network\/shop\/wp-json\/wp\/v2\/product_cat?post=898"},{"taxonomy":"product_tag","embeddable":true,"href":"https:\/\/livegood.network\/shop\/wp-json\/wp\/v2\/product_tag?post=898"}],"curies":[{"name":"wp","href":"https:\/\/api.w.org\/{rel}","templated":true}]}}