{"id":900,"date":"2024-01-24T20:35:54","date_gmt":"2024-01-24T20:35:54","guid":{"rendered":"https:\/\/livegood.network\/shop\/?post_type=product&#038;p=900"},"modified":"2024-10-21T17:49:13","modified_gmt":"2024-10-21T17:49:13","slug":"cbd-oil-livegood-fr-fr","status":"publish","type":"product","link":"https:\/\/livegood.network\/shop\/fr-fr\/product\/cbd-oil-livegood-fr-fr\/","title":{"rendered":"Huile de CBD LiveGooD"},"content":{"rendered":"<p><strong><span>Huile de CBD LiveGood<\/span><\/strong><\/p>\n<p><span>Chez LiveGood, nous sommes fiers d&#8217;offrir des produits de la plus haute qualit\u00e9 et puret\u00e9 sur le march\u00e9, et notre huile de CBD illustre cet engagement.\u00a0Provenant exclusivement des 1 % des meilleures fermes de chanvre du pays, les huiles LiveGood CBD garantissent que vous recevrez un maximum d&#8217;avantages \u00e0 chaque goutte.<\/span><\/p>\n<p><strong><span>L&#8217;huile de support ultime<\/span><\/strong><\/p>\n<p><span>Alors que de nombreux produits CBD utilisent traditionnellement l\u2019huile de graines de chanvre comme support, les principales marques de CBD dans le monde se tournent de plus en plus vers un support sup\u00e9rieur : l\u2019huile MCT (triglyc\u00e9rides \u00e0 cha\u00eene moyenne).<\/span><\/p>\n<p><span>Alors que l\u2019huile de graines de chanvre \u00e9tait auparavant consid\u00e9r\u00e9e comme un support id\u00e9al en raison de sa pr\u00e9sence dans la m\u00eame plante, des \u00e9tudes r\u00e9centes ont montr\u00e9 que l\u2019huile MCT surpasse l\u2019huile de graines de chanvre.\u00a0L\u2019huile MCT poss\u00e8de une teneur en graisses satur\u00e9es plus \u00e9lev\u00e9e que l\u2019huile de graines de chanvre, ce qui lui permet de transporter plus de mol\u00e9cules de CBD.\u00a0Il en r\u00e9sulte une absorption plus rapide et des b\u00e9n\u00e9fices maximaux, perceptibles d\u00e8s la premi\u00e8re goutte.<\/span><\/p>\n<p><span>Des mati\u00e8res premi\u00e8res les plus pures aux m\u00e9thodes de r\u00e9colte et d\u2019extraction de pointe, l\u2019huile de CBD LiveGood est la quintessence de l\u2019huile de CBD de la plus haute qualit\u00e9 disponible.<\/span><\/p>\n<p><span>Sans cruaut\u00e9<\/span><\/p>\n<p><span>Sans gluten<\/span><\/p>\n<p><span>Certifi\u00e9 BPF<\/span><\/p>\n<p><span>Compatible c\u00e9to<\/span><\/p>\n<p><span>Sans OGM<\/span><\/p>\n<p><span>Sans noix<\/span><\/p>\n<p><span>Sans soja<\/span><\/p>\n<p><span>Test\u00e9 par un tiers<\/span><\/p>\n<p><strong><span>COMMENT UTILISER\u00a0:<\/span><br \/>\n<\/strong><strong><span>Prendre 1 compte-gouttes par voie orale si n\u00e9cessaire.<\/span><\/strong><\/p>\n<p><span>Dosage : Il est conseill\u00e9 d\u2019\u00e9tablir votre dose de CBD en commen\u00e7ant par une faible quantit\u00e9 et en l\u2019augmentant progressivement.\u00a0Nous recommandons la dose efficace la plus faible, utilisez donc le compte-gouttes CBD pour mesurer la quantit\u00e9 et ajustez-la si n\u00e9cessaire.<\/span><\/p>\n<p><strong><span>Mieux vaut prendre quotidiennement.<\/span><\/strong><\/p>\n<p><strong><span>Conseil de pro\u00a0:<\/span><\/strong><span>\u00a0am\u00e9liorez l&#8217;absorption en permettant \u00e0 l&#8217;huile de reposer tranquillement sous la langue ou entre votre joue et votre gencive.\u00a0M\u00eame s&#8217;il est naturel d&#8217;avaler, suivez votre instinct pour savoir ce qui vous convient.<\/span><\/p>\n","protected":false},"excerpt":{"rendered":"<p><img decoding=\"async\" class=\"emoji\" role=\"img\" draggable=\"false\" src=\"https:\/\/s.w.org\/images\/core\/emoji\/14.0.0\/svg\/1f49a.svg\" alt=\"LiveGooD Heart\" \/> La plus haute qualit\u00e9<br \/>\n<img decoding=\"async\" class=\"emoji\" role=\"img\" draggable=\"false\" src=\"https:\/\/s.w.org\/images\/core\/emoji\/14.0.0\/svg\/1f49a.svg\" alt=\"LiveGooD Heart\" \/> Absorption plus rapide<br \/>\n<img decoding=\"async\" class=\"emoji\" role=\"img\" draggable=\"false\" src=\"https:\/\/s.w.org\/images\/core\/emoji\/14.0.0\/svg\/1f49a.svg\" alt=\"LiveGooD Heart\" \/> B\u00e9n\u00e9fice maximal<\/p>\n<p><span style=\"color: #339966;\"><strong>Choisissez 750\u00a0mg ou 1\u00a0500\u00a0mg en saveur naturelle ou menthe poivr\u00e9e<\/strong><\/span><\/p>\n","protected":false},"featured_media":296,"comment_status":"open","ping_status":"closed","template":"","meta":[],"product_brand":[],"product_cat":[150],"product_tag":[3745,3748],"class_list":{"0":"post-900","1":"product","2":"type-product","3":"status-publish","4":"has-post-thumbnail","6":"product_cat-cbd-fr-fr","7":"product_tag-green-roads-cbd-oil-fr-fr","8":"product_tag-hempworx-cbd-oil-fr-fr","10":"first","11":"instock","12":"sale","13":"shipping-taxable","14":"product-type-external"},"yoast_head":"<!-- This site is optimized with the Yoast SEO Premium plugin v20.6 (Yoast SEO v21.8.1) - https:\/\/yoast.com\/wordpress\/plugins\/seo\/ -->\n<title>Huile de CBD LiveGooD - LiveGooD Shop<\/title>\n<meta name=\"robots\" content=\"index, follow, max-snippet:-1, max-image-preview:large, max-video-preview:-1\" \/>\n<link rel=\"canonical\" href=\"https:\/\/livegood.network\/shop\/fr-fr\/product\/cbd-oil-livegood-fr-fr\/\" \/>\n<meta property=\"og:locale\" content=\"en_US\" \/>\n<meta property=\"og:type\" content=\"article\" \/>\n<meta property=\"og:title\" content=\"Huile de CBD LiveGooD\" \/>\n<meta property=\"og:description\" content=\"La plus haute qualit\u00e9  Absorption plus rapide  B\u00e9n\u00e9fice maximal  Choisissez 750\u00a0mg ou 1\u00a0500\u00a0mg en saveur naturelle ou menthe poivr\u00e9e\" \/>\n<meta property=\"og:url\" content=\"https:\/\/livegood.network\/shop\/fr-fr\/product\/cbd-oil-livegood-fr-fr\/\" \/>\n<meta property=\"article:publisher\" content=\"https:\/\/www.facebook.com\/livegoodhello\" \/>\n<meta property=\"article:modified_time\" content=\"2024-10-21T17:49:13+00:00\" \/>\n<meta property=\"og:image\" content=\"https:\/\/livegood.network\/shop\/wp-content\/uploads\/2024\/01\/full-spectrum-cbd-oil-peppermint-natural-flavor-dietary-supplement-livegood.png\" \/>\n\t<meta property=\"og:image:width\" content=\"1000\" \/>\n\t<meta property=\"og:image:height\" content=\"1000\" \/>\n\t<meta property=\"og:image:type\" content=\"image\/png\" \/>\n<meta name=\"twitter:card\" content=\"summary_large_image\" \/>\n<meta name=\"twitter:label1\" content=\"Est. reading time\" \/>\n\t<meta name=\"twitter:data1\" content=\"2 minutes\" \/>\n<script type=\"application\/ld+json\" class=\"yoast-schema-graph\">{\"@context\":\"https:\/\/schema.org\",\"@graph\":[{\"@type\":\"WebPage\",\"@id\":\"https:\/\/livegood.network\/shop\/fr-fr\/product\/cbd-oil-livegood-fr-fr\/\",\"url\":\"https:\/\/livegood.network\/shop\/fr-fr\/product\/cbd-oil-livegood-fr-fr\/\",\"name\":\"Huile de CBD LiveGooD - LiveGooD Shop\",\"isPartOf\":{\"@id\":\"https:\/\/livegood.network\/shop\/#website\"},\"datePublished\":\"2024-01-24T20:35:54+00:00\",\"dateModified\":\"2024-10-21T17:49:13+00:00\",\"breadcrumb\":{\"@id\":\"https:\/\/livegood.network\/shop\/fr-fr\/product\/cbd-oil-livegood-fr-fr\/#breadcrumb\"},\"inLanguage\":\"en-US\",\"potentialAction\":[{\"@type\":\"ReadAction\",\"target\":[\"https:\/\/livegood.network\/shop\/fr-fr\/product\/cbd-oil-livegood-fr-fr\/\"]}]},{\"@type\":\"BreadcrumbList\",\"@id\":\"https:\/\/livegood.network\/shop\/fr-fr\/product\/cbd-oil-livegood-fr-fr\/#breadcrumb\",\"itemListElement\":[{\"@type\":\"ListItem\",\"position\":1,\"name\":\"Home\",\"item\":\"https:\/\/livegood.network\/shop\/pt-br\/\"},{\"@type\":\"ListItem\",\"position\":2,\"name\":\"Shop\",\"item\":\"https:\/\/livegood.network\/shop\/shop\/\"},{\"@type\":\"ListItem\",\"position\":3,\"name\":\"Huile de CBD LiveGooD\"}]},{\"@type\":\"WebSite\",\"@id\":\"https:\/\/livegood.network\/shop\/#website\",\"url\":\"https:\/\/livegood.network\/shop\/\",\"name\":\"LiveGooD Shop\",\"description\":\"\",\"publisher\":{\"@id\":\"https:\/\/livegood.network\/shop\/#organization\"},\"potentialAction\":[{\"@type\":\"SearchAction\",\"target\":{\"@type\":\"EntryPoint\",\"urlTemplate\":\"https:\/\/livegood.network\/shop\/?s={search_term_string}\"},\"query-input\":\"required name=search_term_string\"}],\"inLanguage\":\"en-US\"},{\"@type\":\"Organization\",\"@id\":\"https:\/\/livegood.network\/shop\/#organization\",\"name\":\"LiveGooD\",\"url\":\"https:\/\/livegood.network\/shop\/\",\"logo\":{\"@type\":\"ImageObject\",\"inLanguage\":\"en-US\",\"@id\":\"https:\/\/livegood.network\/shop\/#\/schema\/logo\/image\/\",\"url\":\"https:\/\/livegood.network\/shop\/wp-content\/uploads\/2024\/01\/logo-livegood-shop-main.png\",\"contentUrl\":\"https:\/\/livegood.network\/shop\/wp-content\/uploads\/2024\/01\/logo-livegood-shop-main.png\",\"width\":373,\"height\":115,\"caption\":\"LiveGooD\"},\"image\":{\"@id\":\"https:\/\/livegood.network\/shop\/#\/schema\/logo\/image\/\"},\"sameAs\":[\"https:\/\/www.facebook.com\/livegoodhello\"]}]}<\/script>\n<!-- \/ Yoast SEO Premium plugin. -->","yoast_head_json":{"title":"Huile de CBD LiveGooD - LiveGooD Shop","robots":{"index":"index","follow":"follow","max-snippet":"max-snippet:-1","max-image-preview":"max-image-preview:large","max-video-preview":"max-video-preview:-1"},"canonical":"https:\/\/livegood.network\/shop\/fr-fr\/product\/cbd-oil-livegood-fr-fr\/","og_locale":"en_US","og_type":"article","og_title":"Huile de CBD LiveGooD","og_description":"La plus haute qualit\u00e9  Absorption plus rapide  B\u00e9n\u00e9fice maximal  Choisissez 750\u00a0mg ou 1\u00a0500\u00a0mg en saveur naturelle ou menthe poivr\u00e9e","og_url":"https:\/\/livegood.network\/shop\/fr-fr\/product\/cbd-oil-livegood-fr-fr\/","article_publisher":"https:\/\/www.facebook.com\/livegoodhello","article_modified_time":"2024-10-21T17:49:13+00:00","og_image":[{"width":1000,"height":1000,"url":"https:\/\/livegood.network\/shop\/wp-content\/uploads\/2024\/01\/full-spectrum-cbd-oil-peppermint-natural-flavor-dietary-supplement-livegood.png","type":"image\/png"}],"twitter_card":"summary_large_image","twitter_misc":{"Est. reading time":"2 minutes"},"schema":{"@context":"https:\/\/schema.org","@graph":[{"@type":"WebPage","@id":"https:\/\/livegood.network\/shop\/fr-fr\/product\/cbd-oil-livegood-fr-fr\/","url":"https:\/\/livegood.network\/shop\/fr-fr\/product\/cbd-oil-livegood-fr-fr\/","name":"Huile de CBD LiveGooD - LiveGooD Shop","isPartOf":{"@id":"https:\/\/livegood.network\/shop\/#website"},"datePublished":"2024-01-24T20:35:54+00:00","dateModified":"2024-10-21T17:49:13+00:00","breadcrumb":{"@id":"https:\/\/livegood.network\/shop\/fr-fr\/product\/cbd-oil-livegood-fr-fr\/#breadcrumb"},"inLanguage":"en-US","potentialAction":[{"@type":"ReadAction","target":["https:\/\/livegood.network\/shop\/fr-fr\/product\/cbd-oil-livegood-fr-fr\/"]}]},{"@type":"BreadcrumbList","@id":"https:\/\/livegood.network\/shop\/fr-fr\/product\/cbd-oil-livegood-fr-fr\/#breadcrumb","itemListElement":[{"@type":"ListItem","position":1,"name":"Home","item":"https:\/\/livegood.network\/shop\/pt-br\/"},{"@type":"ListItem","position":2,"name":"Shop","item":"https:\/\/livegood.network\/shop\/shop\/"},{"@type":"ListItem","position":3,"name":"Huile de CBD LiveGooD"}]},{"@type":"WebSite","@id":"https:\/\/livegood.network\/shop\/#website","url":"https:\/\/livegood.network\/shop\/","name":"LiveGooD Shop","description":"","publisher":{"@id":"https:\/\/livegood.network\/shop\/#organization"},"potentialAction":[{"@type":"SearchAction","target":{"@type":"EntryPoint","urlTemplate":"https:\/\/livegood.network\/shop\/?s={search_term_string}"},"query-input":"required name=search_term_string"}],"inLanguage":"en-US"},{"@type":"Organization","@id":"https:\/\/livegood.network\/shop\/#organization","name":"LiveGooD","url":"https:\/\/livegood.network\/shop\/","logo":{"@type":"ImageObject","inLanguage":"en-US","@id":"https:\/\/livegood.network\/shop\/#\/schema\/logo\/image\/","url":"https:\/\/livegood.network\/shop\/wp-content\/uploads\/2024\/01\/logo-livegood-shop-main.png","contentUrl":"https:\/\/livegood.network\/shop\/wp-content\/uploads\/2024\/01\/logo-livegood-shop-main.png","width":373,"height":115,"caption":"LiveGooD"},"image":{"@id":"https:\/\/livegood.network\/shop\/#\/schema\/logo\/image\/"},"sameAs":["https:\/\/www.facebook.com\/livegoodhello"]}]}},"lang":"fr-fr","translations":{"fr-fr":900,"pt-br":912,"pt-pt":902,"en-us":297,"es-es":901,"vi":903,"ru-ru":908,"ko":909},"pll_sync_post":[],"_links":{"self":[{"href":"https:\/\/livegood.network\/shop\/wp-json\/wp\/v2\/product\/900","targetHints":{"allow":["GET"]}}],"collection":[{"href":"https:\/\/livegood.network\/shop\/wp-json\/wp\/v2\/product"}],"about":[{"href":"https:\/\/livegood.network\/shop\/wp-json\/wp\/v2\/types\/product"}],"replies":[{"embeddable":true,"href":"https:\/\/livegood.network\/shop\/wp-json\/wp\/v2\/comments?post=900"}],"version-history":[{"count":1,"href":"https:\/\/livegood.network\/shop\/wp-json\/wp\/v2\/product\/900\/revisions"}],"predecessor-version":[{"id":1512,"href":"https:\/\/livegood.network\/shop\/wp-json\/wp\/v2\/product\/900\/revisions\/1512"}],"wp:featuredmedia":[{"embeddable":true,"href":"https:\/\/livegood.network\/shop\/wp-json\/wp\/v2\/media\/296"}],"wp:attachment":[{"href":"https:\/\/livegood.network\/shop\/wp-json\/wp\/v2\/media?parent=900"}],"wp:term":[{"taxonomy":"product_brand","embeddable":true,"href":"https:\/\/livegood.network\/shop\/wp-json\/wp\/v2\/product_brand?post=900"},{"taxonomy":"product_cat","embeddable":true,"href":"https:\/\/livegood.network\/shop\/wp-json\/wp\/v2\/product_cat?post=900"},{"taxonomy":"product_tag","embeddable":true,"href":"https:\/\/livegood.network\/shop\/wp-json\/wp\/v2\/product_tag?post=900"}],"curies":[{"name":"wp","href":"https:\/\/api.w.org\/{rel}","templated":true}]}}